000
CXUS53 KARX 010900
CF6PDC
PRELIMINARY LOCAL CLIMATOLOGICAL DATA (WS FORM: F-6)
STATION: PRAIRIE_DU_CHIEN_MUN
MONTH: MAY
YEAR: 2021
LATITUDE: 43 1 N
LONGITUDE: 91 7 W
TEMPERATURE IN F: :PCPN: SNOW: WIND :SUNSHINE: SKY :PK WND
================================================================================
1 2 3 4 5 6A 6B 7 8 9 10 11 12 13 14 15 16 17 18
12Z AVG MX 2MIN
DY MAX MIN AVG DEP HDD CDD WTR SNW DPTH SPD SPD DIR MIN PSBL S-S WX SPD DR
================================================================================
1 92 49 71 M 0 6 0.00 0.0 0 11.4 24 240 M M 1 35 240
2 86 62 74 M 0 9 0.55 0.0 0 7.8 15 200 M M 3 3 20 200
3 70 54 62 M 3 0 0.43 0.0 0 6.4 17 330 M M 8 20 330
4 61 43 52 M 13 0 0.00 0.0 0 8.4 15 350 M M 3 22 340
5 63 38 51 M 14 0 M 0.0 0 2.9 8 350 M M 3 M M
6 60 40 50 M 15 0 M 0.0 0 7.3 20 290 M M 4 24 290
7 57 38 48 M 17 0 0.00 0.0 0 6.2 15 330 M M 3 22 340
8 55 33 44 M 21 0 0.00 0.0 0 5.6 12 110 M M 5 1 18 100
9 64 42 53 M 12 0 0.00 0.0 0 3.9 14 10 M M 5 18 20
10 57 40 49 M 16 0 0.00 0.0 0 5.0 10 40 M M 6 M M
11 60 32 46 M 19 0 0.00 0.0 0 3.1 9 330 M M 0 18 10
12 66 34 50 M 15 0 0.00 0.0 0 2.1 7 180 M M 0 M M
13 68 37 53 M 12 0 0.00 0.0 0 2.5 8 250 M M 1 M M
14 70 39 55 M 10 0 M 0.0 0 4.9 12 200 M M 4 21 200
15 61 52 57 M 8 0 0.02 0.0 0 5.1 10 140 M M 9 M M
16 70 54 62 M 3 0 M 0.0 M 4.0 9 130 M M 5 M M
17 74 50 62 M 3 0 0.00 0.0 0 6.2 16 120 M M 2 1 24 90
18 66 57 62 M 3 0 0.26 0.0 M 8.7 14 100 M M 8 1 20 110
19 76 63 70 M 0 5 0.13 0.0 M 5.4 9 170 M M 8 1 23 170
20 76 66 71 M 0 6 0.02 0.0 M 7.3 15 150 M M 9 22 150
21 76 68 72 M 0 7 M 0.0 M 6.0 10 170 M M 7 21 140
22 80 64 72 M 0 7 0.00 0.0 0 4.7 12 200 M M 7 18 200
23 81 68 75 M 0 10 0.08 0.0 0 4.6 7 190 M M 8 8 M M
24 83 66 75 M 0 10 0.00 0.0 0 6.7 15 180 M M 4 22 180
25 81 66 74 M 0 9 T 0.0 0 8.9 15 220 M M 6 22 220
26 75 57 66 M 0 1 0.00 0.0 0 5.6 15 290 M M 1 22 310
27 59 42 51 M 14 0 0.53 M M 9.9 18 90 M M 7 8 26 90
28 53 37 45 M 20 0 0.28 M M 5.3 10 30 M M 8 20 40
29 64 33 49 M 16 0 0.00 0.0 0 3.5 9 60 M M 0 1 16 100
30 64 39 52 M 13 0 0.00 0.0 0 3.2 8 190 M M 1 M M
31 74 52 63 M 2 0 M M M 3.5 8 200 M M 3 M M
================================================================================
SM 2142 1515 249 70 2.30 0.0 176.1 M 139
================================================================================
AV 69.1 48.9 5.7 FASTST M M 4 MAX(MPH)
MISC ----> 24 240 35 240
================================================================================
NOTES:
# LAST OF SEVERAL OCCURRENCES
COLUMN 17 PEAK WIND IN M.P.H.
PRELIMINARY LOCAL CLIMATOLOGICAL DATA (WS FORM: F-6) , PAGE 2
STATION: PRAIRIE_DU_CHIEN_MUN
MONTH: MAY
YEAR: 2021
LATITUDE: 43 1 N
LONGITUDE: 91 7 W
[TEMPERATURE DATA] [PRECIPITATION DATA] SYMBOLS USED IN COLUMN 16
AVERAGE MONTHLY: 59.0 TOTAL FOR MONTH: 2.30 1 = FOG OR MIST
DPTR FM NORMAL: 0.0 DPTR FM NORMAL: M 2 = FOG REDUCING VISIBILITY
HIGHEST: 92 ON 1 GRTST 24HR 0.55 ON 2- 2 TO 1/4 MILE OR LESS
LOWEST: 32 ON 11 3 = THUNDER
SNOW, ICE PELLETS, HAIL 4 = ICE PELLETS
TOTAL MONTH: 0.0 INCH 5 = HAIL
GRTST 24HR 0.0 6 = FREEZING RAIN OR DRIZZLE
GRTST DEPTH: 0 7 = DUSTSTORM OR SANDSTORM:
VSBY 1/2 MILE OR LESS
8 = SMOKE OR HAZE
[NO. OF DAYS WITH] [WEATHER - DAYS WITH] 9 = BLOWING SNOW
X = TORNADO
MAX 32 OR BELOW: 0 0.01 INCH OR MORE: 9
MAX 90 OR ABOVE: 1 0.10 INCH OR MORE: 6
MIN 32 OR BELOW: 1 0.50 INCH OR MORE: 2
MIN 0 OR BELOW: 0 1.00 INCH OR MORE: 0
[HDD (BASE 65) ]
TOTAL THIS MO. 249 CLEAR (SCALE 0-3) 11
DPTR FM NORMAL M PTCLDY (SCALE 4-7) 16
TOTAL FM JUL 1 6600 CLOUDY (SCALE 8-10) 4
DPTR FM NORMAL M
[CDD (BASE 65) ]
TOTAL THIS MO. 70
DPTR FM NORMAL M [PRESSURE DATA]
TOTAL FM JAN 1 80 HIGHEST SLP M ON M
DPTR FM NORMAL M LOWEST SLP M ON M
[REMARKS]
#FINAL-05-21#