000
CXUS54 KEWX 011010
CF6PEZ
PRELIMINARY LOCAL CLIMATOLOGICAL DATA (WS FORM: F-6)
STATION: PLEASANTON MUNICIPAL AIRPORT
MONTH: SEPTEMBER
YEAR: 2023
LATITUDE: 28 57 N
LONGITUDE: 98 31 W
TEMPERATURE IN F: :PCPN: SNOW: WIND :SUNSHINE: SKY :PK WND
================================================================================
1 2 3 4 5 6A 6B 7 8 9 10 11 12 13 14 15 16 17 18
12Z AVG MX 2MIN
DY MAX MIN AVG DEP HDD CDD WTR SNW DPTH SPD SPD DIR MIN PSBL S-S WX SPD DR
================================================================================
1 101 71 86 M 0 21 0.00 M M 2.9 9 90 M M 1 29 90
2 102 68 85 M 0 20 0.00 M M 2.8 9 150 M M 0 18 120
3 101 72 87 M 0 22 0.00 M M 4.1 14 140 M M 0 21 140
4 104 77 91 M 0 26 0.00 M M 7.9 16 150 M M 3 24 150
5 104 79 92 M 0 27 0.00 M M 9.0 16 140 M M 1 24 160
6 103 79 91 M 0 26 0.00 M M 4.6 13 160 M M 4 18 160
7 105 77 91 M 0 26 0.00 M M 3.8 10 160 M M 2 16 160
8 106 73 90 M 0 25 0.00 M M 3.1 9 160 M M 0 16 190
9 103 74 89 M 0 24 0.00 M M 4.5 15 360 M M 1 25 360
10 103 73 88 M 0 23 0.00 M M 2.2 8 100 M M 0 M M
11 100 77 89 M 0 24 0.00 M M 5.2 10 150 M M 1 17 150
12 98 73 86 M 0 21 0.00 M M 3.6 9 190 M M 1 M M
13 97 75 86 M 0 21 0.00 M M 4.8 9 60 M M 3 M M
14 102 80 91 M 0 26 0.00 M M 6.0 15 60 M M 3 22 60
15 101 76 89 M 0 24 0.00 M M 5.7 14 70 M M 4 20 70
16 99 73 86 M 0 21 0.00 M M 4.1 13 50 M M 1 25 300
17 85 70 78 M 0 13 0.00 M M 2.4 7 40 M M 0 M M
18 100 71 86 M 0 21 0.00 M M 3.7 10 150 M M 1 23 130
19 100 71 86 M 0 21 0.00 M M 4.9 13 140 M M 1 17 150
20 100 68 84 M 0 19 0.00 M M 4.9 15 150 M M 0 8 22 150
21 102 75 89 M 0 24 0.00 M M 4.7 13 130 M M 2 18 150
22 101 74 88 M 0 23 0.00 M M 5.7 13 150 M M 2 20 150
23 102 79 91 M 0 26 0.00 M M 8.5 16 140 M M 1 23 140
24 104 78 91 M 0 26 0.00 M M 8.6 16 140 M M 0 25 150
25 102 76 89 M 0 24 0.00 M M 3.9 8 130 M M 2 M M
26 95 72 84 M 0 19 0.00 M M 2.9 6 30 M M 0 M M
27 98 72 85 M 0 20 0.00 M M 2.2 8 110 M M 1 1 17 80
28 98 73 86 M 0 21 0.00 M M 3.7 12 130 M M 2 18 130
29 M 69 M M M M 0.00 M M 1.7 8 130 M M 0 1 M M
30 98 74 86 M 0 21 0.00 M M 5.5 13 190 M M 4 20 140
================================================================================
SM 2914 2219 0 655 0.00 M 137.5 M 41
================================================================================
AV100.5 74.0 4.6 FASTST M M 1 MAX(MPH)
MISC ----> 16 150 29 90
================================================================================
NOTES:
# LAST OF SEVERAL OCCURRENCES
COLUMN 17 PEAK WIND IN M.P.H.
PRELIMINARY LOCAL CLIMATOLOGICAL DATA (WS FORM: F-6) , PAGE 2
STATION: PLEASANTON MUNICIPAL AIRPORT
MONTH: SEPTEMBER
YEAR: 2023
LATITUDE: 28 57 N
LONGITUDE: 98 31 W
[TEMPERATURE DATA] [PRECIPITATION DATA] SYMBOLS USED IN COLUMN 16
AVERAGE MONTHLY: 87.2 TOTAL FOR MONTH: 0.00 1 = FOG OR MIST
DPTR FM NORMAL: 0.0 DPTR FM NORMAL: M 2 = FOG REDUCING VISIBILITY
HIGHEST: 106 ON 8 GRTST 24HR 0.00 ON 1- 1 TO 1/4 MILE OR LESS
LOWEST: 68 ON 20, 2 3 = THUNDER
SNOW, ICE PELLETS, HAIL 4 = ICE PELLETS
TOTAL MONTH: M 5 = HAIL
GRTST 24HR M ON M 6 = FREEZING RAIN OR DRIZZLE
GRTST DEPTH: M ON M 7 = DUSTSTORM OR SANDSTORM:
VSBY 1/2 MILE OR LESS
8 = SMOKE OR HAZE
[NO. OF DAYS WITH] [WEATHER - DAYS WITH] 9 = BLOWING SNOW
X = TORNADO
MAX 32 OR BELOW: 0 0.01 INCH OR MORE: 0
MAX 90 OR ABOVE: 28 0.10 INCH OR MORE: 0
MIN 32 OR BELOW: 0 0.50 INCH OR MORE: 0
MIN 0 OR BELOW: 0 1.00 INCH OR MORE: 0
[HDD (BASE 65) ]
TOTAL THIS MO. 0 CLEAR (SCALE 0-3) 26
DPTR FM NORMAL M PTCLDY (SCALE 4-7) 4
TOTAL FM JUL 1 0 CLOUDY (SCALE 8-10) 0
DPTR FM NORMAL M
[CDD (BASE 65) ]
TOTAL THIS MO. 655
DPTR FM NORMAL M [PRESSURE DATA]
TOTAL FM JAN 1 3659 HIGHEST SLP M ON M
DPTR FM NORMAL M LOWEST SLP M ON M
[REMARKS]
#FINAL-09-23#