000
CXUS56 KFGZ 010910
CF6PGA
PRELIMINARY LOCAL CLIMATOLOGICAL DATA (WS FORM: F-6)
STATION: PAGE AZ AIRPORT
MONTH: JUNE
YEAR: 2021
LATITUDE: 36 55 N
LONGITUDE: 111 27 W
TEMPERATURE IN F: :PCPN: SNOW: WIND :SUNSHINE: SKY :PK WND
================================================================================
1 2 3 4 5 6A 6B 7 8 9 10 11 12 13 14 15 16 17 18
12Z AVG MX 2MIN
DY MAX MIN AVG DEP HDD CDD WTR SNW DPTH SPD SPD DIR MIN PSBL S-S WX SPD DR
================================================================================
1 93 65 79 4 0 14 0.00 M M 4.5 16 30 M M 0 19 30
2 97 65 81 6 0 16 0.00 M M 5.0 15 300 M M 0 23 310
3 100 71 86 10 0 21 0.00 M M 3.9 14 60 M M 0 20 70
4 103 75 89 13 0 24 0.00 M M 6.0 16 310 M M 0 25 290
5 102 73 88 12 0 23 0.00 0.0 0 5.8 18 270 M M 0 29 290
6 100 76 88 11 0 23 0.00 M M 6.8 18 190 M M 0 35 190
7 94 65 80 3 0 15 0.00 M M 5.2 13 200 M M 0 19 190
8 92 69 81 3 0 16 0.00 M M 8.2 15 210 M M 0 23 180
9 93 62 78 0 0 13 0.00 M M 5.3 13 20 M M 0 18 20
10 94 71 83 5 0 18 0.00 M M 10.3 22 130 M M 0 30 220
11 93 60 77 -2 0 12 0.00 M M 4.9 13 30 M M 0 17 40
12 101 63 82 3 0 17 0.00 M M 5.6 14 30 M M 0 18 30
13 105 68 87 8 0 22 0.00 M M 5.0 20 190 M M 0 29 180
14 106 69 88 8 0 23 0.00 M M 5.4 13 20 M M 0 16 310
15 108 75 92 12 0 27 0.00 M M 5.1 16 30 M M 0 21 40
16 110 77 94 14 0 29 0.00 M M 4.2 13 30 M M 0 8 17 350
17 109 80 95 14 0 30 0.00 M M 5.5 21 310 M M 0 8 32 320
18 107 84 96 15 0 31 0.00 M M 5.5 20 310 M M 0 28 340
19 104 82 93 12 0 28 T M M 4.6 22 360 M M 0 28 340
20 108 77 93 11 0 28 0.00 M M 7.1 17 280 M M 0 30 300
21 105 80 93 11 0 28 0.00 M M 6.3 15 270 M M 0 25 270
22 100 74 87 5 0 22 0.00 M M 7.6 20 280 M M 0 34 280
23 91 75 83 1 0 18 T M M 7.1 22 180 M M 4 8 31 180
24 94 69 82 -1 0 17 0.00 M M 5.8 15 300 M M 1 25 300
25 92 74 83 0 0 18 T M M 5.6 23 10 M M 2 28 360
26 94 69 82 -1 0 17 0.00 M M 4.6 14 70 M M 0 19 30
27 95 77 86 3 0 21 0.00 M M 11.2 24 40 M M 0 29 40
28 92 75 84 0 0 19 0.00 M M 7.8 20 50 M M 0 25 40
29 92 68 80 -4 0 15 0.01 M M 9.5 29 150 M M 2 35 150
30 90 63 77 -7 0 12 0.00 M M 4.9 14 10 M M 1 17 10
================================================================================
SM 2964 2151 0 617 0.01 0.0 184.3 M 10
================================================================================
AV 98.8 71.7 6.1 FASTST M M 0 MAX(MPH)
MISC ----> 29 150 # 35 190
================================================================================
NOTES:
# LAST OF SEVERAL OCCURRENCES
COLUMN 17 PEAK WIND IN M.P.H.
PRELIMINARY LOCAL CLIMATOLOGICAL DATA (WS FORM: F-6) , PAGE 2
STATION: PAGE AZ AIRPORT
MONTH: JUNE
YEAR: 2021
LATITUDE: 36 55 N
LONGITUDE: 111 27 W
[TEMPERATURE DATA] [PRECIPITATION DATA] SYMBOLS USED IN COLUMN 16
AVERAGE MONTHLY: 85.3 TOTAL FOR MONTH: 0.01 1 = FOG OR MIST
DPTR FM NORMAL: 5.3 DPTR FM NORMAL: -0.11 2 = FOG REDUCING VISIBILITY
HIGHEST: 110 ON 16 GRTST 24HR 0.01 ON 29-29 TO 1/4 MILE OR LESS
LOWEST: 60 ON 11 3 = THUNDER
SNOW, ICE PELLETS, HAIL 4 = ICE PELLETS
TOTAL MONTH: 0.0 INCH 5 = HAIL
GRTST 24HR 0.0 6 = FREEZING RAIN OR DRIZZLE
GRTST DEPTH: 0 7 = DUSTSTORM OR SANDSTORM:
VSBY 1/2 MILE OR LESS
8 = SMOKE OR HAZE
[NO. OF DAYS WITH] [WEATHER - DAYS WITH] 9 = BLOWING SNOW
X = TORNADO
MAX 32 OR BELOW: 0 0.01 INCH OR MORE: 1
MAX 90 OR ABOVE: 30 0.10 INCH OR MORE: 0
MIN 32 OR BELOW: 0 0.50 INCH OR MORE: 0
MIN 0 OR BELOW: 0 1.00 INCH OR MORE: 0
[HDD (BASE 65) ]
TOTAL THIS MO. 0 CLEAR (SCALE 0-3) 29
DPTR FM NORMAL -2 PTCLDY (SCALE 4-7) 1
TOTAL FM JUL 1 3464 CLOUDY (SCALE 8-10) 0
DPTR FM NORMAL -189
[CDD (BASE 65) ]
TOTAL THIS MO. 617
DPTR FM NORMAL 167 [PRESSURE DATA]
TOTAL FM JAN 1 872 HIGHEST SLP M ON M
DPTR FM NORMAL 214 LOWEST SLP 29.52 ON 6
[REMARKS]
#FINAL-06-21#