000
CXUS52 KTBW 011332
CF6PGD
PRELIMINARY LOCAL CLIMATOLOGICAL DATA (WS FORM: F-6)
STATION: PUNTA GORDA
MONTH: NOVEMBER
YEAR: 2021
LATITUDE: 26 55 N
LONGITUDE: 82 0 W
TEMPERATURE IN F: :PCPN: SNOW: WIND :SUNSHINE: SKY :PK WND
================================================================================
1 2 3 4 5 6A 6B 7 8 9 10 11 12 13 14 15 16 17 18
12Z AVG MX 2MIN
DY MAX MIN AVG DEP HDD CDD WTR SNW DPTH SPD SPD DIR MIN PSBL S-S WX SPD DR
================================================================================
1 78 56 67 -6 0 2 0.00 0.0 0 5.5 12 20 M M 1 17 20
2 84 61 73 0 0 8 0.00 0.0 0 4.7 13 110 M M 5 16 60
3 86 66 76 3 0 11 0.00 0.0 0 8.1 15 50 M M 2 20 50
4 80 66 73 1 0 8 0.06 0.0 0 9.5 20 70 M M 3 13 24 60
5 76 67 72 0 0 7 2.74 0.0 0 11.0 23 360 M M 9 13 27 350
6 72 58 65 -7 0 0 T 0.0 0 13.2 24 350 M M 8 1 31 340
7 74 54 64 -8 1 0 0.00 0.0 0 10.9 20 330 M M 0 26 290
8 76 56 66 -5 0 1 0.00 0.0 0 8.7 16 30 M M 0 22 40
9 81 56 69 -2 0 4 0.00 0.0 0 9.5 20 60 M M 4 26 60
10 83 59 71 0 0 6 0.00 0.0 0 5.2 13 70 M M 2 1 17 110
11 84 63 74 3 0 9 T 0.0 0 5.4 17 130 M M 7 12 20 140
12 79 70 75 4 0 10 0.77 0.0 0 3.2 14 10 M M 5 13 16 10
13 81 65 73 3 0 8 0.03 0.0 0 5.4 17 320 M M 4 12 24 270
14 72 56 64 -6 1 0 0.00 0.0 0 6.1 15 310 M M 1 18 310
15 76 50 63 -7 2 0 0.00 0.0 0 6.0 17 50 M M 0 21 50
16 81 51 66 -4 0 1 0.00 0.0 0 8.4 16 70 M M 0 20 90
17 82 56 69 -1 0 4 0.00 0.0 0 7.8 17 80 M M 0 24 110
18 76 67 72 2 0 7 0.07 0.0 0 6.0 14 30 M M 5 1 18 30
19 85 69 77 7 0 12 0.00 0.0 0 11.1 21 60 M M 5 26 40
20 81 68 75 6 0 10 0.03 0.0 0 11.4 23 80 M M 7 1 29 80
21 82 70 76 7 0 11 T 0.0 0 10.1 18 70 M M 9 1 23 60
22 80 66 73 4 0 8 T 0.0 0 7.5 21 350 M M 5 18 27 340
23 70 51 61 -8 4 0 0.00 0.0 0 11.7 20 40 M M 0 24 50
24 76 49 63 -6 2 0 0.00 0.0 0 10.4 22 70 M M 1 26 100
25 81 54 68 -1 0 3 0.00 0.0 0 6.8 16 70 M M 2 20 90
26 79 55 67 -2 0 2 0.00 0.0 0 4.7 15 280 M M 2 1 19 280
27 74 52 63 -5 2 0 0.00 0.0 0 6.0 12 10 M M 0 16 350
28 75 47 61 -7 4 0 0.00 0.0 0 4.3 9 360 M M 2 13 340
29 75 52 64 -4 1 0 0.03 0.0 0 6.9 22 10 M M 4 26 360
30 75 48 62 -6 3 0 0.00 0.0 0 5.7 12 60 M M 0 8 16 90
================================================================================
SM 2354 1758 20 132 3.73 0.0 231.2 M 93
================================================================================
AV 78.5 58.6 7.7 FASTST M M 3 MAX(MPH)
MISC ----> 24 350 31 340
================================================================================
NOTES:
# LAST OF SEVERAL OCCURRENCES
COLUMN 17 PEAK WIND IN M.P.H.
PRELIMINARY LOCAL CLIMATOLOGICAL DATA (WS FORM: F-6) , PAGE 2
STATION: PUNTA GORDA
MONTH: NOVEMBER
YEAR: 2021
LATITUDE: 26 55 N
LONGITUDE: 82 0 W
[TEMPERATURE DATA] [PRECIPITATION DATA] SYMBOLS USED IN COLUMN 16
AVERAGE MONTHLY: 68.5 TOTAL FOR MONTH: 3.73 1 = FOG OR MIST
DPTR FM NORMAL: -1.7 DPTR FM NORMAL: 1.61 2 = FOG REDUCING VISIBILITY
HIGHEST: 86 ON 3 GRTST 24HR 2.80 ON 4- 5 TO 1/4 MILE OR LESS
LOWEST: 47 ON 28 3 = THUNDER
SNOW, ICE PELLETS, HAIL 4 = ICE PELLETS
TOTAL MONTH: 0.0 INCH 5 = HAIL
GRTST 24HR 0.0 6 = FREEZING RAIN OR DRIZZLE
GRTST DEPTH: 0 7 = DUSTSTORM OR SANDSTORM:
VSBY 1/2 MILE OR LESS
8 = SMOKE OR HAZE
[NO. OF DAYS WITH] [WEATHER - DAYS WITH] 9 = BLOWING SNOW
X = TORNADO
MAX 32 OR BELOW: 0 0.01 INCH OR MORE: 7
MAX 90 OR ABOVE: 0 0.10 INCH OR MORE: 2
MIN 32 OR BELOW: 0 0.50 INCH OR MORE: 2
MIN 0 OR BELOW: 0 1.00 INCH OR MORE: 1
[HDD (BASE 65) ]
TOTAL THIS MO. 20 CLEAR (SCALE 0-3) 17
DPTR FM NORMAL -2 PTCLDY (SCALE 4-7) 10
TOTAL FM JUL 1 20 CLOUDY (SCALE 8-10) 3
DPTR FM NORMAL 0
[CDD (BASE 65) ]
TOTAL THIS MO. 132
DPTR FM NORMAL -48 [PRESSURE DATA]
TOTAL FM JAN 1 3909 HIGHEST SLP 30.26 ON 24
DPTR FM NORMAL 249 LOWEST SLP 29.83 ON 5
[REMARKS]
#FINAL-11-21#