000
CXUS51 KPBZ 010730
CF6PHD
PRELIMINARY LOCAL CLIMATOLOGICAL DATA (WS FORM: F-6)
STATION: NEW PHILADELPHIA OH
MONTH: JUNE
YEAR: 2023
LATITUDE: 40 28 N
LONGITUDE: 81 25 W
TEMPERATURE IN F: :PCPN: SNOW: WIND :SUNSHINE: SKY :PK WND
================================================================================
1 2 3 4 5 6A 6B 7 8 9 10 11 12 13 14 15 16 17 18
12Z AVG MX 2MIN
DY MAX MIN AVG DEP HDD CDD WTR SNW DPTH SPD SPD DIR MIN PSBL S-S WX SPD DR
================================================================================
1 88 48 68 2 0 3 0.00 M M 3.1 16 100 M M 0 18 21 100
2 91 55 73 7 0 8 0.00 M M 2.9 15 20 M M 0 23 360
3 92 60 76 10 0 11 0.00 M M 4.9 16 10 M M 1 21 20
4 83 58 71 4 0 6 0.00 M M 6.0 17 110 M M 0 21 110
5 76 48 62 -5 3 0 0.00 M M 2.2 12 10 M M 2 18 16 20
6 81 48 65 -2 0 0 0.00 M M 4.5 15 340 M M 1 18 22 20
7 75 46 61 -7 4 0 0.00 M M 4.2 15 330 M M 0 18 21 20
8 74 43 59 -9 6 0 0.00 M M 4.4 16 340 M M 2 18 20 300
9 76 51 64 -4 1 0 0.00 M M 4.2 14 310 M M 5 8 20 340
10 83 47 65 -3 0 0 0.00 M M 4.6 14 210 M M 0 19 270
11 82 53 68 -1 0 3 0.33 M M 5.8 18 180 M M 4 1 27 160
12 68 53 61 -8 4 0 0.15 M M 6.7 16 300 M M 10 1 24 320
13 66 46 56 -13 9 0 0.58 M M 5.1 14 180 M M M 20 160
14 72 53 63 -6 2 0 0.22 M M 7.4 17 300 M M M 27 330
15 75 49 62 -8 3 0 0.50 M M 3.8 12 320 M M 3 123 17 310
16 72 57 65 -5 0 0 0.82 M M 7.4 18 350 M M 9 138 26 320
17 77 52 65 -5 0 0 0.00 M M 3.8 16 340 M M 2 18 19 350
18 82 50 66 -4 0 1 0.00 M M 1.3 8 350 M M 0 18 10 170
19 84 56 70 0 0 5 0.00 M M 2.7 12 170 M M 1 1 16 170
20 82 66 74 3 0 9 0.01 M M 7.2 22 110 M M 3 29 100
21 83 65 74 3 0 9 0.00 M M 7.6 18 120 M M 2 24 110
22 74 60 67 -4 0 2 0.21 M M 7.5 15 110 M M 10 18 19 90
23 73 63 68 -3 0 3 0.01 M M 2.6 8 130 M M 10 11 130
24 80 65 73 2 0 8 0.10 M M 3.3 12 350 M M 8 1 15 330
25 86 62 74 2 0 9 0.00 M M 5.3 15 170 M M 3 12 24 170
26 80 65 73 1 0 8 0.20 M M 6.2 18 240 M M 6 138 28 200
27 70 64 67 -5 0 2 0.05 M M 5.0 17 340 M M 10 18 28 340
28 77 58 68 -4 0 3 0.00 M M 3.6 14 340 M M 10 18 18 340
29 83 56 70 -2 0 5 0.00 M M 3.3 10 180 M M 6 128 13 160
30 84 66 75 3 0 10 0.00 M M 3.9 12 170 M M 5 18 16 170
================================================================================
SM 2369 1663 32 105 3.18 M 140.5 M 113
================================================================================
AV 79.0 55.4 4.7 FASTST M M 4 MAX(MPH)
MISC ----> 22 110 29 100
================================================================================
NOTES:
# LAST OF SEVERAL OCCURRENCES
COLUMN 17 PEAK WIND IN M.P.H.
PRELIMINARY LOCAL CLIMATOLOGICAL DATA (WS FORM: F-6) , PAGE 2
STATION: NEW PHILADELPHIA OH
MONTH: JUNE
YEAR: 2023
LATITUDE: 40 28 N
LONGITUDE: 81 25 W
[TEMPERATURE DATA] [PRECIPITATION DATA] SYMBOLS USED IN COLUMN 16
AVERAGE MONTHLY: 67.2 TOTAL FOR MONTH: 3.18 1 = FOG OR MIST
DPTR FM NORMAL: -2.3 DPTR FM NORMAL: -1.05 2 = FOG REDUCING VISIBILITY
HIGHEST: 92 ON 3 GRTST 24HR 1.32 ON 15-16 TO 1/4 MILE OR LESS
LOWEST: 43 ON 8 3 = THUNDER
SNOW, ICE PELLETS, HAIL 4 = ICE PELLETS
TOTAL MONTH: M 5 = HAIL
GRTST 24HR M ON M 6 = FREEZING RAIN OR DRIZZLE
GRTST DEPTH: M ON M 7 = DUSTSTORM OR SANDSTORM:
VSBY 1/2 MILE OR LESS
8 = SMOKE OR HAZE
[NO. OF DAYS WITH] [WEATHER - DAYS WITH] 9 = BLOWING SNOW
X = TORNADO
MAX 32 OR BELOW: 0 0.01 INCH OR MORE: 12
MAX 90 OR ABOVE: 2 0.10 INCH OR MORE: 9
MIN 32 OR BELOW: 0 0.50 INCH OR MORE: 3
MIN 0 OR BELOW: 0 1.00 INCH OR MORE: 0
[HDD (BASE 65) ]
TOTAL THIS MO. 32 CLEAR (SCALE 0-3) 15
DPTR FM NORMAL 2 PTCLDY (SCALE 4-7) 7
TOTAL FM JUL 1 4918 CLOUDY (SCALE 8-10) 8
DPTR FM NORMAL -649
[CDD (BASE 65) ]
TOTAL THIS MO. 105
DPTR FM NORMAL -58 [PRESSURE DATA]
TOTAL FM JAN 1 148 HIGHEST SLP M ON M
DPTR FM NORMAL -77 LOWEST SLP 29.45 ON 14
[REMARKS]
#FINAL-06-23#