000
CXUS53 KUNR 010930
CF6PHP
PRELIMINARY LOCAL CLIMATOLOGICAL DATA (WS FORM: F-6)
STATION: PHILIP SD
MONTH: SEPTEMBER
YEAR: 2022
LATITUDE: 44 3 N
LONGITUDE: 101 36 W
TEMPERATURE IN F: :PCPN: SNOW: WIND :SUNSHINE: SKY :PK WND
================================================================================
1 2 3 4 5 6A 6B 7 8 9 10 11 12 13 14 15 16 17 18
12Z AVG MX 2MIN
DY MAX MIN AVG DEP HDD CDD WTR SNW DPTH SPD SPD DIR MIN PSBL S-S WX SPD DR
================================================================================
1 102 55 79 10 0 14 0.00 M M 3.8 13 340 M M 0 19 240
2 90 58 74 5 0 9 0.00 M M 9.4 24 40 M M 0 33 40
3 86 50 68 0 0 3 0.00 M M 8.5 20 110 M M 0 26 100
4 100 51 76 8 0 11 0.00 M M 10.7 21 160 M M 0 29 150
5 95 61 78 10 0 13 0.00 M M 5.6 12 110 M M 0 17 160
6 95 55 75 8 0 10 0.00 M M 8.7 17 80 M M 0 23 80
7 97 56 77 10 0 12 0.00 M M 5.7 15 190 M M 0 22 190
8 94 57 76 9 0 11 0.06 M M 13.0 35 360 M M 1 1 46 360
9 61 50 56 -10 9 0 0.06 M M 6.9 18 340 M M 9 23 360
10 72 42 57 -9 8 0 0.00 M M 4.9 15 290 M M 1 20 280
11 81 43 62 -4 3 0 0.00 M M 4.5 15 190 M M 0 23 190
12 89 40 65 0 0 0 0.00 M M 4.2 8 270 M M 0 13 170
13 83 50 67 2 0 2 0.00 M M 7.1 14 110 M M 0 18 17 110
14 96 49 73 9 0 8 0.01 M M 11.1 30 170 M M 1 42 180
15 79 52 66 2 0 1 0.00 M M 9.3 22 330 M M 1 30 320
16 78 55 67 4 0 2 0.01 M M 5.1 13 80 M M 4 1 17 90
17 77 49 63 0 2 0 0.00 M M 9.2 22 290 M M 2 30 290
18 83 56 70 8 0 5 0.02 M M 8.4 18 110 M M 5 27 140
19 99 53 76 14 0 11 0.00 M M 7.2 20 210 M M 0 26 220
20 84 50 67 5 0 2 0.00 M M 9.8 23 360 M M 0 31 340
21 68 45 57 -4 8 0 T M M 6.5 17 350 M M 4 25 330
22 66 44 55 -6 10 0 T M M 13.1 28 170 M M 4 38 160
23 76 46 61 1 4 0 0.00 M M 11.8 32 300 M M 2 42 300
24 79 45 62 2 3 0 0.00 M M 12.4 30 300 M M 1 41 280
25 78 40 59 0 6 0 0.00 M M 9.5 25 340 M M 1 32 340
26 82 33 58 -1 7 0 0.00 M M 6.5 16 350 M M 0 8 21 350
27 77 41 59 1 6 0 0.00 M M 6.9 14 360 M M 0 8 18 360
28 88 42 65 7 0 0 0.00 M M 12.8 24 190 M M 0 34 180
29 94 60 77 20 0 12 T M M 9.7 23 200 M M 0 32 190
30 87 52 70 13 0 5 0.00 M M 5.5 20 180 M M 0 26 200
================================================================================
SM 2536 1480 66 131 0.16 M 247.8 M 36
================================================================================
AV 84.5 49.3 8.3 FASTST M M 1 MAX(MPH)
MISC ----> 35 360 46 360
================================================================================
NOTES:
# LAST OF SEVERAL OCCURRENCES
COLUMN 17 PEAK WIND IN M.P.H.
PRELIMINARY LOCAL CLIMATOLOGICAL DATA (WS FORM: F-6) , PAGE 2
STATION: PHILIP SD
MONTH: SEPTEMBER
YEAR: 2022
LATITUDE: 44 3 N
LONGITUDE: 101 36 W
[TEMPERATURE DATA] [PRECIPITATION DATA] SYMBOLS USED IN COLUMN 16
AVERAGE MONTHLY: 66.9 TOTAL FOR MONTH: 0.16 1 = FOG OR MIST
DPTR FM NORMAL: 3.6 DPTR FM NORMAL: -1.07 2 = FOG REDUCING VISIBILITY
HIGHEST: 102 ON 1 GRTST 24HR 0.12 ON 8- 9 TO 1/4 MILE OR LESS
LOWEST: 33 ON 26 3 = THUNDER
SNOW, ICE PELLETS, HAIL 4 = ICE PELLETS
TOTAL MONTH: M 5 = HAIL
GRTST 24HR M ON M 6 = FREEZING RAIN OR DRIZZLE
GRTST DEPTH: M ON M 7 = DUSTSTORM OR SANDSTORM:
VSBY 1/2 MILE OR LESS
8 = SMOKE OR HAZE
[NO. OF DAYS WITH] [WEATHER - DAYS WITH] 9 = BLOWING SNOW
X = TORNADO
MAX 32 OR BELOW: 0 0.01 INCH OR MORE: 5
MAX 90 OR ABOVE: 10 0.10 INCH OR MORE: 0
MIN 32 OR BELOW: 0 0.50 INCH OR MORE: 0
MIN 0 OR BELOW: 0 1.00 INCH OR MORE: 0
[HDD (BASE 65) ]
TOTAL THIS MO. 66 CLEAR (SCALE 0-3) 25
DPTR FM NORMAL -72 PTCLDY (SCALE 4-7) 4
TOTAL FM JUL 1 66 CLOUDY (SCALE 8-10) 1
DPTR FM NORMAL -93
[CDD (BASE 65) ]
TOTAL THIS MO. 131
DPTR FM NORMAL 44 [PRESSURE DATA]
TOTAL FM JAN 1 994 HIGHEST SLP 30.35 ON 21
DPTR FM NORMAL 167 LOWEST SLP 29.61 ON 14
[REMARKS]
#FINAL-09-22#