000
CXUS55 KPIH 011336
CF6PIH
PRELIMINARY LOCAL CLIMATOLOGICAL DATA (WS FORM: F-6)
STATION: POCATELLO ID
MONTH: APRIL
YEAR: 2021
LATITUDE: 42 55 N
LONGITUDE: 112 36 W
TEMPERATURE IN F: :PCPN: SNOW: WIND :SUNSHINE: SKY :PK WND
================================================================================
1 2 3 4 5 6A 6B 7 8 9 10 11 12 13 14 15 16 17 18
12Z AVG MX 2MIN
DY MAX MIN AVG DEP HDD CDD WTR SNW DPTH SPD SPD DIR MIN PSBL S-S WX SPD DR
================================================================================
1 67 19 43 1 22 0 0.00 0.0 0 8.6 24 180 M M 0 36 180
2 72 28 50 8 15 0 0.00 0.0 0 9.1 22 260 M M 0 28 260
3 74 30 52 9 13 0 0.00 0.0 0 4.7 17 280 M M 0 22 280
4 74 36 55 12 10 0 0.00 0.0 0 8.4 24 260 M M 0 30 250
5 56 33 45 2 20 0 0.22 T 0 14.8 29 220 M M 5 1 35 240
6 50 29 40 -3 25 0 0.37 2.3 1 13.1 28 240 M M 6 1 35 230
7 64 33 49 5 16 0 0.00 0.0 0 8.7 21 180 M M 1 27 170
8 54 31 43 -1 22 0 0.00 0.0 0 21.9 49 250 M M 4 7 62 250
9 55 21 38 -6 27 0 0.00 0.0 0 6.9 17 260 M M 0 26 260
10 64 25 45 1 20 0 0.00 0.0 0 19.5 38 250 M M 0 47 250
11 46 29 38 -6 27 0 0.00 0.0 0 6.7 26 310 M M 4 33 300
12 51 21 36 -9 29 0 0.00 0.0 0 10.6 23 50 M M 3 30 50
13 55 28 42 -3 23 0 0.00 0.0 0 21.2 32 30 M M 1 78 45 20
14 43 29 36 -9 29 0 0.05 0.0 0 16.2 28 30 M M 9 37 30
15 49 31 40 -5 25 0 0.07 T 0 10.4 22 350 M M 9 1 29 10
16 52 28 40 -6 25 0 T 0.0 0 7.5 17 20 M M 6 25 30
17 58 22 40 -6 25 0 0.00 0.0 0 6.0 15 40 M M 1 22 20
18 67 27 47 1 18 0 0.00 0.0 0 12.6 24 230 M M 0 31 200
19 53 31 42 -4 23 0 0.03 0.1 0 15.8 35 30 M M 2 18 46 40
20 53 21 37 -10 28 0 0.00 0.0 0 8.3 22 40 M M 1 29 50
21 60 21 41 -6 24 0 0.00 0.0 0 6.9 20 50 M M 0 8 25 50
22 64 25 45 -2 20 0 0.00 0.0 0 14.1 29 240 M M 0 39 230
23 62 30 46 -1 19 0 0.00 0.0 0 9.7 23 230 M M 2 29 250
24 62 39 51 3 14 0 0.04 0.0 0 10.6 44 240 M M 5 13 57 250
25 51 39 45 -3 20 0 0.19 0.0 0 8.3 23 260 M M 8 1 30 260
26 50 34 42 -6 23 0 0.20 0.0 0 10.7 26 240 M M 9 1 33 250
27 58 32 45 -3 20 0 0.00 0.0 0 8.7 18 220 M M 6 25 210
28 67 41 54 5 11 0 0.00 0.0 0 13.1 22 230 M M 0 32 250
29 74 42 58 9 7 0 0.00 0.0 0 6.9 15 220 M M 0 20 220
30 86 44 65 16 0 0 0.00 0.0 0 9.6 21 260 M M 0 35 250
================================================================================
SM 1791 899 600 0 1.17 2.4 329.6 M 82
================================================================================
AV 59.7 30.0 11.0 FASTST M M 3 MAX(MPH)
MISC ----> 49 250 62 250
================================================================================
NOTES:
# LAST OF SEVERAL OCCURRENCES
SNOWFALL/DEPTH ALWAYS AUGMENTED BY WFO POCATELLO
COLUMN 17 PEAK WIND IN M.P.H.
PRELIMINARY LOCAL CLIMATOLOGICAL DATA (WS FORM: F-6) , PAGE 2
STATION: POCATELLO ID
MONTH: APRIL
YEAR: 2021
LATITUDE: 42 55 N
LONGITUDE: 112 36 W
[TEMPERATURE DATA] [PRECIPITATION DATA] SYMBOLS USED IN COLUMN 16
AVERAGE MONTHLY: 44.8 TOTAL FOR MONTH: 1.17 1 = FOG OR MIST
DPTR FM NORMAL: -0.8 DPTR FM NORMAL: 0.02 2 = FOG REDUCING VISIBILITY
HIGHEST: 86 ON 30 GRTST 24HR 0.59 ON 5- 6 TO 1/4 MILE OR LESS
LOWEST: 19 ON 1 3 = THUNDER
SNOW, ICE PELLETS, HAIL 4 = ICE PELLETS
TOTAL MONTH: 2.4 INCHES 5 = HAIL
GRTST 24HR 2.3 ON 6- 6 6 = FREEZING RAIN OR DRIZZLE
GRTST DEPTH: 1 ON 6 7 = DUSTSTORM OR SANDSTORM:
VSBY 1/2 MILE OR LESS
8 = SMOKE OR HAZE
[NO. OF DAYS WITH] [WEATHER - DAYS WITH] 9 = BLOWING SNOW
X = TORNADO
MAX 32 OR BELOW: 0 0.01 INCH OR MORE: 8
MAX 90 OR ABOVE: 0 0.10 INCH OR MORE: 4
MIN 32 OR BELOW: 21 0.50 INCH OR MORE: 0
MIN 0 OR BELOW: 0 1.00 INCH OR MORE: 0
[HDD (BASE 65) ]
TOTAL THIS MO. 600 CLEAR (SCALE 0-3) 19
DPTR FM NORMAL 18 PTCLDY (SCALE 4-7) 7
TOTAL FM JUL 1 6298 CLOUDY (SCALE 8-10) 4
DPTR FM NORMAL -396
[CDD (BASE 65) ]
TOTAL THIS MO. 0
DPTR FM NORMAL 0 [PRESSURE DATA]
TOTAL FM JAN 1 0 HIGHEST SLP 30.39 ON 1
DPTR FM NORMAL 0 LOWEST SLP 29.62 ON 26
[REMARKS]
30TH: HIGH OF 86 BREAKS OLD RECORD OF 81 SET IN 1968.
#FINAL-04-21#