000
CXUS54 KBRO 030150
CF6PIL
PRELIMINARY LOCAL CLIMATOLOGICAL DATA (WS FORM: F-6)
STATION: BAYVIEW
MONTH: JULY
YEAR: 2021
LATITUDE: 26 10 N
LONGITUDE: 97 20 W
TEMPERATURE IN F: :PCPN: SNOW: WIND :SUNSHINE: SKY :PK WND
================================================================================
1 2 3 4 5 6A 6B 7 8 9 10 11 12 13 14 15 16 17 18
12Z AVG MX 2MIN
DY MAX MIN AVG DEP HDD CDD WTR SNW DPTH SPD SPD DIR MIN PSBL S-S WX SPD DR
================================================================================
1 89 78 84 -1 0 19 0.00 0.0 0 7.7 15 80 M M 2 23 120
2 90 75 83 -2 0 18 0.00 0.0 0 7.8 18 110 M M 1 27 90
3 90 76 83 -2 0 18 T 0.0 0 7.0 16 100 M M 1 21 130
4 93 78 86 1 0 21 0.00 0.0 0 10.6 22 130 M M 2 18 31 130
5 93 79 86 1 0 21 0.00 0.0 0 12.0 23 130 M M 1 18 31 130
6 88 73 81 -4 0 16 1.09 0.0 0 8.4 22 160 M M 5 13 30 160
7 80 73 77 -8 0 12 2.64 0.0 0 5.8 18 350 M M 9 1 29 350
8 89 77 83 -2 0 18 0.64 0.0 0 10.0 20 150 M M 8 1 26 150
9 86 73 80 -5 0 15 1.85 0.0 0 7.0 28 210 M M 7 13 42 220
10 87 81 84 -1 0 19 0.02 0.0 0 12.0 25 150 M M 3 1 32 150
11 89 80 85 0 0 20 0.00 0.0 0 13.0 22 140 M M 4 1 28 140
12 90 80 85 0 0 20 0.00 0.0 0 11.1 18 100 M M 4 18 25 110
13 89 78 84 -1 0 19 0.00 0.0 0 10.0 20 110 M M 1 26 110
14 88 80 84 -1 0 19 0.00 0.0 0 8.3 15 130 M M 1 20 130
15 90 77 84 -1 0 19 0.00 0.0 0 12.3 23 160 M M 1 32 160
16 91 80 86 1 0 21 0.00 0.0 0 14.8 23 150 M M 1 1 32 120
17 91 78 85 0 0 20 0.00 0.0 0 11.2 20 100 M M 1 27 120
18 91 79 85 0 0 20 0.00 0.0 0 10.4 17 110 M M 1 23 110
19 92 78 85 0 0 20 T 0.0 0 8.9 21 130 M M 1 28 110
20 94 78 86 1 0 21 0.01 0.0 0 9.0 20 110 M M 1 3 25 100
21 87 74 81 -4 0 16 0.08 0.0 0 5.5 23 160 M M 4 13 31 160
22 88 75 82 -3 0 17 0.02 0.0 0 7.5 23 150 M M 2 13 32 150
23 91 77 84 -1 0 19 0.00 0.0 0 12.0 21 150 M M 1 1 31 150
24 93 79 86 1 0 21 0.00 0.0 0 12.2 21 160 M M 1 18 26 160
25 91 75 83 -3 0 18 0.00 0.0 0 9.5 20 110 M M 1 1 27 140
26 90 77 84 -2 0 19 0.00 0.0 0 7.1 16 120 M M 1 1 22 80
27 91 76 84 -2 0 19 0.00 0.0 0 6.2 16 80 M M 1 1 21 70
28 92 78 85 -1 0 20 0.00 0.0 0 6.1 15 90 M M 1 138 21 90
29 91 76 84 -2 0 19 0.00 0.0 0 7.2 20 60 M M 2 1 25 30
30 91 77 84 -2 0 19 M 0.0 0 5.5 15 150 M M 2 13 20 120
31 93 78 86 0 0 21 0.00 0.0 0 10.3 21 150 M M 1 31 130
================================================================================
SM 2788 2393 0 584 6.35 0.0 286.4 M 72
================================================================================
AV 89.9 77.2 9.2 FASTST M M 2 MAX(MPH)
MISC ----> 28 210 42 220
================================================================================
NOTES:
# LAST OF SEVERAL OCCURRENCES
COLUMN 17 PEAK WIND IN M.P.H.
PRELIMINARY LOCAL CLIMATOLOGICAL DATA (WS FORM: F-6) , PAGE 2
STATION: BAYVIEW
MONTH: JULY
YEAR: 2021
LATITUDE: 26 10 N
LONGITUDE: 97 20 W
[TEMPERATURE DATA] [PRECIPITATION DATA] SYMBOLS USED IN COLUMN 16
AVERAGE MONTHLY: 83.6 TOTAL FOR MONTH: 6.35 1 = FOG OR MIST
DPTR FM NORMAL: -1.5 DPTR FM NORMAL: 4.91 2 = FOG REDUCING VISIBILITY
HIGHEST: 94 ON 20 GRTST 24HR 3.29 ON 6- 7 TO 1/4 MILE OR LESS
LOWEST: 73 ON 9, 7 3 = THUNDER
SNOW, ICE PELLETS, HAIL 4 = ICE PELLETS
TOTAL MONTH: 0.0 INCH 5 = HAIL
GRTST 24HR 0.0 6 = FREEZING RAIN OR DRIZZLE
GRTST DEPTH: 0 7 = DUSTSTORM OR SANDSTORM:
VSBY 1/2 MILE OR LESS
8 = SMOKE OR HAZE
[NO. OF DAYS WITH] [WEATHER - DAYS WITH] 9 = BLOWING SNOW
X = TORNADO
MAX 32 OR BELOW: 0 0.01 INCH OR MORE: 8
MAX 90 OR ABOVE: 20 0.10 INCH OR MORE: 4
MIN 32 OR BELOW: 0 0.50 INCH OR MORE: 4
MIN 0 OR BELOW: 0 1.00 INCH OR MORE: 3
[HDD (BASE 65) ]
TOTAL THIS MO. 0 CLEAR (SCALE 0-3) 23
DPTR FM NORMAL 0 PTCLDY (SCALE 4-7) 7
TOTAL FM JUL 1 0 CLOUDY (SCALE 8-10) 1
DPTR FM NORMAL 0
[CDD (BASE 65) ]
TOTAL THIS MO. 584
DPTR FM NORMAL -39 [PRESSURE DATA]
TOTAL FM JAN 1 2167 HIGHEST SLP 30.15 ON 22
DPTR FM NORMAL -171 LOWEST SLP 29.76 ON 8
[REMARKS]
#FINAL-07-21#