302
CXUS54 KBRO 010900
CF6PIL
PRELIMINARY LOCAL CLIMATOLOGICAL DATA (WS FORM: F-6)
STATION: BAYVIEW
MONTH: JULY
YEAR: 2020
LATITUDE: 26 10 N
LONGITUDE: 97 20 W
TEMPERATURE IN F: :PCPN: SNOW: WIND :SUNSHINE: SKY :PK WND
================================================================================
1 2 3 4 5 6A 6B 7 8 9 10 11 12 13 14 15 16 17 18
12Z AVG MX 2MIN
DY MAX MIN AVG DEP HDD CDD WTR SNW DPTH SPD SPD DIR MIN PSBL S-S WX SPD DR
================================================================================
1 93 80 87 2 0 22 0.00 0.0 0 15.4 26 150 M M 5 33 140
2 93 79 86 1 0 21 0.00 0.0 0 14.4 24 130 M M 2 31 120
3 92 76 84 -1 0 19 0.00 0.0 0 11.4 23 110 M M 1 27 100
4 95 77 86 1 0 21 0.00 0.0 0 10.6 24 130 M M 1 30 140
5 95 79 87 2 0 22 0.00 0.0 0 13.8 22 160 M M 0 29 160
6 94 81 88 3 0 23 0.00 0.0 0 16.0 25 150 M M 2 33 160
7 95 80 88 3 0 23 0.00 0.0 0 16.0 28 150 M M 3 31 140
8 94 80 87 2 0 22 0.00 0.0 0 17.2 29 150 M M 5 8 36 140
9 94 81 88 3 0 23 0.00 0.0 0 17.4 28 150 M M 4 8 34 140
10 94 82 88 3 0 23 0.00 0.0 0 14.9 26 130 M M 2 33 130
11 93 78 86 1 0 21 0.00 0.0 0 13.2 23 110 M M 1 29 110
12 98 80 89 4 0 24 0.00 0.0 0 12.7 25 120 M M 1 31 110
13 98 79 89 4 0 24 0.00 0.0 0 14.0 26 150 M M 1 34 140
14 96 79 88 3 0 23 0.00 0.0 0 15.2 26 140 M M 1 33 150
15 95 80 88 3 0 23 0.00 0.0 0 15.5 26 150 M M 1 36 150
16 95 80 88 3 0 23 0.00 0.0 0 14.8 25 110 M M 1 31 130
17 93 80 87 2 0 22 0.00 0.0 0 11.8 21 120 M M 1 25 120
18 90 77 84 -1 0 19 0.19 0.0 0 10.4 23 120 M M 2 3 28 100
19 90 75 83 -2 0 18 0.00 0.0 0 8.3 18 70 M M 0 22 80
20 91 76 84 -1 0 19 0.00 0.0 0 7.6 20 70 M M 0 25 80
21 92 77 85 0 0 20 0.00 0.0 0 9.6 21 110 M M 0 27 100
22 92 79 86 1 0 21 T 0.0 0 9.2 17 100 M M 1 3 22 110
23 92 78 85 0 0 20 0.00 0.0 0 8.1 20 80 M M 1 24 80
24 93 77 85 0 0 20 0.01 0.0 0 8.8 20 20 M M 2 26 50
25 82 76 79 -6 0 14 M 0.0 0 21.9 40 150 M M 8 1 54 210
26 84 75 80 -5 0 15 M 0.0 0 18.3 46 130 M M 8 13 55 130
27 91 80 86 1 0 21 0.00 0.0 0 10.1 21 100 M M 1 13 25 100
28 86 75 81 -4 0 16 0.13 0.0 0 6.9 23 150 M M 1 13 30 150
29 87 78 83 -2 0 18 0.03 0.0 0 8.2 24 160 M M 0 3 30 150
30 91 78 85 0 0 20 0.00 0.0 0 13.3 23 140 M M 2 29 140
31 93 79 86 1 0 21 0.00 0.0 0 11.5 22 150 M M 1 27 150
================================================================================
SM 2861 2431 0 641 0.36 0.0 396.5 M 59
================================================================================
AV 92.3 78.4 12.8 FASTST M M 2 MAX(MPH)
MISC ----> # 46 130 # 55 130
================================================================================
NOTES:
# LAST OF SEVERAL OCCURRENCES
COLUMN 17 PEAK WIND IN M.P.H.
PRELIMINARY LOCAL CLIMATOLOGICAL DATA (WS FORM: F-6) , PAGE 2
STATION: BAYVIEW
MONTH: JULY
YEAR: 2020
LATITUDE: 26 10 N
LONGITUDE: 97 20 W
[TEMPERATURE DATA] [PRECIPITATION DATA] SYMBOLS USED IN COLUMN 16
AVERAGE MONTHLY: 85.4 TOTAL FOR MONTH: 0.36 1 = FOG OR MIST
DPTR FM NORMAL: 0.1 DPTR FM NORMAL: -1.77 2 = FOG REDUCING VISIBILITY
HIGHEST: 98 ON 13,12 GRTST 24HR 0.19 ON 18-18 TO 1/4 MILE OR LESS
LOWEST: 75 ON 28,26 3 = THUNDER
SNOW, ICE PELLETS, HAIL 4 = ICE PELLETS
TOTAL MONTH: 0.0 INCH 5 = HAIL
GRTST 24HR 0.0 6 = FREEZING RAIN OR DRIZZLE
GRTST DEPTH: 0 7 = DUSTSTORM OR SANDSTORM:
VSBY 1/2 MILE OR LESS
8 = SMOKE OR HAZE
[NO. OF DAYS WITH] [WEATHER - DAYS WITH] 9 = BLOWING SNOW
X = TORNADO
MAX 32 OR BELOW: 0 0.01 INCH OR MORE: 4
MAX 90 OR ABOVE: 27 0.10 INCH OR MORE: 2
MIN 32 OR BELOW: 0 0.50 INCH OR MORE: 0
MIN 0 OR BELOW: 0 1.00 INCH OR MORE: 0
[HDD (BASE 65) ]
TOTAL THIS MO. 0 CLEAR (SCALE 0-3) 26
DPTR FM NORMAL 0 PTCLDY (SCALE 4-7) 5
TOTAL FM JUL 1 0 CLOUDY (SCALE 8-10) 0
DPTR FM NORMAL 0
[CDD (BASE 65) ]
TOTAL THIS MO. 641
DPTR FM NORMAL 12 [PRESSURE DATA]
TOTAL FM JAN 1 2601 HIGHEST SLP 30.02 ON 17
DPTR FM NORMAL 340 LOWEST SLP 29.41 ON 25
[REMARKS]
#FINAL-07-20#