949
CXUS55 KABR 011100
CF6PIR
PRELIMINARY LOCAL CLIMATOLOGICAL DATA (WS FORM: F-6)
STATION: PIERRE SD
MONTH: AUGUST
YEAR: 2020
LATITUDE: 44 22 N
LONGITUDE: 100 17 W
TEMPERATURE IN F: :PCPN: SNOW: WIND :SUNSHINE: SKY :PK WND
================================================================================
1 2 3 4 5 6A 6B 7 8 9 10 11 12 13 14 15 16 17 18
12Z AVG MX 2MIN
DY MAX MIN AVG DEP HDD CDD WTR SNW DPTH SPD SPD DIR MIN PSBL S-S WX SPD DR
================================================================================
1 82 59 71 -5 0 6 0.00 0.0 0 10.5 21 20 M M 2 28 360
2 80 53 67 -9 0 2 0.00 0.0 0 6.4 15 20 M M 2 20 20
3 80 51 66 -10 0 1 0.00 0.0 0 9.0 18 110 M M 0 27 110
4 79 59 69 -7 0 4 0.01 0.0 0 12.9 28 30 M M 7 35 30
5 87 59 73 -3 0 8 0.00 0.0 0 5.2 16 340 M M 5 12 23 320
6 89 53 71 -5 0 6 0.00 0.0 0 9.9 21 130 M M 0 13 29 140
7 92 64 78 2 0 13 0.65 0.0 0 13.3 39 330 M M 0 13 53 330
8 88 69 79 3 0 14 0.00 0.0 0 11.9 36 30 M M 4 13 47 40
9 95 61 78 3 0 13 0.00 0.0 0 11.2 26 10 M M 0 35 340
10 85 61 73 -2 0 8 T 0.0 0 6.5 17 150 M M 1 23 160
11 89 62 76 1 0 11 0.01 0.0 0 15.4 33 170 M M 1 3 42 160
12 96 60 78 3 0 13 0.00 0.0 0 13.6 23 150 M M 1 45 340
13 96 68 82 7 0 17 0.00 0.0 0 9.0 17 340 M M 0 23 360
14 83 56 70 -4 0 5 T 0.0 0 13.1 31 330 M M 1 41 330
15 92 54 73 -1 0 8 0.00 0.0 0 6.8 16 360 M M 0 21 330
16 92 54 73 -1 0 8 0.00 0.0 0 7.2 20 360 M M 0 29 40
17 94 55 75 1 0 10 0.00 0.0 0 6.3 16 120 M M 0 20 110
18 93 65 79 5 0 14 0.14 0.0 0 14.5 31 30 M M 0 3 45 30
19 102 69 86 13 0 21 T 0.0 0 9.8 18 140 M M 0 25 130
20 98 64 81 8 0 16 0.00 0.0 0 6.1 20 150 M M 0 25 150
21 93 62 78 5 0 13 0.00 0.0 0 6.5 20 360 M M 0 27 280
22 97 65 81 8 0 16 0.00 0.0 0 3.2 14 270 M M 1 1 23 340
23 100 64 82 10 0 17 T 0.0 0 10.1 43 160 M M 0 56 150
24 94 67 81 9 0 16 T 0.0 0 10.5 24 200 M M 0 3 36 190
25 106 64 85 13 0 20 0.00 0.0 0 8.9 17 140 M M 0 1 24 190
26 93 67 80 8 0 15 T 0.0 0 10.7 26 20 M M 1 3 37 10
27 84 61 73 2 0 8 0.29 0.0 0 8.7 56 290 M M 4 123 73 300
28 81 53 67 -4 0 2 0.02 0.0 0 13.1 33 310 M M 2 44 300
29 83 48 66 -4 0 1 0.00 0.0 0 9.6 22 150 M M 0 29 160
30 91 57 74 4 0 9 T 0.0 0 18.8 37 350 M M 1 49 350
31 75 45 60 -10 5 0 T 0.0 0 8.1 15 170 M M 1 20 300
================================================================================
SM 2789 1849 5 315 1.12 0.0 306.8 M 34
================================================================================
AV 90.0 59.6 9.9 FASTST M M 1 MAX(MPH)
MISC ----> 56 290 73 300
================================================================================
NOTES:
# LAST OF SEVERAL OCCURRENCES
COLUMN 17 PEAK WIND IN M.P.H.
PRELIMINARY LOCAL CLIMATOLOGICAL DATA (WS FORM: F-6) , PAGE 2
STATION: PIERRE SD
MONTH: AUGUST
YEAR: 2020
LATITUDE: 44 22 N
LONGITUDE: 100 17 W
[TEMPERATURE DATA] [PRECIPITATION DATA] SYMBOLS USED IN COLUMN 16
AVERAGE MONTHLY: 74.8 TOTAL FOR MONTH: 1.12 1 = FOG OR MIST
DPTR FM NORMAL: 1.1 DPTR FM NORMAL: -0.68 2 = FOG REDUCING VISIBILITY
HIGHEST: 106 ON 25 GRTST 24HR 0.65 ON 7- 7 TO 1/4 MILE OR LESS
LOWEST: 45 ON 31 3 = THUNDER
SNOW, ICE PELLETS, HAIL 4 = ICE PELLETS
TOTAL MONTH: 0.0 INCH 5 = HAIL
GRTST 24HR 0.0 6 = FREEZING RAIN OR DRIZZLE
GRTST DEPTH: 0 7 = DUSTSTORM OR SANDSTORM:
VSBY 1/2 MILE OR LESS
8 = SMOKE OR HAZE
[NO. OF DAYS WITH] [WEATHER - DAYS WITH] 9 = BLOWING SNOW
X = TORNADO
MAX 32 OR BELOW: 0 0.01 INCH OR MORE: 6
MAX 90 OR ABOVE: 17 0.10 INCH OR MORE: 3
MIN 32 OR BELOW: 0 0.50 INCH OR MORE: 1
MIN 0 OR BELOW: 0 1.00 INCH OR MORE: 0
[HDD (BASE 65) ]
TOTAL THIS MO. 5 CLEAR (SCALE 0-3) 27
DPTR FM NORMAL -9 PTCLDY (SCALE 4-7) 4
TOTAL FM JUL 1 5 CLOUDY (SCALE 8-10) 0
DPTR FM NORMAL -13
[CDD (BASE 65) ]
TOTAL THIS MO. 315
DPTR FM NORMAL 31 [PRESSURE DATA]
TOTAL FM JAN 1 882 HIGHEST SLP 30.19 ON 17
DPTR FM NORMAL 105 LOWEST SLP 29.43 ON 30
[REMARKS]
#FINAL-08-20#