000
CXUS51 KRLX 011130
CF6PKB
PRELIMINARY LOCAL CLIMATOLOGICAL DATA (WS FORM: F-6)
STATION: PARKERSBURG WV
MONTH: APRIL
YEAR: 2020
LATITUDE: 39 20 N
LONGITUDE: 81 26 W
TEMPERATURE IN F: :PCPN: SNOW: WIND :SUNSHINE: SKY :PK WND
================================================================================
1 2 3 4 5 6A 6B 7 8 9 10 11 12 13 14 15 16 17 18
12Z AVG MX 2MIN
DY MAX MIN AVG DEP HDD CDD WTR SNW DPTH SPD SPD DIR MIN PSBL S-S WX SPD DR
================================================================================
1 52 41 47 -2 18 0 T M M 4.9 14 310 M M 8 18 18 320
2 63 35 49 -1 16 0 0.00 M M 6.4 17 310 M M 3 24 320
3 M 30 M M M M 0.00 M M 6.1 15 300 M M 0 23 330
4 M M M M M M 0.00 M M 3.5 10 340 M M 0 16 340
5 63 M M M M M M M M 5.3 10 20 M M 6 M M
6 67 42 55 4 10 0 0.00 M M 5.1 12 240 M M 3 M M
7 M M M M M M M M M 7.8 18 240 M M 4 3 25 240
8 M M M M M M M M M 5.3 9 330 M M 3 3 M M
9 M M M M M M M M M M M M M M M 13 M M
10 M M M M M M M M M M M M M M M M M
11 M M M M M M M M M M M M M M M M M
12 70 46 58 5 7 0 0.00 M M 8.7 18 170 M M 6 1 28 210
13 M M M M M M M M M 17.8 24 280 M M 4 37 280
14 43 M M M M M 0.00 M M 6.2 12 210 M M 5 20 210
15 M M M M M M 0.01 M M 9.4 17 300 M M 4 12 29 300
16 53 28 41 -13 24 0 0.00 M M 6.6 18 300 M M 1 28 290
17 59 34 47 -8 18 0 0.52 M M 5.5 22 270 M M 8 1 31 260
18 53 37 45 -10 20 0 0.15 M M 7.7 17 320 M M 6 1 23 320
19 61 34 48 -7 17 0 T M M 5.8 13 180 M M 3 18 250
20 66 40 53 -3 12 0 0.00 M M 4.8 14 270 M M 1 20 250
21 58 36 47 -9 18 0 T M M 13.8 31 300 M M 3 44 310
22 60 28 44 -12 21 0 0.00 M M 3.2 13 190 M M 3 17 200
23 62 41 52 -4 13 0 0.17 M M 3.7 13 180 M M 6 1 17 170
24 63 50 57 0 8 0 0.37 M M 4.0 13 20 M M 10 1 17 10
25 70 42 56 -1 9 0 0.22 M M 5.0 16 150 M M 7 128 21 140
26 57 45 51 -6 14 0 0.61 M M 8.9 18 280 M M 10 1 27 310
27 64 43 54 -4 11 0 0.00 M M 5.2 17 310 M M 6 24 320
28 73 48 61 3 4 0 T M M 7.1 18 190 M M 8 26 190
29 82 52 67 9 0 2 0.54 M M 9.9 31 270 M M 5 1 45 270
30 58 46 52 -6 13 0 0.09 M M 7.1 20 260 M M 10 1 32 270
================================================================================
SM 1297 798 253 2 2.68 M 184.8 M 133
================================================================================
AV 61.8 39.9 6.8 FASTST M M 5 MAX(MPH)
MISC ----> # 31 300 # 45 270
================================================================================
NOTES:
# LAST OF SEVERAL OCCURRENCES
COLUMN 17 PEAK WIND IN M.P.H.
PRELIMINARY LOCAL CLIMATOLOGICAL DATA (WS FORM: F-6) , PAGE 2
STATION: PARKERSBURG WV
MONTH: APRIL
YEAR: 2020
LATITUDE: 39 20 N
LONGITUDE: 81 26 W
[TEMPERATURE DATA] [PRECIPITATION DATA] SYMBOLS USED IN COLUMN 16
AVERAGE MONTHLY: 50.8 TOTAL FOR MONTH: 2.68 1 = FOG OR MIST
DPTR FM NORMAL: -3.3 DPTR FM NORMAL: -0.59 2 = FOG REDUCING VISIBILITY
HIGHEST: 82 ON 29 GRTST 24HR 0.61 ON 26-26 TO 1/4 MILE OR LESS
LOWEST: 28 ON 22,16 3 = THUNDER
SNOW, ICE PELLETS, HAIL 4 = ICE PELLETS
TOTAL MONTH: M 5 = HAIL
GRTST 24HR M ON M 6 = FREEZING RAIN OR DRIZZLE
GRTST DEPTH: M ON M 7 = DUSTSTORM OR SANDSTORM:
VSBY 1/2 MILE OR LESS
8 = SMOKE OR HAZE
[NO. OF DAYS WITH] [WEATHER - DAYS WITH] 9 = BLOWING SNOW
X = TORNADO
MAX 32 OR BELOW: 0 0.01 INCH OR MORE: 9
MAX 90 OR ABOVE: 0 0.10 INCH OR MORE: 7
MIN 32 OR BELOW: 3 0.50 INCH OR MORE: 3
MIN 0 OR BELOW: 0 1.00 INCH OR MORE: 0
[HDD (BASE 65) ]
TOTAL THIS MO. 253 CLEAR (SCALE 0-3) 5
DPTR FM NORMAL -92 PTCLDY (SCALE 4-7) 18
TOTAL FM JUL 1 4138 CLOUDY (SCALE 8-10) 4
DPTR FM NORMAL -668
[CDD (BASE 65) ]
TOTAL THIS MO. 2
DPTR FM NORMAL -16 [PRESSURE DATA]
TOTAL FM JAN 1 16 HIGHEST SLP 30.33 ON 16
DPTR FM NORMAL -5 LOWEST SLP 29.32 ON 13
[REMARKS]
#FINAL-04-20#