000
CXUS51 KRLX 011315
CF6PKB
PRELIMINARY LOCAL CLIMATOLOGICAL DATA (WS FORM: F-6)
STATION: PARKERSBURG WV
MONTH: DECEMBER
YEAR: 2023
LATITUDE: 39 20 N
LONGITUDE: 81 26 W
TEMPERATURE IN F: :PCPN: SNOW: WIND :SUNSHINE: SKY :PK WND
================================================================================
1 2 3 4 5 6A 6B 7 8 9 10 11 12 13 14 15 16 17 18
12Z AVG MX 2MIN
DY MAX MIN AVG DEP HDD CDD WTR SNW DPTH SPD SPD DIR MIN PSBL S-S WX SPD DR
================================================================================
1 55 41 48 8 17 0 0.17 M M 4.4 10 160 M M 10 1 14 170
2 59 52 56 16 9 0 0.28 M M 3.6 10 210 M M 9 1 15 200
3 57 45 51 12 14 0 0.25 M M 6.9 22 270 M M 9 1 36 270
4 47 33 40 1 25 0 0.00 M M 3.6 10 270 M M 5 14 270
5 38 34 36 -3 29 0 0.13 M M 1.6 8 340 M M 10 1 15 130
6 42 30 36 -3 29 0 0.00 M M 5.5 14 300 M M 8 1 20 290
7 51 30 41 3 24 0 0.00 M M 7.3 16 210 M M 4 23 200
8 62 42 52 14 13 0 0.00 M M 7.0 16 190 M M 1 21 210
9 65 50 58 20 7 0 0.25 M M 8.1 15 190 M M 9 1 21 190
10 60 35 48 10 17 0 0.04 M M 7.9 17 300 M M 10 1 24 290
11 40 31 36 -1 29 0 0.00 M M 7.2 17 290 M M 9 23 290
12 50 27 39 2 26 0 0.00 M M 6.9 16 210 M M 0 23 220
13 45 24 35 -2 30 0 0.00 M M 1.6 9 300 M M 1 13 280
14 47 19 33 -4 32 0 0.00 M M 1.1 9 210 M M 0 12 210
15 55 21 38 2 27 0 0.00 M M 0.6 5 80 M M 0 6 130
16 59 25 42 6 23 0 0.00 M M 3.6 14 160 M M 0 20 150
17 52 41 47 11 18 0 0.47 M M 2.4 12 180 M M 10 12 17 170
18 45 30 38 2 27 0 0.06 M M 10.3 24 300 M M 9 18 32 280
19 33 22 28 -8 37 0 T M M 7.3 17 290 M M 8 29 290
20 45 18 32 -3 33 0 0.00 M M 1.2 8 150 M M 0 10 210
21 52 22 37 2 28 0 0.00 M M 1.5 9 210 M M 1 13 200
22 46 27 37 2 28 0 T M M 0.6 8 90 M M 6 9 90
23 60 35 48 13 17 0 0.01 M M 3.7 14 200 M M 7 19 210
24 61 44 53 18 12 0 0.01 M M 0.6 6 120 M M 9 1 7 90
25 65 39 52 18 13 0 0.16 M M 5.0 15 150 M M 3 1 23 150
26 58 48 53 19 12 0 0.23 M M 2.2 9 160 M M 9 1 14 170
27 52 46 49 15 16 0 0.92 M M 3.7 10 300 M M 10 1 15 280
28 46 37 42 8 23 0 0.00 M M 4.6 13 260 M M 10 1 20 270
29 37 27 32 -2 33 0 T M M 4.4 10 200 M M 7 18 14 210
30 40 35 38 4 27 0 T M M 5.7 13 260 M M 10 18 19 250
31 44 34 39 6 26 0 0.09 M M 5.9 17 280 M M 10 18 27 280
================================================================================
SM 1568 1044 701 0 3.07 M 136.0 M 194
================================================================================
AV 50.6 33.7 4.4 FASTST M M 6 MAX(MPH)
MISC ----> 24 300 36 270
================================================================================
NOTES:
# LAST OF SEVERAL OCCURRENCES
COLUMN 17 PEAK WIND IN M.P.H.
PRELIMINARY LOCAL CLIMATOLOGICAL DATA (WS FORM: F-6) , PAGE 2
STATION: PARKERSBURG WV
MONTH: DECEMBER
YEAR: 2023
LATITUDE: 39 20 N
LONGITUDE: 81 26 W
[TEMPERATURE DATA] [PRECIPITATION DATA] SYMBOLS USED IN COLUMN 16
AVERAGE MONTHLY: 42.1 TOTAL FOR MONTH: 3.07 1 = FOG OR MIST
DPTR FM NORMAL: 5.8 DPTR FM NORMAL: -0.29 2 = FOG REDUCING VISIBILITY
HIGHEST: 65 ON 25, 9 GRTST 24HR 1.00 ON 26-27 TO 1/4 MILE OR LESS
LOWEST: 18 ON 20 3 = THUNDER
SNOW, ICE PELLETS, HAIL 4 = ICE PELLETS
TOTAL MONTH: M 5 = HAIL
GRTST 24HR M ON M 6 = FREEZING RAIN OR DRIZZLE
GRTST DEPTH: M ON M 7 = DUSTSTORM OR SANDSTORM:
VSBY 1/2 MILE OR LESS
8 = SMOKE OR HAZE
[NO. OF DAYS WITH] [WEATHER - DAYS WITH] 9 = BLOWING SNOW
X = TORNADO
MAX 32 OR BELOW: 0 0.01 INCH OR MORE: 14
MAX 90 OR ABOVE: 0 0.10 INCH OR MORE: 9
MIN 32 OR BELOW: 14 0.50 INCH OR MORE: 1
MIN 0 OR BELOW: 0 1.00 INCH OR MORE: 0
[HDD (BASE 65) ]
TOTAL THIS MO. 701 CLEAR (SCALE 0-3) 8
DPTR FM NORMAL -187 PTCLDY (SCALE 4-7) 8
TOTAL FM JUL 1 1594 CLOUDY (SCALE 8-10) 15
DPTR FM NORMAL -287
[CDD (BASE 65) ]
TOTAL THIS MO. 0
DPTR FM NORMAL 0 [PRESSURE DATA]
TOTAL FM JAN 1 823 HIGHEST SLP 30.79 ON 14
DPTR FM NORMAL -175 LOWEST SLP 29.61 ON 18
[REMARKS]
#FINAL-12-23#