000
CXUS52 KMFL 312022
CF6PMP
PRELIMINARY LOCAL CLIMATOLOGICAL DATA (WS FORM: F-6)
STATION: POMPANO BEACH ARPK
MONTH: JUNE
YEAR: 2022
LATITUDE: 26 14 N
LONGITUDE: 80 7 W
TEMPERATURE IN F: :PCPN: SNOW: WIND :SUNSHINE: SKY :PK WND
================================================================================
1 2 3 4 5 6A 6B 7 8 9 10 11 12 13 14 15 16 17 18
12Z AVG MX 2MIN
DY MAX MIN AVG DEP HDD CDD WTR SNW DPTH SPD SPD DIR MIN PSBL S-S WX SPD DR
================================================================================
1 89 72 81 0 0 16 2.99 0.0 0 6.9 22 50 M M 5 13 24 50
2 86 73 80 -2 0 15 0.00 0.0 0 5.7 15 230 M M 2 3 24 230
3 79 72 76 -6 0 11 2.35 0.0 0 10.3 23 130 M M 9 1 30 170
4 89 74 82 0 0 17 7.24 0.0 0 12.6 25 120 M M 9 13 34 130
5 88 73 81 -1 0 16 0.18 0.0 0 7.6 15 150 M M 4 18 18 150
6 89 74 82 0 0 17 0.15 0.0 M 6.9 29 30 M M 5 13 35 20
7 85 75 80 -2 0 15 0.07 0.0 M 8.3 18 200 M M 5 3 26 210
8 88 73 81 -1 0 16 0.32 0.0 0 6.2 20 150 M M 3 13 23 320
9 91 75 83 1 0 18 0.15 0.0 0 4.6 14 160 M M 3 13 19 290
10 90 75 83 1 0 18 0.25 M M 7.3 20 220 M M 3 13 24 230
11 88 73 81 -1 0 16 0.02 0.0 0 4.3 17 160 M M 3 3 22 150
12 91 76 84 2 0 19 0.00 0.0 0 7.1 18 150 M M 2 3 22 150
13 90 79 85 3 0 20 0.00 0.0 0 7.0 15 100 M M 2 3 20 120
14 89 79 84 1 0 19 0.03 0.0 0 6.7 14 130 M M 1 1 18 100
15 90 77 84 1 0 19 0.00 M M 7.1 15 110 M M 1 18 110
16 90 81 86 3 0 21 0.00 0.0 0 7.1 15 100 M M 1 18 100
17 89 80 85 2 0 20 0.03 0.0 0 8.5 15 70 M M 2 3 19 100
18 90 76 83 0 0 18 0.00 0.0 0 6.0 24 340 M M 1 33 330
19 91 77 84 1 0 19 0.00 0.0 0 6.0 14 130 M M 3 3 19 110
20 91 79 85 2 0 20 0.00 0.0 0 5.6 13 90 M M 2 3 19 110
21 89 77 83 0 0 18 0.19 0.0 M 11.4 23 50 M M 5 28 50
22 87 79 83 0 0 18 0.00 0.0 M 10.6 17 60 M M 5 21 60
23 88 74 81 -2 0 16 0.00 0.0 0 6.6 14 130 M M 1 20 140
24 93 79 86 3 0 21 0.00 0.0 0 7.4 18 160 M M 2 3 22 140
25 91 79 85 2 0 20 T 0.0 0 4.5 21 210 M M 3 3 30 200
26 91 79 85 2 0 20 0.03 0.0 0 5.8 15 120 M M 2 20 100
27 91 80 86 3 0 21 0.00 M M 8.5 20 130 M M 1 23 140
28 90 79 85 2 0 20 0.01 M M 7.9 15 90 M M 3 19 90
29 90 79 85 1 0 20 0.00 0.0 0 6.2 14 120 M M 4 3 17 130
30 92 80 86 2 0 21 0.00 0.0 0 9.0 18 120 M M 3 3 24 140
================================================================================
SM 2675 2298 0 545 14.01 0.0 219.7 M 95
================================================================================
AV 89.2 76.6 7.3 FASTST M M 3 MAX(MPH)
MISC ----> 29 30 35 20
================================================================================
NOTES:
# LAST OF SEVERAL OCCURRENCES
COLUMN 17 PEAK WIND IN M.P.H.
PRELIMINARY LOCAL CLIMATOLOGICAL DATA (WS FORM: F-6) , PAGE 2
STATION: POMPANO BEACH ARPK
MONTH: JUNE
YEAR: 2022
LATITUDE: 26 14 N
LONGITUDE: 80 7 W
[TEMPERATURE DATA] [PRECIPITATION DATA] SYMBOLS USED IN COLUMN 16
AVERAGE MONTHLY: 82.9 TOTAL FOR MONTH: 14.01 1 = FOG OR MIST
DPTR FM NORMAL: 0.3 DPTR FM NORMAL: 5.96 2 = FOG REDUCING VISIBILITY
HIGHEST: 93 ON 24 GRTST 24HR 7.24 ON 4- 4 TO 1/4 MILE OR LESS
LOWEST: 72 ON 3, 1 3 = THUNDER
SNOW, ICE PELLETS, HAIL 4 = ICE PELLETS
TOTAL MONTH: 0.0 INCH 5 = HAIL
GRTST 24HR 0.0 6 = FREEZING RAIN OR DRIZZLE
GRTST DEPTH: 0 7 = DUSTSTORM OR SANDSTORM:
VSBY 1/2 MILE OR LESS
8 = SMOKE OR HAZE
[NO. OF DAYS WITH] [WEATHER - DAYS WITH] 9 = BLOWING SNOW
X = TORNADO
MAX 32 OR BELOW: 0 0.01 INCH OR MORE: 15
MAX 90 OR ABOVE: 16 0.10 INCH OR MORE: 9
MIN 32 OR BELOW: 0 0.50 INCH OR MORE: 3
MIN 0 OR BELOW: 0 1.00 INCH OR MORE: 3
[HDD (BASE 65) ]
TOTAL THIS MO. 0 CLEAR (SCALE 0-3) 19
DPTR FM NORMAL 0 PTCLDY (SCALE 4-7) 9
TOTAL FM JUL 1 67 CLOUDY (SCALE 8-10) 2
DPTR FM NORMAL -67
[CDD (BASE 65) ]
TOTAL THIS MO. 545
DPTR FM NORMAL 17 [PRESSURE DATA]
TOTAL FM JAN 1 2226 HIGHEST SLP 30.17 ON 29
DPTR FM NORMAL 314 LOWEST SLP 29.57 ON 4
[REMARKS]
#FINAL-06-22#