000
CXUS54 KOUN 010910
CF6PNC
PRELIMINARY LOCAL CLIMATOLOGICAL DATA (WS FORM: F-6)
STATION: PONCA CITY
MONTH: JANUARY
YEAR: 2022
LATITUDE: 36 44 N
LONGITUDE: 97 6 W
TEMPERATURE IN F: :PCPN: SNOW: WIND :SUNSHINE: SKY :PK WND
================================================================================
1 2 3 4 5 6A 6B 7 8 9 10 11 12 13 14 15 16 17 18
12Z AVG MX 2MIN
DY MAX MIN AVG DEP HDD CDD WTR SNW DPTH SPD SPD DIR MIN PSBL S-S WX SPD DR
================================================================================
1 42 12 27 -9 38 0 0.04 M 0 16.8 28 360 M M 10 16 32 360
2 28 11 20 -16 45 0 T T M 8.4 24 350 M M 3 30 350
3 53 13 33 -3 32 0 0.00 0.0 0 6.1 18 160 M M 0 25 160
4 56 29 43 7 22 0 0.00 0.0 0 11.4 23 170 M M M 33 160
5 44 22 33 -3 32 0 0.00 0.0 0 11.8 21 40 M M M 25 30
6 23 12 18 -18 47 0 T T 0 14.1 25 360 M M M 30 360
7 34 11 23 -13 42 0 0.00 0.0 0 8.6 21 150 M M 0 24 150
8 55 29 42 6 23 0 T 0.0 0 15.7 26 20 M M 9 1 36 170
9 44 16 30 -6 35 0 0.00 0.0 0 13.0 26 10 M M 1 1 34 10
10 56 13 35 -1 30 0 0.00 0.0 0 2.7 10 240 M M 0 15 260
11 63 23 43 7 22 0 0.00 0.0 0 8.9 22 210 M M 0 31 220
12 61 23 42 6 23 0 0.00 0.0 0 3.5 10 250 M M 0 15 260
13 68 27 48 12 17 0 0.00 0.0 0 4.1 17 360 M M 0 22 10
14 59 35 47 11 18 0 0.00 0.0 0 13.1 38 360 M M 2 50 350
15 36 23 30 -6 35 0 T T 0 20.9 33 340 M M 10 45 340
16 51 23 37 1 28 0 0.00 0.0 0 4.4 13 210 M M 5 1 16 210
17 60 18 39 3 26 0 0.00 0.0 0 5.3 15 210 M M 0 20 210
18 62 29 46 10 19 0 0.00 0.0 0 6.4 14 150 M M 0 17 150
19 45 20 33 -3 32 0 0.00 0.0 0 23.0 35 20 M M 4 43 20
20 27 7 17 -19 48 0 0.00 0.0 0 10.3 24 20 M M 2 29 20
21 37 5 21 -15 44 0 0.00 0.0 0 5.3 13 150 M M 0 8 16 160
22 51 14 33 -3 32 0 0.00 0.0 0 2.6 8 210 M M 0 11 230
23 60 20 40 4 25 0 0.00 0.0 0 4.1 16 360 M M 0 20 360
24 65 23 44 8 21 0 0.00 0.0 0 7.9 26 40 M M 0 30 30
25 41 21 31 -5 34 0 0.00 M M 12.5 20 50 M M 5 23 60
26 35 18 27 -9 38 0 T M M 6.0 16 40 M M 9 1 19 40
27 49 19 34 -2 31 0 0.00 M M 4.9 17 350 M M 3 128 21 360
28 49 18 34 -3 31 0 0.00 M M 3.9 14 330 M M 0 17 330
29 65 18 42 5 23 0 0.00 M M 4.7 14 270 M M 0 18 260
30 62 19 41 4 24 0 0.00 M M 3.6 12 80 M M 0 17 80
31 72 19 46 9 19 0 0.00 0.0 M 7.5 18 170 M M 0 27 160
================================================================================
SM 1553 590 936 0 0.04 T 271.5 M 63
================================================================================
AV 50.1 19.0 8.8 FASTST M M 2 MAX(MPH)
MISC ----> 38 360 50 350
================================================================================
NOTES:
# LAST OF SEVERAL OCCURRENCES
COLUMN 17 PEAK WIND IN M.P.H.
PRELIMINARY LOCAL CLIMATOLOGICAL DATA (WS FORM: F-6) , PAGE 2
STATION: PONCA CITY
MONTH: JANUARY
YEAR: 2022
LATITUDE: 36 44 N
LONGITUDE: 97 6 W
[TEMPERATURE DATA] [PRECIPITATION DATA] SYMBOLS USED IN COLUMN 16
AVERAGE MONTHLY: 34.6 TOTAL FOR MONTH: 0.04 1 = FOG OR MIST
DPTR FM NORMAL: -1.3 DPTR FM NORMAL: -0.98 2 = FOG REDUCING VISIBILITY
HIGHEST: 72 ON 31 GRTST 24HR 0.20 ON 1- 1 TO 1/4 MILE OR LESS
LOWEST: 5 ON 21 3 = THUNDER
SNOW, ICE PELLETS, HAIL 4 = ICE PELLETS
TOTAL MONTH: T 5 = HAIL
GRTST 24HR T ON 2- 2 6 = FREEZING RAIN OR DRIZZLE
GRTST DEPTH: 0 7 = DUSTSTORM OR SANDSTORM:
VSBY 1/2 MILE OR LESS
8 = SMOKE OR HAZE
[NO. OF DAYS WITH] [WEATHER - DAYS WITH] 9 = BLOWING SNOW
X = TORNADO
MAX 32 OR BELOW: 3 0.01 INCH OR MORE: 1
MAX 90 OR ABOVE: 0 0.10 INCH OR MORE: 0
MIN 32 OR BELOW: 30 0.50 INCH OR MORE: 0
MIN 0 OR BELOW: 0 1.00 INCH OR MORE: 0
[HDD (BASE 65) ]
TOTAL THIS MO. 936 CLEAR (SCALE 0-3) 21
DPTR FM NORMAL 34 PTCLDY (SCALE 4-7) 3
TOTAL FM JUL 1 1964 CLOUDY (SCALE 8-10) 7
DPTR FM NORMAL -505
[CDD (BASE 65) ]
TOTAL THIS MO. 0
DPTR FM NORMAL 0 [PRESSURE DATA]
TOTAL FM JAN 1 0 HIGHEST SLP 30.74 ON 20
DPTR FM NORMAL 0 LOWEST SLP 29.60 ON 1
[REMARKS]
#FINAL-01-22#