000
CXUS54 KMOB 011513
CF6PNS
PRELIMINARY LOCAL CLIMATOLOGICAL DATA (WS FORM: F-6)
STATION: PENSACOLA
MONTH: SEPTEMBER
YEAR: 2022
LATITUDE: 30 28 N
LONGITUDE: 87 12 W
TEMPERATURE IN F: :PCPN: SNOW: WIND :SUNSHINE: SKY :PK WND
================================================================================
1 2 3 4 5 6A 6B 7 8 9 10 11 12 13 14 15 16 17 18
12Z AVG MX 2MIN
DY MAX MIN AVG DEP HDD CDD WTR SNW DPTH SPD SPD DIR MIN PSBL S-S WX SPD DR
================================================================================
1 91 77 84 2 0 19 T 0.0 0 4.6 14 140 M M 2 3 19 150
2 92 77 85 3 0 20 0.00 0.0 0 5.9 15 180 M M 1 20 190
3 88 78 83 1 0 18 0.00 0.0 0 5.6 17 140 M M 2 3 22 150
4 89 77 83 1 0 18 0.21 0.0 0 6.8 15 200 M M 2 1 21 190
5 90 75 83 1 0 18 0.02 0.0 0 5.2 16 200 M M 2 13 20 190
6 91 76 84 2 0 19 0.00 0.0 0 4.4 12 180 M M 3 17 310
7 88 77 83 1 0 18 T 0.0 0 4.3 10 340 M M 2 1 14 360
8 92 71 82 1 0 17 0.05 0.0 0 5.1 15 80 M M 2 13 21 80
9 84 74 79 -2 0 14 0.70 0.0 0 7.0 17 110 M M 6 13 22 100
10 86 75 81 0 0 16 0.01 0.0 0 6.9 20 100 M M 4 13 25 110
11 86 76 81 0 0 16 0.25 0.0 0 4.2 13 150 M M 3 13 17 140
12 87 73 80 -1 0 15 0.95 0.0 0 5.4 13 330 M M 2 13 18 150
13 86 70 78 -3 0 13 0.00 0.0 0 7.7 9 340 M M 0 M M
14 89 65 77 -3 0 12 0.00 0.0 0 5.0 12 70 M M 0 16 60
15 91 68 80 0 0 15 0.00 0.0 0 5.5 12 90 M M 1 15 90
16 89 72 81 1 0 16 0.00 0.0 0 5.7 10 120 M M 2 15 120
17 89 75 82 2 0 17 M 0.0 0 7.5 18 130 M M 3 25 120
18 93 75 84 4 0 19 0.00 0.0 0 4.7 12 130 M M 1 19 110
19 92 71 82 2 0 17 0.00 0.0 0 6.5 15 20 M M 0 24 10
20 94 73 84 5 0 19 0.00 0.0 0 4.5 12 350 M M 0 16 350
21 92 76 84 5 0 19 0.00 0.0 0 4.3 13 170 M M 1 1 19 160
22 98 74 86 7 0 21 0.00 0.0 0 5.6 13 180 M M 0 18 17 340
23 92 73 83 4 0 18 0.00 0.0 0 6.6 14 340 M M 0 21 30
24 88 69 79 1 0 14 0.00 0.0 0 4.6 13 160 M M 1 17 160
25 93 72 83 5 0 18 0.00 0.0 0 4.7 13 210 M M 1 16 330
26 91 75 83 5 0 18 0.01 0.0 0 6.7 15 350 M M 2 1 22 350
27 86 66 76 -2 0 11 0.00 0.0 0 10.1 17 350 M M 0 27 350
28 82 62 72 -5 0 7 0.00 0.0 0 11.4 21 10 M M 0 35 360
29 80 57 69 -8 0 4 0.00 0.0 0 11.1 20 10 M M 1 30 350
30 84 59 72 -5 0 7 0.00 0.0 0 9.6 20 320 M M 2 26 360
================================================================================
SM 2673 2158 0 473 2.20 0.0 187.2 M 46
================================================================================
AV 89.1 71.9 6.2 FASTST M M 2 MAX(MPH)
MISC ----> 21 10 35 360
================================================================================
NOTES:
# LAST OF SEVERAL OCCURRENCES
COLUMN 17 PEAK WIND IN M.P.H.
PRELIMINARY LOCAL CLIMATOLOGICAL DATA (WS FORM: F-6) , PAGE 2
STATION: PENSACOLA
MONTH: SEPTEMBER
YEAR: 2022
LATITUDE: 30 28 N
LONGITUDE: 87 12 W
[TEMPERATURE DATA] [PRECIPITATION DATA] SYMBOLS USED IN COLUMN 16
AVERAGE MONTHLY: 80.5 TOTAL FOR MONTH: 2.20 1 = FOG OR MIST
DPTR FM NORMAL: 0.5 DPTR FM NORMAL: -4.41 2 = FOG REDUCING VISIBILITY
HIGHEST: 98 ON 22 GRTST 24HR 0.95 ON 12-12 TO 1/4 MILE OR LESS
LOWEST: 57 ON 29 3 = THUNDER
SNOW, ICE PELLETS, HAIL 4 = ICE PELLETS
TOTAL MONTH: 0.0 INCH 5 = HAIL
GRTST 24HR 0.0 6 = FREEZING RAIN OR DRIZZLE
GRTST DEPTH: 0 7 = DUSTSTORM OR SANDSTORM:
VSBY 1/2 MILE OR LESS
8 = SMOKE OR HAZE
[NO. OF DAYS WITH] [WEATHER - DAYS WITH] 9 = BLOWING SNOW
X = TORNADO
MAX 32 OR BELOW: 0 0.01 INCH OR MORE: 8
MAX 90 OR ABOVE: 14 0.10 INCH OR MORE: 4
MIN 32 OR BELOW: 0 0.50 INCH OR MORE: 2
MIN 0 OR BELOW: 0 1.00 INCH OR MORE: 0
[HDD (BASE 65) ]
TOTAL THIS MO. 0 CLEAR (SCALE 0-3) 28
DPTR FM NORMAL 0 PTCLDY (SCALE 4-7) 2
TOTAL FM JUL 1 0 CLOUDY (SCALE 8-10) 0
DPTR FM NORMAL 0
[CDD (BASE 65) ]
TOTAL THIS MO. 473
DPTR FM NORMAL 23 [PRESSURE DATA]
TOTAL FM JAN 1 2915 HIGHEST SLP 30.12 ON 28
DPTR FM NORMAL 271 LOWEST SLP 29.70 ON 8
[REMARKS]
#FINAL-09-22#