000
CXUS54 KMOB 011425
CLMPNS
CLIMATE REPORT
NATIONAL WEATHER SERVICE MOBILE AL
925 AM CDT MON MAY 01 2023
...................................
...THE PENSACOLA CLIMATE SUMMARY FOR THE MONTH OF APRIL 2023...
CLIMATE NORMAL PERIOD: 1991 TO 2020
CLIMATE RECORD PERIOD: 1879 TO 2023
WEATHER OBSERVED NORMAL DEPART LAST YEAR`S
VALUE DATE(S) VALUE FROM VALUE DATE(S)
NORMAL
................................................................
TEMPERATURE (F)
RECORD
HIGH 96 04/22/1987
LOW 33 04/04/1987
HIGHEST 86 04/01 86 04/26
LOWEST 49 04/17 45 04/09
AVG. MAXIMUM 78.8 77.6 1.2 79.4
AVG. MINIMUM 62.0 59.0 3.0 61.7
MEAN 70.4 68.3 2.1 70.5
DAYS MAX >= 90 0 0.0 0.0 0
DAYS MAX <= 32 0 0.0 0.0 0
DAYS MIN <= 32 0 0.0 0.0 0
DAYS MIN <= 0 0 0.0 0.0 0
PRECIPITATION (INCHES)
RECORD
MAXIMUM 29.53 2014
MINIMUM 0.06 1915
TOTALS 7.34 5.52 1.82 4.03
DAILY AVG. 0.24 0.18 0.06 0.13
DAYS >= .01 10 7.1 2.9 7
DAYS >= .10 7 5.0 2.0 4
DAYS >= .50 3 3.1 -0.1 3
DAYS >= 1.00 1 1.7 -0.7 2
GREATEST
24 HR. TOTAL 4.13 04/27 TO 04/27
SNOWFALL (INCHES)
RECORDS
TOTAL T 2007
SNOW DEPTH 0
TOTALS 0.0
SINCE 7/1 0.0
SNOWDEPTH AVG. 0
DAYS >= 1.0 0
GREATEST
SNOW DEPTH 0
24 HR TOTAL 0.0
DEGREE DAYS
HEATING TOTAL 9 35 -26 13
SINCE 7/1 853 1302 -449 1013
COOLING TOTAL 180 134 46 185
SINCE 1/1 502 220 282 295
................................................................
WIND (MPH)
AVERAGE WIND SPEED 8.4
HIGHEST WIND SPEED/DIRECTION 33/120 DATE 04/13
HIGHEST GUST SPEED/DIRECTION 50/100 DATE 04/13
SKY COVER
POSSIBLE SUNSHINE (PERCENT)
AVERAGE SKY COVER 0.43
NUMBER OF DAYS FAIR 14
NUMBER OF DAYS PC 10
NUMBER OF DAYS CLOUDY 6
AVERAGE RH (PERCENT) 70
WEATHER CONDITIONS. NUMBER OF DAYS WITH
THUNDERSTORM 6 MIXED PRECIP 0
HEAVY RAIN 6 RAIN 6
LIGHT RAIN 11 FREEZING RAIN 0
LT FREEZING RAIN 0 HAIL 0
HEAVY SNOW 0 SNOW 0
LIGHT SNOW 0 SLEET 0
FOG 17 FOG W/VIS <= 1/4 MILE 7
HAZE 1
- INDICATES NEGATIVE NUMBERS.
R INDICATES RECORD WAS SET OR TIED.
MM INDICATES DATA IS MISSING.
T INDICATES TRACE AMOUNT.
$$