000
CXUS51 KALY 011941
CLSPOU
CLIMATE REPORT
NATIONAL WEATHER SERVICE ALBANY NY
341 PM EDT FRI SEP 01 2023
...................................
...THE POUGHKEEPSIE NY CLIMATE SUMMARY FOR THE SEASON, FROM
6/1/2023 TO 8/31/2023...
CLIMATE NORMAL PERIOD: 1991 TO 2020
CLIMATE RECORD PERIOD: 1931 TO 2023
WEATHER OBSERVED NORMAL DEPART LAST YEAR`S
VALUE DATE(S) VALUE FROM VALUE DATE(S)
NORMAL
................................................................
TEMPERATURE (F)
RECORD
HIGH 104 08/01/1933
LOW 35 06/01/2001
06/01/1984
HIGHEST 95 06/02 99 08/04
LOWEST 42 06/04 45 06/05
06/07
06/20
AVG. MAXIMUM 81.4 82.5 -1.1 85.9
AVG. MINIMUM 60.4 60.1 0.3 61.0
MEAN 70.9 71.3 -0.4 73.5
DAYS MAX >= 90 9 16.1 -7.1 30
DAYS MAX <= 32 0 0.0 0.0 0
DAYS MIN <= 32 0 0.0 0.0 0
DAYS MIN <= 0 0 0.0 0.0 0
PRECIPITATION (INCHES)
RECORD
MAXIMUM 22.32 1945
MINIMUM 2.87 1966
TOTALS 16.66 11.97 4.69 4.79
DAILY AVG. 0.18 0.05
DAYS >= .01 39 35.9 3.1 23
DAYS >= .10 28 21.1 6.9 13
DAYS >= .50 9 8.5 0.5 4
DAYS >= 1.00 5 3.1 1.9 0
GREATEST
24 HR. TOTAL 1.78 06/26 TO 06/27
DEGREE DAYS
HEATING TOTAL 52 46 6 19
SINCE 7/1 2 8 -6 0
COOLING TOTAL 621 624 -3 825
SINCE 1/1 644 664 -20 905
................................................................
WIND (MPH)
AVERAGE WIND SPEED 3.7
HIGHEST WIND SPEED/DIRECTION 28/030 DATE 07/24
HIGHEST GUST SPEED/DIRECTION 39/010 DATE 07/24
WEATHER CONDITIONS. NUMBER OF DAYS WITH
THUNDERSTORM 26 MIXED PRECIP 0
HEAVY RAIN 23 RAIN 19
LIGHT RAIN 39 FREEZING RAIN 0
LT FREEZING RAIN 0 HAIL 0
HEAVY SNOW 0 SNOW 0
LIGHT SNOW 0 SLEET 0
FOG 60 FOG W/VIS <= 1/4 MILE 9
HAZE 18
- INDICATES NEGATIVE NUMBERS.
R INDICATES RECORD WAS SET OR TIED.
MM INDICATES DATA IS MISSING.
T INDICATES TRACE AMOUNT.
$$