000
CXUS54 KFWD 010731
CF6PSN
PRELIMINARY LOCAL CLIMATOLOGICAL DATA (WS FORM: F-6)
STATION: PALESTINE
MONTH: APRIL
YEAR: 2023
LATITUDE: 31 46 N
LONGITUDE: 95 42 W
TEMPERATURE IN F: :PCPN: SNOW: WIND :SUNSHINE: SKY :PK WND
================================================================================
1 2 3 4 5 6A 6B 7 8 9 10 11 12 13 14 15 16 17 18
12Z AVG MX 2MIN
DY MAX MIN AVG DEP HDD CDD WTR SNW DPTH SPD SPD DIR MIN PSBL S-S WX SPD DR
================================================================================
1 79 45 62 2 3 0 0.00 M M 4.2 10 340 M M 2 12 15 30
2 79 54 67 6 0 2 0.00 M M 8.1 18 160 M M 7 30 180
3 88 68 78 17 0 13 0.00 M M 10.3 14 170 M M 6 8 21 180
4 84 72 78 17 0 13 0.00 M M 12.9 17 170 M M 8 18 31 170
5 75 54 65 4 0 0 0.64 M M 10.4 16 350 M M 8 13 26 270
6 55 48 52 -10 13 0 0.84 M M 10.1 16 30 M M 10 13 23 30
7 52 48 50 -12 15 0 0.01 M M 9.4 13 20 M M 10 1 23 30
8 72 52 62 0 3 0 0.00 M M 4.0 8 360 M M 9 1 14 30
9 72 54 63 1 2 0 0.00 M M 3.7 8 90 M M 8 1 13 100
10 72 52 62 -1 3 0 0.00 M M 4.4 12 110 M M 9 15 110
11 75 50 63 0 2 0 0.00 M M 4.7 10 130 M M 4 18 60
12 75 52 64 1 1 0 0.00 M M 3.7 9 140 M M 4 16 99
13 77 57 67 4 0 2 0.00 M M 3.7 8 140 M M 1 14 150
14 81 57 69 5 0 4 0.00 M M 8.5 15 200 M M 6 22 200
15 86 61 74 10 0 9 0.00 M M 10.1 17 320 M M 3 23 320
16 70 46 58 -6 7 0 0.00 M M 7.3 16 340 M M 2 20 10
17 79 41 60 -4 5 0 0.00 M M 3.9 10 210 M M 3 17 140
18 72 54 63 -2 2 0 0.00 M M 8.4 14 130 M M 7 8 21 140
19 82 64 73 8 0 8 0.00 M M 10.7 18 190 M M 8 28 190
20 79 64 72 7 0 7 0.84 M M 8.8 15 110 M M 9 13 23 170
21 75 55 65 -1 0 0 0.00 M M 5.8 14 360 M M 8 18 16 10
22 77 52 65 -1 0 0 0.00 M M 5.7 12 20 M M 4 8 24 20
23 63 48 56 -10 9 0 0.19 M M 10.2 16 60 M M 8 18 26 60
24 70 46 58 -8 7 0 0.00 M M 6.5 9 110 M M 8 18 110
25 72 55 64 -3 1 0 0.00 M M 7.8 12 100 M M 9 18 130
26 75 57 66 -1 0 1 1.62 M M 10.2 17 50 M M 8 13 24 60
27 72 52 62 -5 3 0 0.05 M M 6.1 14 310 M M 7 1 24 310
28 79 48 64 -4 1 0 0.08 M M 6.7 25 330 M M 4 1 22 30
29 68 48 58 -10 7 0 0.03 M M 9.8 17 330 M M 7 1 29 290
30 84 45 65 -3 0 0 0.00 M M 4.7 10 250 M M 1 20 50
================================================================================
SM 2239 1599 84 59 4.30 M 220.5 M 188
================================================================================
AV 74.6 53.3 7.4 FASTST M M 6 MAX(MPH)
MISC ----> 25 330 31 170
================================================================================
NOTES:
# LAST OF SEVERAL OCCURRENCES
COLUMN 17 PEAK WIND IN M.P.H.
PRELIMINARY LOCAL CLIMATOLOGICAL DATA (WS FORM: F-6) , PAGE 2
STATION: PALESTINE
MONTH: APRIL
YEAR: 2023
LATITUDE: 31 46 N
LONGITUDE: 95 42 W
[TEMPERATURE DATA] [PRECIPITATION DATA] SYMBOLS USED IN COLUMN 16
AVERAGE MONTHLY: 64.0 TOTAL FOR MONTH: 4.30 1 = FOG OR MIST
DPTR FM NORMAL: -0.1 DPTR FM NORMAL: 1.01 2 = FOG REDUCING VISIBILITY
HIGHEST: 88 ON 3 GRTST 24HR 1.62 ON 26-26 TO 1/4 MILE OR LESS
LOWEST: 41 ON 17 3 = THUNDER
SNOW, ICE PELLETS, HAIL 4 = ICE PELLETS
TOTAL MONTH: M 5 = HAIL
GRTST 24HR M ON M 6 = FREEZING RAIN OR DRIZZLE
GRTST DEPTH: M ON M 7 = DUSTSTORM OR SANDSTORM:
VSBY 1/2 MILE OR LESS
8 = SMOKE OR HAZE
[NO. OF DAYS WITH] [WEATHER - DAYS WITH] 9 = BLOWING SNOW
X = TORNADO
MAX 32 OR BELOW: 0 0.01 INCH OR MORE: 9
MAX 90 OR ABOVE: 0 0.10 INCH OR MORE: 5
MIN 32 OR BELOW: 0 0.50 INCH OR MORE: 4
MIN 0 OR BELOW: 0 1.00 INCH OR MORE: 1
[HDD (BASE 65) ]
TOTAL THIS MO. 84 CLEAR (SCALE 0-3) 5
DPTR FM NORMAL -21 PTCLDY (SCALE 4-7) 16
TOTAL FM JUL 1 1763 CLOUDY (SCALE 8-10) 9
DPTR FM NORMAL -597
[CDD (BASE 65) ]
TOTAL THIS MO. 59
DPTR FM NORMAL -19 [PRESSURE DATA]
TOTAL FM JAN 1 165 HIGHEST SLP M ON M
DPTR FM NORMAL 57 LOWEST SLP M ON M
[REMARKS]
#FINAL-04-23#