000
CXUS54 KHGX 011410
CF6PSX
PRELIMINARY LOCAL CLIMATOLOGICAL DATA (WS FORM: F-6)
STATION: PALACIOS
MONTH: MAY
YEAR: 2021
LATITUDE: 28 43 N
LONGITUDE: 96 15 W
TEMPERATURE IN F: :PCPN: SNOW: WIND :SUNSHINE: SKY :PK WND
================================================================================
1 2 3 4 5 6A 6B 7 8 9 10 11 12 13 14 15 16 17 18
12Z AVG MX 2MIN
DY MAX MIN AVG DEP HDD CDD WTR SNW DPTH SPD SPD DIR MIN PSBL S-S WX SPD DR
================================================================================
1 76 69 73 -2 0 8 1.96 0.0 0 14.1 32 140 M M 9 13 41 130
2 78 68 73 -2 0 8 0.00 0.0 0 11.4 20 180 M M 4 1 26 180
3 82 75 79 4 0 14 0.00 0.0 0 15.1 22 180 M M 10 18 29 180
4 87 72 80 5 0 15 0.14 0.0 0 10.4 24 360 M M 9 138 28 350
5 82 64 73 -3 0 8 0.00 0.0 0 10.9 20 10 M M 3 24 20
6 85 63 74 -2 0 9 0.00 0.0 0 7.7 17 30 M M 0 1 22 30
7 84 62 73 -3 0 8 0.00 0.0 0 10.1 18 130 M M 0 1 23 130
8 83 73 78 2 0 13 0.00 0.0 0 17.3 26 150 M M 8 33 150
9 84 77 81 5 0 16 0.00 0.0 0 16.4 24 160 M M 10 18 31 150
10 85 76 81 4 0 16 0.00 0.0 0 12.0 20 130 M M 9 1 23 130
11 85 69 77 0 0 12 0.03 0.0 0 10.7 21 20 M M 8 13 28 120
12 78 65 72 -5 0 7 0.01 0.0 0 16.5 23 360 M M 9 1 28 350
13 79 63 71 -6 0 6 0.00 0.0 0 10.9 20 360 M M 9 24 360
14 83 63 73 -5 0 8 0.00 0.0 0 10.1 22 110 M M 4 25 110
15 82 68 75 -3 0 10 T 0.0 0 13.8 28 120 M M 2 32 130
16 77 68 73 -5 0 8 5.40 0.0 0 12.3 30 250 M M 6 123 42 260
17 83 70 77 -1 0 12 0.00 0.0 0 14.0 26 80 M M 8 1 34 80
18 86 66 76 -3 0 11 3.54 0.0 0 15.4 28 40 M M 6 13 41 30
19 71 65 68 -11 0 3 3.70 0.0 0 12.7 29 110 M M 7 13 36 120
20 82 64 73 -6 0 8 0.00 0.0 0 5.4 10 40 M M 3 1 13 350
21 86 68 77 -2 0 12 0.19 0.0 0 10.3 25 80 M M 4 1 38 100
22 82 75 79 -1 0 14 0.42 0.0 0 17.0 30 130 M M 8 1 38 150
23 81 72 77 -3 0 12 0.45 0.0 0 14.3 24 100 M M 9 1 30 110
24 83 74 79 -1 0 14 0.25 0.0 0 14.3 23 150 M M 9 18 28 140
25 82 76 79 -1 0 14 T 0.0 0 15.6 23 150 M M 10 33 150
26 85 77 81 1 0 16 0.00 0.0 0 12.6 18 130 M M 7 25 140
27 85 76 81 0 0 16 0.00 0.0 0 13.6 18 150 M M 6 28 170
28 86 67 77 -4 0 12 0.85 0.0 0 12.9 36 360 M M 7 13 43 350
29 86 67 77 -4 0 12 0.03 0.0 0 10.3 31 80 M M 2 38 70
30 86 73 80 -1 0 15 0.00 0.0 0 11.0 21 120 M M 2 35 60
31 85 76 81 -1 0 16 0.00 0.0 0 13.4 22 120 M M 4 25 120
================================================================================
SM 2559 2161 0 353 16.97 0.0 392.5 M 192
================================================================================
AV 82.5 69.7 12.7 FASTST M M 6 MAX(MPH)
MISC ----> 36 360 43 350
================================================================================
NOTES:
# LAST OF SEVERAL OCCURRENCES
COLUMN 17 PEAK WIND IN M.P.H.
PRELIMINARY LOCAL CLIMATOLOGICAL DATA (WS FORM: F-6) , PAGE 2
STATION: PALACIOS
MONTH: MAY
YEAR: 2021
LATITUDE: 28 43 N
LONGITUDE: 96 15 W
[TEMPERATURE DATA] [PRECIPITATION DATA] SYMBOLS USED IN COLUMN 16
AVERAGE MONTHLY: 76.1 TOTAL FOR MONTH: 16.97 1 = FOG OR MIST
DPTR FM NORMAL: -2.0 DPTR FM NORMAL: 13.11 2 = FOG REDUCING VISIBILITY
HIGHEST: 87 ON 4 GRTST 24HR 5.40 ON 16-16 TO 1/4 MILE OR LESS
LOWEST: 62 ON 7 3 = THUNDER
SNOW, ICE PELLETS, HAIL 4 = ICE PELLETS
TOTAL MONTH: 0.0 INCH 5 = HAIL
GRTST 24HR 0.0 6 = FREEZING RAIN OR DRIZZLE
GRTST DEPTH: 0 7 = DUSTSTORM OR SANDSTORM:
VSBY 1/2 MILE OR LESS
8 = SMOKE OR HAZE
[NO. OF DAYS WITH] [WEATHER - DAYS WITH] 9 = BLOWING SNOW
X = TORNADO
MAX 32 OR BELOW: 0 0.01 INCH OR MORE: 13
MAX 90 OR ABOVE: 0 0.10 INCH OR MORE: 10
MIN 32 OR BELOW: 0 0.50 INCH OR MORE: 5
MIN 0 OR BELOW: 0 1.00 INCH OR MORE: 4
[HDD (BASE 65) ]
TOTAL THIS MO. 0 CLEAR (SCALE 0-3) 7
DPTR FM NORMAL -1 PTCLDY (SCALE 4-7) 13
TOTAL FM JUL 1 1090 CLOUDY (SCALE 8-10) 11
DPTR FM NORMAL 89
[CDD (BASE 65) ]
TOTAL THIS MO. 353
DPTR FM NORMAL -54 [PRESSURE DATA]
TOTAL FM JAN 1 683 HIGHEST SLP 30.25 ON 13
DPTR FM NORMAL -81 LOWEST SLP 29.56 ON 3
[REMARKS]
#FINAL-05-21#