000
CXUS55 KPUB 011729
CF6PUB
PRELIMINARY LOCAL CLIMATOLOGICAL DATA (WS FORM: F-6)
STATION: PUEBLO CO
MONTH: JUNE
YEAR: 2020
LATITUDE: 38 16 N
LONGITUDE: 104 31 W
TEMPERATURE IN F: :PCPN: SNOW: WIND :SUNSHINE: SKY :PK WND
================================================================================
1 2 3 4 5 6A 6B 7 8 9 10 11 12 13 14 15 16 17 18
12Z AVG MX 2MIN
DY MAX MIN AVG DEP HDD CDD WTR SNW DPTH SPD SPD DIR MIN PSBL S-S WX SPD DR
================================================================================
1 96 61 79 14 0 14 T 0.0 0 10.4 33 300 M M 1 3 45 280
2 96 63 80 14 0 15 0.01 0.0 0 11.1 30 350 M M 2 40 80
3 94 53 74 8 0 9 T 0.0 0 7.7 46 300 M M 0 3 61 300
4 99 56 78 12 0 13 0.00 0.0 0 8.0 29 330 M M 0 38 330
5 101 54 78 11 0 13 T 0.0 0 8.6 31 180 M M 0 42 180
6 95 63 79 12 0 14 0.21 0.0 0 10.3 41 180 M M 1 3 62 290
7 96 55 76 9 0 11 0.00 0.0 0 16.0 35 240 M M 0 49 190
8 93 57 75 7 0 10 0.00 0.0 0 15.5 47 360 M M 0 63 10
9 72 46 59 -9 6 0 0.25 0.0 0 14.0 43 10 M M 4 1 58 10
10 80 47 64 -4 1 0 0.00 0.0 0 7.8 20 130 M M 0 27 140
11 89 50 70 1 0 5 0.00 0.0 0 8.3 16 110 M M 0 23 120
12 93 55 74 5 0 9 0.00 0.0 0 9.3 23 140 M M 0 29 140
13 98 56 77 8 0 12 0.02 0.0 0 8.7 32 170 M M 1 3 46 180
14 98 61 80 10 0 15 0.00 0.0 0 12.1 33 170 M M 0 47 170
15 99 60 80 10 0 15 0.00 0.0 0 9.6 29 200 M M 0 42 200
16 99 56 78 8 0 13 0.00 0.0 0 11.4 31 160 M M 0 41 160
17 100 57 79 8 0 14 0.00 0.0 0 9.3 36 360 M M 0 48 360
18 82 63 73 2 0 8 0.00 0.0 0 18.3 38 10 M M 2 52 20
19 67 54 61 -10 4 0 0.09 0.0 0 7.1 17 20 M M 7 3 21 10
20 91 48 70 -2 0 5 0.00 0.0 0 7.2 21 120 M M 0 25 110
21 95 55 75 3 0 10 T 0.0 0 7.4 39 360 M M 0 51 20
22 91 56 74 2 0 9 0.04 0.0 0 6.1 22 360 M M 1 3 29 360
23 90 56 73 1 0 8 0.02 T 0 8.7 30 360 M M 2 35 38 360
24 97 56 77 4 0 12 0.01 0.0 0 5.8 32 340 M M 1 3 41 340
25 101 57 79 6 0 14 0.00 0.0 0 9.2 25 310 M M 1 3 37 290
26 91 64 78 5 0 13 0.00 0.0 0 11.6 28 30 M M 0 36 10
27 94 57 76 2 0 11 0.01 0.0 0 5.3 31 290 M M 1 3 40 280
28 100 54 77 3 0 12 0.00 0.0 0 7.7 26 290 M M 0 35 300
29 99 54 77 3 0 12 0.00 0.0 0 7.8 24 230 M M 0 32 230
30 91 61 76 2 0 11 0.00 0.0 0 13.0 33 280 M M 0 44 290
================================================================================
SM 2787 1685 11 307 0.66 T 293.3 M 24
================================================================================
AV 92.9 56.2 9.8 FASTST M M 1 MAX(MPH)
MISC ----> 47 360 63 10
================================================================================
NOTES:
COLUMN 17 PEAK WIND IN M.P.H.
PRELIMINARY LOCAL CLIMATOLOGICAL DATA (WS FORM: F-6) , PAGE 2
STATION: PUEBLO CO
MONTH: JUNE
YEAR: 2020
LATITUDE: 38 16 N
LONGITUDE: 104 31 W
[TEMPERATURE DATA] [PRECIPITATION DATA] SYMBOLS USED IN COLUMN 16
AVERAGE MONTHLY: 74.5 TOTAL FOR MONTH: 0.66 1 = FOG OR MIST
DPTR FM NORMAL: 4.5 DPTR FM NORMAL: -0.70 2 = FOG REDUCING VISIBILITY
HIGHEST: 101 ON 25, 5 GRTST 24HR 0.25 ON 9 TO 1/4 MILE OR LESS
LOWEST: 46 ON 9 3 = THUNDER
SNOW, ICE PELLETS, HAIL 4 = ICE PELLETS
TOTAL MONTH: T 5 = HAIL
GRTST 24HR T ON 23 6 = FREEZING RAIN OR DRIZZLE
GRTST DEPTH: 0 7 = DUSTSTORM OR SANDSTORM:
VSBY 1/2 MILE OR LESS
8 = SMOKE OR HAZE
[NO. OF DAYS WITH] [WEATHER - DAYS WITH] 9 = BLOWING SNOW
X = TORNADO
MAX 32 OR BELOW: 0 0.01 INCH OR MORE: 9
MAX 90 OR ABOVE: 25 0.10 INCH OR MORE: 2
MIN 32 OR BELOW: 0 0.50 INCH OR MORE: 0
MIN 0 OR BELOW: 0 1.00 INCH OR MORE: 0
[HDD (BASE 65) ]
TOTAL THIS MO. 11 CLEAR (SCALE 0-3) 28
DPTR FM NORMAL -14 PTCLDY (SCALE 4-7) 2
TOTAL FM JUL 1 5279 CLOUDY (SCALE 8-10) 0
DPTR FM NORMAL -356
[CDD (BASE 65) ]
TOTAL THIS MO. 307
DPTR FM NORMAL 132 [PRESSURE DATA]
TOTAL FM JAN 1 405 HIGHEST SLP 30.20 ON 12
DPTR FM NORMAL 196 LOWEST SLP 29.31 ON 8
[REMARKS]
#FINAL-06-20#