000
CXUS56 KOTX 010910
CF6PUW
PRELIMINARY LOCAL CLIMATOLOGICAL DATA (WS FORM: F-6)
STATION: PULLMAN_MOSCOW AIRPORT
MONTH: OCTOBER
YEAR: 2022
LATITUDE: 46 44 N
LONGITUDE: 117 7 W
TEMPERATURE IN F: :PCPN: SNOW: WIND :SUNSHINE: SKY :PK WND
================================================================================
1 2 3 4 5 6A 6B 7 8 9 10 11 12 13 14 15 16 17 18
12Z AVG MX 2MIN
DY MAX MIN AVG DEP HDD CDD WTR SNW DPTH SPD SPD DIR MIN PSBL S-S WX SPD DR
================================================================================
1 73 45 59 5 6 0 0.00 M M 1.6 7 160 M M 2 8 9 110
2 73 47 60 6 5 0 0.00 M M 2.3 10 100 M M 0 12 100
3 76 50 63 9 2 0 0.00 M M 5.7 14 120 M M 0 8 17 110
4 78 50 64 11 1 0 0.00 M M 5.0 16 120 M M 0 25 100
5 79 50 65 12 0 0 0.00 M M 4.6 14 100 M M 0 8 17 100
6 79 49 64 12 1 0 0.00 M M 3.4 16 100 M M 0 19 110
7 75 45 60 8 5 0 0.00 M M 2.0 12 110 M M 0 14 100
8 75 45 60 9 5 0 0.00 M M 1.6 8 360 M M 0 18 12 10
9 74 43 59 8 6 0 0.00 M M 2.2 9 90 M M 0 14 130
10 73 44 59 8 6 0 0.00 M M 9.8 25 240 M M 0 8 32 240
11 66 43 55 5 10 0 0.00 M M 6.7 16 250 M M 0 8 22 270
12 71 44 58 8 7 0 0.00 M M 3.8 13 100 M M 0 15 100
13 73 41 57 8 8 0 0.00 M M 2.9 16 100 M M 0 25 90
14 71 41 56 7 9 0 0.00 M M 2.5 13 100 M M 0 8 15 100
15 75 43 59 10 6 0 0.00 M M 5.8 21 100 M M 0 25 100
16 75 48 62 14 3 0 0.00 M M 7.3 18 100 M M 0 22 110
17 76 42 59 11 6 0 0.00 M M 4.6 21 100 M M 0 8 26 90
18 73 40 57 10 8 0 0.00 M M 2.3 13 100 M M 0 8 14 110
19 72 38 55 8 10 0 0.00 M M 2.4 9 170 M M 0 18 13 170
20 68 39 54 7 11 0 T M M 3.5 14 130 M M 2 8 17 140
21 53 39 46 0 19 0 0.47 M M 10.9 24 250 M M 8 18 32 250
22 46 35 41 -5 24 0 0.23 M M 6.7 18 240 M M 9 1 25 250
23 45 32 39 -7 26 0 0.00 M M 4.9 16 240 M M 7 21 260
24 44 34 39 -6 26 0 0.30 M M 10.1 18 240 M M 7 1 26 250
25 49 39 44 -1 21 0 T M M 11.6 21 240 M M 7 28 210
26 46 34 40 -5 25 0 0.13 M M 11.5 20 250 M M 8 1 26 240
27 51 31 41 -3 24 0 0.00 M M 8.2 18 150 M M 0 21 150
28 55 40 48 4 17 0 T M M 8.4 18 150 M M 4 23 140
29 57 40 49 5 16 0 T M M 4.4 13 220 M M 6 16 240
30 55 41 48 5 17 0 T M M 6.5 17 220 M M 9 24 230
31 51 43 47 4 18 0 0.70 M M 6.8 16 240 M M 10 1 24 240
================================================================================
SM 2027 1295 348 0 1.83 M 170.0 M 79
================================================================================
AV 65.4 41.8 5.5 FASTST M M 3 MAX(MPH)
MISC ----> 25 240 # 32 240
================================================================================
NOTES:
# LAST OF SEVERAL OCCURRENCES
COLUMN 17 PEAK WIND IN M.P.H.
PRELIMINARY LOCAL CLIMATOLOGICAL DATA (WS FORM: F-6) , PAGE 2
STATION: PULLMAN_MOSCOW AIRPORT
MONTH: OCTOBER
YEAR: 2022
LATITUDE: 46 44 N
LONGITUDE: 117 7 W
[TEMPERATURE DATA] [PRECIPITATION DATA] SYMBOLS USED IN COLUMN 16
AVERAGE MONTHLY: 53.6 TOTAL FOR MONTH: 1.83 1 = FOG OR MIST
DPTR FM NORMAL: 5.2 DPTR FM NORMAL: 0.24 2 = FOG REDUCING VISIBILITY
HIGHEST: 79 ON 6, 5 GRTST 24HR 0.70 ON 31-31 TO 1/4 MILE OR LESS
LOWEST: 31 ON 27 3 = THUNDER
SNOW, ICE PELLETS, HAIL 4 = ICE PELLETS
TOTAL MONTH: M 5 = HAIL
GRTST 24HR M ON M 6 = FREEZING RAIN OR DRIZZLE
GRTST DEPTH: M ON M 7 = DUSTSTORM OR SANDSTORM:
VSBY 1/2 MILE OR LESS
8 = SMOKE OR HAZE
[NO. OF DAYS WITH] [WEATHER - DAYS WITH] 9 = BLOWING SNOW
X = TORNADO
MAX 32 OR BELOW: 0 0.01 INCH OR MORE: 5
MAX 90 OR ABOVE: 0 0.10 INCH OR MORE: 5
MIN 32 OR BELOW: 2 0.50 INCH OR MORE: 1
MIN 0 OR BELOW: 0 1.00 INCH OR MORE: 0
[HDD (BASE 65) ]
TOTAL THIS MO. 348 CLEAR (SCALE 0-3) 21
DPTR FM NORMAL -167 PTCLDY (SCALE 4-7) 5
TOTAL FM JUL 1 493 CLOUDY (SCALE 8-10) 5
DPTR FM NORMAL -310
[CDD (BASE 65) ]
TOTAL THIS MO. 0
DPTR FM NORMAL -1 [PRESSURE DATA]
TOTAL FM JAN 1 402 HIGHEST SLP M ON M
DPTR FM NORMAL 119 LOWEST SLP 29.51 ON 22
[REMARKS]
#FINAL-10-22#