000
CXUS54 KFWD 010731
CF6PWG
PRELIMINARY LOCAL CLIMATOLOGICAL DATA (WS FORM: F-6)
STATION: WACO MCGREGOR
MONTH: JUNE
YEAR: 2021
LATITUDE: 31 28 N
LONGITUDE: 97 19 W
TEMPERATURE IN F: :PCPN: SNOW: WIND :SUNSHINE: SKY :PK WND
================================================================================
1 2 3 4 5 6A 6B 7 8 9 10 11 12 13 14 15 16 17 18
12Z AVG MX 2MIN
DY MAX MIN AVG DEP HDD CDD WTR SNW DPTH SPD SPD DIR MIN PSBL S-S WX SPD DR
================================================================================
1 78 63 71 -6 0 6 1.08 M M 5.9 10 310 M M 8 1 18 340
2 83 59 71 -6 0 6 0.08 M M 3.8 12 130 M M 3 3 M M
3 76 64 70 -7 0 5 T M M 2.7 6 130 M M 2 1 M M
4 81 67 74 -3 0 9 T M M 4.1 9 60 M M 6 18 M M
5 86 66 76 -2 0 11 T M M 5.2 16 140 M M 5 1 M M
6 89 65 77 -1 0 12 0.00 M M 7.4 13 140 M M 4 17 140
7 85 68 77 -1 0 12 0.17 M M 7.8 18 310 M M 6 13 29 330
8 M M M M M M M M M M M M M M M 1 M M
9 93 75 84 6 0 19 0.00 M M 10.6 15 170 M M 2 20 170
10 92 74 83 4 0 18 0.00 M M 9.2 14 170 M M 3 22 180
11 91 77 84 5 0 19 0.00 M M 11.8 16 170 M M 4 24 170
12 94 73 84 5 0 19 0.00 M M 5.1 9 170 M M 4 M M
13 96 71 84 5 0 19 0.00 M M 2.9 9 60 M M 1 1 M M
14 97 72 85 6 0 20 0.00 M M 2.9 8 350 M M 0 M M
15 94 72 83 3 0 18 0.00 M M 4.9 10 30 M M 1 1 M M
16 95 69 82 2 0 17 0.00 M M 3.8 8 90 M M 0 M M
17 98 69 84 4 0 19 0.00 M M 3.2 9 130 M M 0 M M
18 93 71 82 2 0 17 0.00 M M 4.8 10 120 M M 1 M M
19 95 63 79 -1 0 14 0.00 M M 5.2 10 180 M M 0 M M
20 95 74 85 5 0 20 0.00 M M 10.3 14 170 M M 2 23 170
21 97 74 86 5 0 21 0.00 M M 8.9 17 30 M M 6 18 27 30
22 84 70 77 -4 0 12 0.00 M M 6.3 12 30 M M 9 18 360
23 97 74 86 5 0 21 0.00 M M 8.8 16 180 M M 5 1 21 170
24 97 75 86 5 0 21 0.00 M M 10.6 16 170 M M 1 24 170
25 96 76 86 5 0 21 0.00 M M 12.2 18 170 M M 3 25 170
26 97 77 87 6 0 22 0.00 M M 12.5 16 150 M M 5 27 150
27 92 74 83 2 0 18 0.08 M M 5.5 13 120 M M 3 1 M M
28 81 71 76 -6 0 11 M M M 5.1 12 60 M M 7 1 M M
29 91 72 82 0 0 17 T M M 6.7 15 180 M M 5 8 16 110
30 92 72 82 0 0 17 0.00 M M 4.7 9 80 M M 4 18 M M
================================================================================
SM 2635 2047 0 461 1.41 M 192.7 M 100
================================================================================
AV 90.9 70.6 6.6 FASTST M M 3 MAX(MPH)
MISC ----> # 18 310 29 330
================================================================================
NOTES:
# LAST OF SEVERAL OCCURRENCES
COLUMN 17 PEAK WIND IN M.P.H.
PRELIMINARY LOCAL CLIMATOLOGICAL DATA (WS FORM: F-6) , PAGE 2
STATION: WACO MCGREGOR
MONTH: JUNE
YEAR: 2021
LATITUDE: 31 28 N
LONGITUDE: 97 19 W
[TEMPERATURE DATA] [PRECIPITATION DATA] SYMBOLS USED IN COLUMN 16
AVERAGE MONTHLY: 80.7 TOTAL FOR MONTH: 1.41 1 = FOG OR MIST
DPTR FM NORMAL: 1.2 DPTR FM NORMAL: -2.37 2 = FOG REDUCING VISIBILITY
HIGHEST: 98 ON 17 GRTST 24HR 1.16 ON 1- 2 TO 1/4 MILE OR LESS
LOWEST: 59 ON 2 3 = THUNDER
SNOW, ICE PELLETS, HAIL 4 = ICE PELLETS
TOTAL MONTH: M 5 = HAIL
GRTST 24HR M ON M 6 = FREEZING RAIN OR DRIZZLE
GRTST DEPTH: M ON M 7 = DUSTSTORM OR SANDSTORM:
VSBY 1/2 MILE OR LESS
8 = SMOKE OR HAZE
[NO. OF DAYS WITH] [WEATHER - DAYS WITH] 9 = BLOWING SNOW
X = TORNADO
MAX 32 OR BELOW: 0 0.01 INCH OR MORE: 4
MAX 90 OR ABOVE: 20 0.10 INCH OR MORE: 2
MIN 32 OR BELOW: 0 0.50 INCH OR MORE: 1
MIN 0 OR BELOW: 0 1.00 INCH OR MORE: 1
[HDD (BASE 65) ]
TOTAL THIS MO. 0 CLEAR (SCALE 0-3) 13
DPTR FM NORMAL 0 PTCLDY (SCALE 4-7) 15
TOTAL FM JUL 1 2013 CLOUDY (SCALE 8-10) 2
DPTR FM NORMAL -330
[CDD (BASE 65) ]
TOTAL THIS MO. 461
DPTR FM NORMAL 26 [PRESSURE DATA]
TOTAL FM JAN 1 831 HIGHEST SLP 30.09 ON 29
DPTR FM NORMAL 39 LOWEST SLP 29.71 ON 20
[REMARKS]
#FINAL-06-21#