000
CXUS56 KMFR 010930
CF6RBG
PRELIMINARY LOCAL CLIMATOLOGICAL DATA (WS FORM: F-6)
STATION: ROSEBURG OR
MONTH: APRIL
YEAR: 2021
LATITUDE: 43 13 N
LONGITUDE: 123 22 W
TEMPERATURE IN F: :PCPN: SNOW: WIND :SUNSHINE: SKY :PK WND
================================================================================
1 2 3 4 5 6A 6B 7 8 9 10 11 12 13 14 15 16 17 18
12Z AVG MX 2MIN
DY MAX MIN AVG DEP HDD CDD WTR SNW DPTH SPD SPD DIR MIN PSBL S-S WX SPD DR
================================================================================
1 77 40 59 9 6 0 0.00 M M 3.1 13 310 M M 0 19 270
2 69 39 54 4 11 0 0.00 M M 2.6 13 10 M M 0 15 10
3 70 39 55 5 10 0 0.00 M M 2.9 14 320 M M 0 18 320
4 66 40 53 3 12 0 0.00 M M 4.4 17 320 M M 4 22 330
5 61 33 47 -3 18 0 0.00 M M 5.1 16 10 M M 0 21 350
6 71 33 52 2 13 0 0.00 M M 2.7 13 20 M M 0 15 10
7 57 41 49 -2 16 0 T M M 3.0 13 330 M M 7 17 290
8 58 39 49 -2 16 0 T M M 2.9 14 10 M M 7 19 360
9 65 32 49 -2 16 0 0.00 M M 3.2 14 310 M M 1 21 320
10 53 40 47 -4 18 0 0.02 M M 5.2 15 330 M M 9 21 310
11 61 33 47 -4 18 0 0.00 M M 8.2 18 360 M M 0 23 360
12 68 33 51 0 14 0 0.00 M M 5.0 22 10 M M 0 27 360
13 68 34 51 -1 14 0 0.00 M M 9.1 24 10 M M 0 32 360
14 69 35 52 0 13 0 0.00 M M 4.6 17 10 M M 0 22 10
15 74 37 56 4 9 0 0.00 M M 2.3 13 360 M M 0 19 20
16 82 42 62 10 3 0 0.00 M M 2.5 13 20 M M 0 16 20
17 84 43 64 12 1 0 0.00 M M 2.0 12 360 M M 0 16 360
18 86 46 66 14 0 1 0.00 M M 3.0 16 330 M M 0 22 330
19 76 45 61 8 4 0 0.00 M M 4.4 14 340 M M 0 20 350
20 74 47 61 8 4 0 0.00 M M 5.9 22 360 M M 1 28 10
21 77 41 59 6 6 0 0.00 M M 5.0 20 320 M M 0 28 320
22 73 43 58 5 7 0 0.00 M M 4.2 14 320 M M 1 23 360
23 68 38 53 -1 12 0 0.00 M M 3.2 12 310 M M 2 17 310
24 63 45 54 0 11 0 0.02 M M 3.7 20 230 M M 8 28 220
25 57 44 51 -3 14 0 0.55 M M 1.9 14 230 M M 9 1 19 240
26 60 43 52 -2 13 0 0.00 M M 3.0 13 320 M M 7 17 320
27 70 39 55 1 10 0 0.00 M M 2.3 10 20 M M 2 1 14 20
28 83 42 63 8 2 0 0.00 M M 2.8 14 360 M M 0 17 10
29 82 47 65 10 0 0 0.00 M M 2.7 14 330 M M 0 19 330
30 77 43 60 5 5 0 0.11 M M 3.0 15 300 M M 3 20 310
================================================================================
SM 2099 1196 296 1 0.70 M 113.9 M 61
================================================================================
AV 70.0 39.9 3.8 FASTST M M 2 MAX(MPH)
MISC ----> 24 10 32 360
================================================================================
NOTES:
# LAST OF SEVERAL OCCURRENCES
COLUMN 17 PEAK WIND IN M.P.H.
PRELIMINARY LOCAL CLIMATOLOGICAL DATA (WS FORM: F-6) , PAGE 2
STATION: ROSEBURG OR
MONTH: APRIL
YEAR: 2021
LATITUDE: 43 13 N
LONGITUDE: 123 22 W
[TEMPERATURE DATA] [PRECIPITATION DATA] SYMBOLS USED IN COLUMN 16
AVERAGE MONTHLY: 54.9 TOTAL FOR MONTH: 0.70 1 = FOG OR MIST
DPTR FM NORMAL: 2.7 DPTR FM NORMAL: -2.12 2 = FOG REDUCING VISIBILITY
HIGHEST: 86 ON 18 GRTST 24HR 0.55 ON 25-25 TO 1/4 MILE OR LESS
LOWEST: 32 ON 9 3 = THUNDER
SNOW, ICE PELLETS, HAIL 4 = ICE PELLETS
TOTAL MONTH: M 5 = HAIL
GRTST 24HR M ON M 6 = FREEZING RAIN OR DRIZZLE
GRTST DEPTH: M ON M 7 = DUSTSTORM OR SANDSTORM:
VSBY 1/2 MILE OR LESS
8 = SMOKE OR HAZE
[NO. OF DAYS WITH] [WEATHER - DAYS WITH] 9 = BLOWING SNOW
X = TORNADO
MAX 32 OR BELOW: 0 0.01 INCH OR MORE: 4
MAX 90 OR ABOVE: 0 0.10 INCH OR MORE: 2
MIN 32 OR BELOW: 1 0.50 INCH OR MORE: 1
MIN 0 OR BELOW: 0 1.00 INCH OR MORE: 0
[HDD (BASE 65) ]
TOTAL THIS MO. 296 CLEAR (SCALE 0-3) 23
DPTR FM NORMAL -89 PTCLDY (SCALE 4-7) 4
TOTAL FM JUL 1 3386 CLOUDY (SCALE 8-10) 3
DPTR FM NORMAL -378
[CDD (BASE 65) ]
TOTAL THIS MO. 1
DPTR FM NORMAL 0 [PRESSURE DATA]
TOTAL FM JAN 1 1 HIGHEST SLP M ON M
DPTR FM NORMAL 0 LOWEST SLP 29.74 ON 25
[REMARKS]
#FINAL-04-21#