000
CXUS56 KPDT 011910
CF6RDM
PRELIMINARY LOCAL CLIMATOLOGICAL DATA (WS FORM: F-6)
STATION: REDMOND OR
MONTH: NOVEMBER
YEAR: 2022
LATITUDE: 44 16 N
LONGITUDE: 121 9 W
TEMPERATURE IN F: :PCPN: SNOW: WIND :SUNSHINE: SKY :PK WND
================================================================================
1 2 3 4 5 6A 6B 7 8 9 10 11 12 13 14 15 16 17 18
12Z AVG MX 2MIN
DY MAX MIN AVG DEP HDD CDD WTR SNW DPTH SPD SPD DIR MIN PSBL S-S WX SPD DR
================================================================================
1 44 32 38 -5 27 0 0.54 M M 5.7 16 330 M M 8 1 20 330
2 45 26 36 -7 29 0 T M M 5.7 15 320 M M 5 20 200
3 44 24 34 -9 31 0 T M M 6.4 16 180 M M 4 22 160
4 60 39 50 8 15 0 0.10 M M 9.1 24 280 M M 9 32 280
5 51 30 41 -1 24 0 0.09 M M 10.5 25 280 M M 3 32 290
6 51 24 38 -4 27 0 0.04 M M 9.9 29 190 M M 4 39 210
7 46 29 38 -4 27 0 T M M 9.0 26 220 M M 2 37 210
8 43 28 36 -5 29 0 0.00 M M 8.4 20 340 M M 7 24 330
9 47 24 36 -5 29 0 0.00 M M 7.7 22 280 M M 3 26 280
10 48 18 33 -8 32 0 0.00 M M 3.7 14 150 M M 0 17 150
11 44 26 35 -5 30 0 M M M 7.9 15 300 M M 6 1 18 310
12 33 28 31 -9 34 0 0.05 M M 4.8 10 340 M M 10 1 12 340
13 42 19 31 -9 34 0 0.00 M M 3.6 9 170 M M 4 1 12 170
14 32 21 27 -13 38 0 0.00 M M 3.0 9 320 M M 9 12 11 360
15 46 19 33 -6 32 0 0.00 M M 3.2 9 160 M M 5 13 190
16 48 14 31 -8 34 0 0.00 M M 2.4 10 320 M M 1 12 14 310
17 28 25 27 -12 38 0 T M M 8.0 13 330 M M 10 18 17 320
18 36 13 25 -13 40 0 0.00 M M 2.1 10 150 M M 5 18 14 180
19 44 7 26 -12 39 0 0.00 M M 5.2 16 140 M M 0 22 130
20 48 14 31 -7 34 0 0.00 M M 2.9 10 150 M M 0 14 150
21 52 18 35 -3 30 0 0.00 M M 2.9 10 300 M M 3 12 300
22 60 22 41 4 24 0 0.04 M M 8.6 28 200 M M 3 37 200
23 54 26 40 3 25 0 0.00 M M 2.7 16 290 M M 0 19 290
24 62 23 43 6 22 0 0.00 M M 5.4 12 120 M M 0 16 120
25 56 31 44 8 21 0 T M M 4.7 17 320 M M 2 22 310
26 49 22 36 0 29 0 0.00 M M 2.8 10 170 M M 1 11 170
27 52 26 39 3 26 0 0.00 M M 9.0 25 300 M M 5 36 320
28 39 27 33 -3 32 0 0.03 M M 8.5 21 290 M M 7 18 28 280
29 40 17 29 -6 36 0 0.00 M M 8.4 23 180 M M 8 32 180
30 46 31 39 4 26 0 0.01 M M 13.2 30 190 M M 6 40 190
================================================================================
SM 1390 703 894 0 0.90 M 185.4 M 130
================================================================================
AV 46.3 23.4 6.2 FASTST M M 4 MAX(MPH)
MISC ----> 30 190 40 190
================================================================================
NOTES:
# LAST OF SEVERAL OCCURRENCES
COLUMN 17 PEAK WIND IN M.P.H.
PRELIMINARY LOCAL CLIMATOLOGICAL DATA (WS FORM: F-6) , PAGE 2
STATION: REDMOND OR
MONTH: NOVEMBER
YEAR: 2022
LATITUDE: 44 16 N
LONGITUDE: 121 9 W
[TEMPERATURE DATA] [PRECIPITATION DATA] SYMBOLS USED IN COLUMN 16
AVERAGE MONTHLY: 34.9 TOTAL FOR MONTH: 0.90 1 = FOG OR MIST
DPTR FM NORMAL: -4.2 DPTR FM NORMAL: 0.09 2 = FOG REDUCING VISIBILITY
HIGHEST: 62 ON 24 GRTST 24HR 0.54 ON 1- 1 TO 1/4 MILE OR LESS
LOWEST: 7 ON 19 3 = THUNDER
SNOW, ICE PELLETS, HAIL 4 = ICE PELLETS
TOTAL MONTH: M 5 = HAIL
GRTST 24HR M ON M 6 = FREEZING RAIN OR DRIZZLE
GRTST DEPTH: M ON M 7 = DUSTSTORM OR SANDSTORM:
VSBY 1/2 MILE OR LESS
8 = SMOKE OR HAZE
[NO. OF DAYS WITH] [WEATHER - DAYS WITH] 9 = BLOWING SNOW
X = TORNADO
MAX 32 OR BELOW: 2 0.01 INCH OR MORE: 8
MAX 90 OR ABOVE: 0 0.10 INCH OR MORE: 2
MIN 32 OR BELOW: 29 0.50 INCH OR MORE: 1
MIN 0 OR BELOW: 0 1.00 INCH OR MORE: 0
[HDD (BASE 65) ]
TOTAL THIS MO. 894 CLEAR (SCALE 0-3) 13
DPTR FM NORMAL 118 PTCLDY (SCALE 4-7) 12
TOTAL FM JUL 1 1384 CLOUDY (SCALE 8-10) 5
DPTR FM NORMAL -190
[CDD (BASE 65) ]
TOTAL THIS MO. 0
DPTR FM NORMAL 0 [PRESSURE DATA]
TOTAL FM JAN 1 569 HIGHEST SLP 30.73 ON 16
DPTR FM NORMAL 252 LOWEST SLP 29.36 ON 6
[REMARKS]
#FINAL-11-22#