000
CXUS56 KPDT 011810
CF6RDM
PRELIMINARY LOCAL CLIMATOLOGICAL DATA (WS FORM: F-6)
STATION: REDMOND OR
MONTH: JUNE
YEAR: 2022
LATITUDE: 44 16 N
LONGITUDE: 121 9 W
TEMPERATURE IN F: :PCPN: SNOW: WIND :SUNSHINE: SKY :PK WND
================================================================================
1 2 3 4 5 6A 6B 7 8 9 10 11 12 13 14 15 16 17 18
12Z AVG MX 2MIN
DY MAX MIN AVG DEP HDD CDD WTR SNW DPTH SPD SPD DIR MIN PSBL S-S WX SPD DR
================================================================================
1 81 43 62 5 3 0 T M M 6.5 16 350 M M 1 23 330
2 80 47 64 7 1 0 0.34 M M 3.9 16 170 M M 3 3 23 240
3 70 48 59 2 6 0 0.13 M M 5.6 22 320 M M 8 1 28 290
4 68 48 58 0 7 0 0.23 M M 6.4 16 210 M M 9 1 21 200
5 66 46 56 -2 9 0 0.33 M M 9.8 28 290 M M 7 13 33 280
6 68 39 54 -4 11 0 T M M 5.4 18 320 M M 4 1 25 320
7 80 39 60 2 5 0 0.02 M M 6.5 17 360 M M 3 8 22 360
8 79 54 67 9 0 2 0.00 M M 5.3 16 340 M M 1 19 320
9 83 49 66 8 0 1 0.00 M M 9.9 21 260 M M 1 27 240
10 80 65 73 15 0 8 T M M 7.1 18 230 M M 7 25 200
11 68 56 62 3 3 0 0.48 M M 6.0 15 300 M M 9 18 19 210
12 58 41 50 -9 15 0 0.30 M M 11.4 25 290 M M 6 1 31 280
13 59 40 50 -9 15 0 0.00 M M 15.6 30 290 M M 2 37 290
14 64 38 51 -8 14 0 0.00 M M 7.1 21 310 M M 4 27 310
15 81 36 59 -1 6 0 0.00 M M 7.9 23 320 M M 1 29 360
16 71 51 61 1 4 0 0.00 M M 8.8 17 330 M M 3 22 320
17 65 48 57 -3 8 0 0.05 M M 9.2 22 290 M M 7 27 290
18 64 47 56 -4 9 0 0.00 M M 8.4 22 290 M M 8 27 290
19 66 48 57 -4 8 0 T M M 7.7 18 330 M M 9 24 320
20 76 45 61 0 4 0 0.00 M M 5.2 15 340 M M 2 20 340
21 84 42 63 2 2 0 0.00 M M 4.8 15 330 M M 0 21 350
22 89 48 69 8 0 4 0.00 M M 6.7 20 300 M M 0 24 300
23 82 44 63 1 2 0 0.00 M M 7.3 18 350 M M 0 8 22 350
24 82 39 61 -1 4 0 0.00 M M 7.7 22 330 M M 0 27 320
25 89 41 65 3 0 0 0.00 M M 8.1 23 330 M M 0 29 320
26 97 46 72 9 0 7 0.00 M M 7.0 21 330 M M 0 26 350
27 103 54 79 16 0 14 0.00 M M 7.9 24 300 M M 0 30 280
28 84 51 68 5 0 3 0.00 M M 8.7 24 290 M M 0 32 290
29 87 41 64 0 1 0 0.00 M M 6.6 21 290 M M 0 25 310
30 87 46 67 3 0 2 0.00 M M 7.4 18 350 M M 0 23 360
================================================================================
SM 2311 1380 137 41 1.88 M 225.9 M 95
================================================================================
AV 77.0 46.0 7.5 FASTST M M 3 MAX(MPH)
MISC ----> 30 290 37 290
================================================================================
NOTES:
# LAST OF SEVERAL OCCURRENCES
COLUMN 17 PEAK WIND IN M.P.H.
PRELIMINARY LOCAL CLIMATOLOGICAL DATA (WS FORM: F-6) , PAGE 2
STATION: REDMOND OR
MONTH: JUNE
YEAR: 2022
LATITUDE: 44 16 N
LONGITUDE: 121 9 W
[TEMPERATURE DATA] [PRECIPITATION DATA] SYMBOLS USED IN COLUMN 16
AVERAGE MONTHLY: 61.5 TOTAL FOR MONTH: 1.88 1 = FOG OR MIST
DPTR FM NORMAL: 1.5 DPTR FM NORMAL: 1.24 2 = FOG REDUCING VISIBILITY
HIGHEST: 103 ON 27 GRTST 24HR 0.48 ON 11-11 TO 1/4 MILE OR LESS
LOWEST: 36 ON 15 3 = THUNDER
SNOW, ICE PELLETS, HAIL 4 = ICE PELLETS
TOTAL MONTH: M 5 = HAIL
GRTST 24HR M ON M 6 = FREEZING RAIN OR DRIZZLE
GRTST DEPTH: M ON M 7 = DUSTSTORM OR SANDSTORM:
VSBY 1/2 MILE OR LESS
8 = SMOKE OR HAZE
[NO. OF DAYS WITH] [WEATHER - DAYS WITH] 9 = BLOWING SNOW
X = TORNADO
MAX 32 OR BELOW: 0 0.01 INCH OR MORE: 8
MAX 90 OR ABOVE: 2 0.10 INCH OR MORE: 6
MIN 32 OR BELOW: 0 0.50 INCH OR MORE: 0
MIN 0 OR BELOW: 0 1.00 INCH OR MORE: 0
[HDD (BASE 65) ]
TOTAL THIS MO. 137 CLEAR (SCALE 0-3) 19
DPTR FM NORMAL -46 PTCLDY (SCALE 4-7) 8
TOTAL FM JUL 1 5779 CLOUDY (SCALE 8-10) 3
DPTR FM NORMAL -393
[CDD (BASE 65) ]
TOTAL THIS MO. 41
DPTR FM NORMAL 8 [PRESSURE DATA]
TOTAL FM JAN 1 41 HIGHEST SLP 30.29 ON 21
DPTR FM NORMAL 1 LOWEST SLP 29.62 ON 12
[REMARKS]
#FINAL-06-22#