998
CXUS56 KPDT 020532
CF6RDM
PRELIMINARY LOCAL CLIMATOLOGICAL DATA (WS FORM: F-6)
STATION: REDMOND OR
MONTH: MAY
YEAR: 2020
LATITUDE: 44 16 N
LONGITUDE: 121 9 W
TEMPERATURE IN F: :PCPN: SNOW: WIND :SUNSHINE: SKY :PK WND
================================================================================
1 2 3 4 5 6A 6B 7 8 9 10 11 12 13 14 15 16 17 18
12Z AVG MX 2MIN
DY MAX MIN AVG DEP HDD CDD WTR SNW DPTH SPD SPD DIR MIN PSBL S-S WX SPD DR
================================================================================
1 67 27 47 -1 18 0 0.00 M M 6.1 25 290 M M 2 30 290
2 71 29 50 2 15 0 0.02 M M 9.2 29 190 M M 5 3 42 190
3 60 21 41 -7 24 0 0.00 M M 4.5 18 350 M M 1 24 340
4 73 26 50 2 15 0 0.00 M M 7.1 22 280 M M 3 27 310
5 77 30 54 5 11 0 T M M 8.3 23 300 M M 2 29 300
6 60 30 45 -4 20 0 0.00 M M 11.1 28 300 M M 1 38 310
7 71 19 45 -4 20 0 0.00 M M 6.8 16 330 M M 0 22 340
8 78 31 55 6 10 0 0.00 M M 8.1 22 330 M M 0 27 340
9 84 36 60 10 5 0 0.00 M M 9.7 23 340 M M 0 29 350
10 82 44 63 13 2 0 0.00 M M 7.7 22 330 M M 0 27 340
11 74 45 60 10 5 0 0.03 M M 5.9 25 290 M M 2 31 310
12 60 42 51 1 14 0 0.13 M M 6.0 22 300 M M 7 3 29 320
13 59 42 51 0 14 0 0.21 M M 5.0 18 220 M M 6 1 22 220
14 59 36 48 -3 17 0 0.16 M M 7.3 22 300 M M 8 31 300
15 68 28 48 -3 17 0 0.00 M M 3.5 13 40 M M 0 18 70
16 74 43 59 7 6 0 0.01 M M 7.0 26 230 M M 5 35 230
17 61 46 54 2 11 0 0.25 M M 5.1 16 240 M M 9 1 19 230
18 58 42 50 -2 15 0 0.07 M M 4.7 18 270 M M 9 1 25 260
19 56 44 50 -2 15 0 0.37 M M 7.1 18 290 M M 9 1 23 290
20 62 45 54 1 11 0 0.00 M M 16.4 31 280 M M 2 38 290
21 59 36 48 -5 17 0 0.00 M M 12.2 28 300 M M 3 37 310
22 59 34 47 -6 18 0 0.00 M M 8.7 22 280 M M 6 27 280
23 68 28 48 -5 17 0 0.00 M M 5.0 15 350 M M 0 20 350
24 76 38 57 3 8 0 0.00 M M 5.4 15 340 M M 1 20 350
25 75 47 61 7 4 0 T M M 7.6 20 330 M M 3 25 310
26 80 44 62 8 3 0 0.00 M M 5.6 15 350 M M 0 22 280
27 85 44 65 11 0 0 0.00 M M 7.1 18 350 M M 0 24 330
28 87 45 66 12 0 1 0.00 M M 7.1 20 340 M M 1 24 350
29 91 55 73 18 0 8 0.00 M M 6.1 16 330 M M 1 3 20 340
30 85 49 67 12 0 2 0.54 M M 9.9 36 260 M M 3 13 44 220
31 71 46 59 4 6 0 0.01 M M 6.1 18 350 M M 3 23 340
================================================================================
SM 2190 1172 338 11 1.80 M 227.4 M 92
================================================================================
AV 70.7 37.8 7.3 FASTST M M 3 MAX(MPH)
MISC ----> # 36 260 # 44 220
================================================================================
NOTES:
# LAST OF SEVERAL OCCURRENCES
COLUMN 17 PEAK WIND IN M.P.H.
PRELIMINARY LOCAL CLIMATOLOGICAL DATA (WS FORM: F-6) , PAGE 2
STATION: REDMOND OR
MONTH: MAY
YEAR: 2020
LATITUDE: 44 16 N
LONGITUDE: 121 9 W
[TEMPERATURE DATA] [PRECIPITATION DATA] SYMBOLS USED IN COLUMN 16
AVERAGE MONTHLY: 54.2 TOTAL FOR MONTH: 1.80 1 = FOG OR MIST
DPTR FM NORMAL: 2.8 DPTR FM NORMAL: 0.77 2 = FOG REDUCING VISIBILITY
HIGHEST: 91 ON 29 GRTST 24HR 0.54 ON 30-30 TO 1/4 MILE OR LESS
LOWEST: 19 ON 7 3 = THUNDER
SNOW, ICE PELLETS, HAIL 4 = ICE PELLETS
TOTAL MONTH: M 5 = HAIL
GRTST 24HR M ON M 6 = FREEZING RAIN OR DRIZZLE
GRTST DEPTH: M ON M 7 = DUSTSTORM OR SANDSTORM:
VSBY 1/2 MILE OR LESS
8 = SMOKE OR HAZE
[NO. OF DAYS WITH] [WEATHER - DAYS WITH] 9 = BLOWING SNOW
X = TORNADO
MAX 32 OR BELOW: 0 0.01 INCH OR MORE: 11
MAX 90 OR ABOVE: 1 0.10 INCH OR MORE: 6
MIN 32 OR BELOW: 10 0.50 INCH OR MORE: 1
MIN 0 OR BELOW: 0 1.00 INCH OR MORE: 0
[HDD (BASE 65) ]
TOTAL THIS MO. 338 CLEAR (SCALE 0-3) 20
DPTR FM NORMAL -87 PTCLDY (SCALE 4-7) 8
TOTAL FM JUL 1 5900 CLOUDY (SCALE 8-10) 3
DPTR FM NORMAL -596
[CDD (BASE 65) ]
TOTAL THIS MO. 11
DPTR FM NORMAL 6 [PRESSURE DATA]
TOTAL FM JAN 1 11 HIGHEST SLP 30.45 ON 6
DPTR FM NORMAL 6 LOWEST SLP 29.49 ON 30
[REMARKS]
#FINAL-05-20#