000
CXUS56 KPDT 020532
CF6RDM
PRELIMINARY LOCAL CLIMATOLOGICAL DATA (WS FORM: F-6)
STATION: REDMOND OR
MONTH: APRIL
YEAR: 2020
LATITUDE: 44 16 N
LONGITUDE: 121 9 W
TEMPERATURE IN F: :PCPN: SNOW: WIND :SUNSHINE: SKY :PK WND
================================================================================
1 2 3 4 5 6A 6B 7 8 9 10 11 12 13 14 15 16 17 18
12Z AVG MX 2MIN
DY MAX MIN AVG DEP HDD CDD WTR SNW DPTH SPD SPD DIR MIN PSBL S-S WX SPD DR
================================================================================
1 46 19 33 -9 32 0 0.01 M M 6.3 21 280 M M 4 1 26 280
2 49 16 33 -9 32 0 0.00 M M 5.5 20 300 M M 4 23 300
3 49 23 36 -6 29 0 0.00 M M 5.0 20 330 M M 3 28 320
4 49 19 34 -9 31 0 0.15 M M 3.0 10 140 M M 6 1 14 140
5 55 37 46 3 19 0 0.24 M M 4.4 14 330 M M 9 1 18 290
6 59 32 46 3 19 0 0.00 M M 4.2 15 360 M M 5 1 18 10
7 66 28 47 4 18 0 0.00 M M 4.8 13 340 M M 0 18 350
8 68 25 47 4 18 0 0.00 M M 7.4 20 340 M M 0 23 340
9 72 27 50 7 15 0 0.00 M M 5.7 15 340 M M 0 20 350
10 75 29 52 9 13 0 0.00 M M 8.9 21 340 M M 0 27 360
11 65 39 52 9 13 0 0.00 M M 12.1 26 280 M M 1 34 280
12 58 25 42 -2 23 0 0.00 M M 6.2 17 30 M M 2 22 30
13 58 21 40 -4 25 0 0.00 M M 4.2 17 310 M M 0 26 350
14 70 21 46 2 19 0 0.00 M M 8.8 24 290 M M 2 34 270
15 64 41 53 9 12 0 T M M 11.4 24 20 M M 6 31 20
16 62 25 44 0 21 0 0.00 M M 6.1 20 40 M M 0 24 30
17 74 19 47 3 18 0 0.00 M M 6.1 17 140 M M 0 22 140
18 65 29 47 3 18 0 T M M 7.9 22 320 M M 4 29 330
19 67 24 46 1 19 0 0.00 M M 4.6 12 360 M M 0 14 340
20 73 30 52 7 13 0 0.00 M M 6.2 18 290 M M 3 23 310
21 69 35 52 7 13 0 0.00 M M 9.0 24 290 M M 1 33 300
22 62 37 50 5 15 0 0.14 M M 6.6 24 290 M M 7 1 29 290
23 64 42 53 7 12 0 0.00 M M 9.7 24 280 M M 1 29 280
24 66 41 54 8 11 0 0.01 M M 5.8 20 300 M M 7 26 340
25 65 36 51 5 14 0 0.06 M M 8.2 22 290 M M 3 29 310
26 73 28 51 5 14 0 0.00 M M 6.4 16 300 M M 1 1 20 310
27 71 42 57 11 8 0 T M M 10.9 24 280 M M 3 30 290
28 79 35 57 10 8 0 0.00 M M 5.5 15 340 M M 0 18 330
29 79 41 60 13 5 0 0.00 M M 7.0 30 290 M M 1 37 300
30 62 33 48 1 17 0 T M M 9.2 24 330 M M 4 29 320
================================================================================
SM 1934 899 524 0 0.61 M 207.1 M 77
================================================================================
AV 64.5 30.0 6.9 FASTST M M 3 MAX(MPH)
MISC ----> # 30 290 # 37 300
================================================================================
NOTES:
# LAST OF SEVERAL OCCURRENCES
COLUMN 17 PEAK WIND IN M.P.H.
PRELIMINARY LOCAL CLIMATOLOGICAL DATA (WS FORM: F-6) , PAGE 2
STATION: REDMOND OR
MONTH: APRIL
YEAR: 2020
LATITUDE: 44 16 N
LONGITUDE: 121 9 W
[TEMPERATURE DATA] [PRECIPITATION DATA] SYMBOLS USED IN COLUMN 16
AVERAGE MONTHLY: 47.2 TOTAL FOR MONTH: 0.61 1 = FOG OR MIST
DPTR FM NORMAL: 2.8 DPTR FM NORMAL: -0.12 2 = FOG REDUCING VISIBILITY
HIGHEST: 79 ON 29,28 GRTST 24HR 0.24 ON 5- 5 TO 1/4 MILE OR LESS
LOWEST: 16 ON 2 3 = THUNDER
SNOW, ICE PELLETS, HAIL 4 = ICE PELLETS
TOTAL MONTH: M 5 = HAIL
GRTST 24HR M ON M 6 = FREEZING RAIN OR DRIZZLE
GRTST DEPTH: M ON M 7 = DUSTSTORM OR SANDSTORM:
VSBY 1/2 MILE OR LESS
8 = SMOKE OR HAZE
[NO. OF DAYS WITH] [WEATHER - DAYS WITH] 9 = BLOWING SNOW
X = TORNADO
MAX 32 OR BELOW: 0 0.01 INCH OR MORE: 6
MAX 90 OR ABOVE: 0 0.10 INCH OR MORE: 3
MIN 32 OR BELOW: 18 0.50 INCH OR MORE: 0
MIN 0 OR BELOW: 0 1.00 INCH OR MORE: 0
[HDD (BASE 65) ]
TOTAL THIS MO. 524 CLEAR (SCALE 0-3) 19
DPTR FM NORMAL -96 PTCLDY (SCALE 4-7) 10
TOTAL FM JUL 1 5562 CLOUDY (SCALE 8-10) 1
DPTR FM NORMAL -509
[CDD (BASE 65) ]
TOTAL THIS MO. 0
DPTR FM NORMAL 0 [PRESSURE DATA]
TOTAL FM JAN 1 0 HIGHEST SLP 30.39 ON 13
DPTR FM NORMAL 0 LOWEST SLP 29.51 ON 5
[REMARKS]
#FINAL-04-20#