000
CXUS56 KPDT 011810
CF6RDM
PRELIMINARY LOCAL CLIMATOLOGICAL DATA (WS FORM: F-6)
STATION: REDMOND OR
MONTH: JULY
YEAR: 2023
LATITUDE: 44 16 N
LONGITUDE: 121 9 W
TEMPERATURE IN F: :PCPN: SNOW: WIND :SUNSHINE: SKY :PK WND
================================================================================
1 2 3 4 5 6A 6B 7 8 9 10 11 12 13 14 15 16 17 18
12Z AVG MX 2MIN
DY MAX MIN AVG DEP HDD CDD WTR SNW DPTH SPD SPD DIR MIN PSBL S-S WX SPD DR
================================================================================
1 92 48 70 6 0 5 0.00 M M 6.9 18 20 M M 0 22 330
2 91 46 69 4 0 4 0.00 M M 7.7 17 340 M M 0 21 330
3 89 48 69 4 0 4 0.00 M M 7.0 20 340 M M 0 27 340
4 91 43 67 2 0 2 0.00 M M 5.3 18 350 M M 0 8 26 350
5 94 49 72 6 0 7 0.00 M M 6.0 17 350 M M 0 21 340
6 94 51 73 7 0 8 0.00 M M 6.0 21 290 M M 0 8 24 290
7 93 53 73 7 0 8 0.00 M M 7.1 23 290 M M 0 29 280
8 94 49 72 5 0 7 0.00 M M 7.0 22 300 M M 0 25 290
9 95 56 76 9 0 11 0.00 M M 9.2 26 290 M M 1 33 280
10 86 52 69 2 0 4 0.00 M M 8.1 22 300 M M 0 29 340
11 89 45 67 -1 0 2 0.00 M M 6.5 20 300 M M 0 23 290
12 89 48 69 1 0 4 0.00 M M 7.2 22 320 M M 0 29 290
13 90 51 71 3 0 6 0.00 M M 5.7 16 340 M M 0 22 360
14 94 51 73 5 0 8 0.00 M M 5.3 16 350 M M 0 23 360
15 100 49 75 7 0 10 0.00 M M 7.0 18 330 M M 0 23 330
16 99 55 77 8 0 12 0.00 M M 7.8 21 300 M M 0 27 300
17 85 52 69 0 0 4 0.00 M M 7.6 17 10 M M 0 24 310
18 90 46 68 -1 0 3 0.00 M M 8.1 20 340 M M 0 8 24 360
19 97 47 72 3 0 7 0.00 M M 7.2 21 350 M M 0 25 320
20 98 55 77 8 0 12 0.00 M M 6.1 21 300 M M 0 27 300
21 97 52 75 6 0 10 0.00 M M 6.8 20 330 M M 0 24 310
22 94 51 73 3 0 8 0.00 M M 5.9 17 350 M M 0 21 350
23 97 53 75 5 0 10 0.00 M M 7.0 21 310 M M 0 26 310
24 87 52 70 0 0 5 0.00 M M 7.3 18 320 M M 2 8 28 320
25 85 50 68 -2 0 3 0.00 M M 7.1 18 300 M M 0 8 23 320
26 87 46 67 -3 0 2 0.00 M M 6.1 16 340 M M 0 8 21 340
27 87 48 68 -2 0 3 0.00 M M 4.7 20 310 M M 0 8 24 310
28 89 47 68 -2 0 3 0.00 M M 7.4 21 290 M M 0 8 26 290
29 90 50 70 0 0 5 0.00 M M 7.0 21 300 M M 0 8 26 320
30 87 47 67 -3 0 2 0.00 M M 6.4 21 340 M M 0 8 26 350
31 90 46 68 -2 0 3 0.00 M M 6.8 20 310 M M 0 24 320
================================================================================
SM 2840 1536 0 182 0.00 M 211.3 M 3
================================================================================
AV 91.6 49.5 6.8 FASTST M M 0 MAX(MPH)
MISC ----> 26 290 33 280
================================================================================
NOTES:
# LAST OF SEVERAL OCCURRENCES
COLUMN 17 PEAK WIND IN M.P.H.
PRELIMINARY LOCAL CLIMATOLOGICAL DATA (WS FORM: F-6) , PAGE 2
STATION: REDMOND OR
MONTH: JULY
YEAR: 2023
LATITUDE: 44 16 N
LONGITUDE: 121 9 W
[TEMPERATURE DATA] [PRECIPITATION DATA] SYMBOLS USED IN COLUMN 16
AVERAGE MONTHLY: 70.6 TOTAL FOR MONTH: 0.00 1 = FOG OR MIST
DPTR FM NORMAL: 2.6 DPTR FM NORMAL: -0.40 2 = FOG REDUCING VISIBILITY
HIGHEST: 100 ON 15 GRTST 24HR 0.00 ON 1- 1 TO 1/4 MILE OR LESS
LOWEST: 43 ON 4 3 = THUNDER
SNOW, ICE PELLETS, HAIL 4 = ICE PELLETS
TOTAL MONTH: M 5 = HAIL
GRTST 24HR M ON M 6 = FREEZING RAIN OR DRIZZLE
GRTST DEPTH: M ON M 7 = DUSTSTORM OR SANDSTORM:
VSBY 1/2 MILE OR LESS
8 = SMOKE OR HAZE
[NO. OF DAYS WITH] [WEATHER - DAYS WITH] 9 = BLOWING SNOW
X = TORNADO
MAX 32 OR BELOW: 0 0.01 INCH OR MORE: 0
MAX 90 OR ABOVE: 20 0.10 INCH OR MORE: 0
MIN 32 OR BELOW: 0 0.50 INCH OR MORE: 0
MIN 0 OR BELOW: 0 1.00 INCH OR MORE: 0
[HDD (BASE 65) ]
TOTAL THIS MO. 0 CLEAR (SCALE 0-3) 31
DPTR FM NORMAL -44 PTCLDY (SCALE 4-7) 0
TOTAL FM JUL 1 0 CLOUDY (SCALE 8-10) 0
DPTR FM NORMAL -46
[CDD (BASE 65) ]
TOTAL THIS MO. 182
DPTR FM NORMAL 46 [PRESSURE DATA]
TOTAL FM JAN 1 245 HIGHEST SLP 30.15 ON 25
DPTR FM NORMAL 69 LOWEST SLP 29.71 ON 9
[REMARKS]
#FINAL-07-23#