000
CXUS52 KRAH 010845
CF6RDU
PRELIMINARY LOCAL CLIMATOLOGICAL DATA (WS FORM: F-6)
STATION: RALEIGH NC
MONTH: JUNE
YEAR: 2023
LATITUDE: 35 52 N
LONGITUDE: 78 47 W
TEMPERATURE IN F: :PCPN: SNOW: WIND :SUNSHINE: SKY :PK WND
================================================================================
1 2 3 4 5 6A 6B 7 8 9 10 11 12 13 14 15 16 17 18
12Z AVG MX 2MIN
DY MAX MIN AVG DEP HDD CDD WTR SNW DPTH SPD SPD DIR MIN PSBL S-S WX SPD DR
================================================================================
1 80 59 70 -3 0 5 0.03 0.0 0 5.8 18 30 M M 6 1 26 40
2 84 62 73 0 0 8 0.00 0.0 0 5.0 16 40 M M 6 12 22 40
3 89 59 74 0 0 9 0.00 0.0 0 6.8 18 80 M M 2 1 28 120
4 73 61 67 -7 0 2 0.00 0.0 0 8.1 18 50 M M 9 25 50
5 83 57 70 -4 0 5 0.00 0.0 0 5.0 10 230 M M 5 16 200
6 84 61 73 -1 0 8 0.00 0.0 0 4.3 14 270 M M 3 8 18 280
7 73 59 66 -9 0 1 0.03 0.0 0 3.8 10 320 M M 8 18 16 320
8 80 58 69 -6 0 4 0.00 0.0 0 3.7 13 30 M M 4 18 16 300
9 82 50 66 -9 0 1 0.00 0.0 0 3.2 15 50 M M 1 18 19 50
10 89 54 72 -4 0 7 0.00 0.0 0 3.5 17 230 M M 3 22 230
11 91 63 77 1 0 12 T 0.0 0 8.7 20 230 M M 6 25 230
12 90 67 79 3 0 14 0.01 0.0 0 9.8 20 230 M M 8 1 26 240
13 87 61 74 -2 0 9 0.00 0.0 0 4.7 16 230 M M 6 22 240
14 90 58 74 -2 0 9 0.00 0.0 0 10.7 25 230 M M 5 32 230
15 91 67 79 2 0 14 0.00 0.0 0 3.9 17 230 M M 7 21 240
16 94 68 81 4 0 16 0.04 0.0 0 5.7 22 240 M M 5 38 26 240
17 89 60 75 -2 0 10 0.00 0.0 0 3.4 15 290 M M 1 8 22 240
18 94 58 76 -2 0 11 0.00 0.0 0 2.7 12 210 M M 3 8 15 250
19 90 70 80 2 0 15 0.29 0.0 0 5.9 17 150 M M 9 13 25 150
20 78 69 74 -4 0 9 0.76 0.0 0 8.0 18 50 M M 10 13 25 50
21 74 67 71 -7 0 6 0.01 0.0 0 9.2 18 40 M M 10 1 26 40
22 79 66 73 -5 0 8 1.06 0.0 0 5.4 16 120 M M 10 13 21 120
23 87 70 79 1 0 14 0.58 0.0 0 7.1 16 170 M M 8 13 20 220
24 89 69 79 0 0 14 0.00 0.0 0 4.8 12 230 M M 6 16 290
25 92 69 81 2 0 16 0.00 0.0 0 5.2 14 230 M M 4 19 260
26 94 73 84 5 0 19 T 0.0 0 11.2 32 220 M M 6 3 42 210
27 89 67 78 -1 0 13 T 0.0 0 6.9 15 280 M M 4 21 250
28 89 67 78 -1 0 13 0.00 0.0 0 2.3 9 260 M M 3 8 13 340
29 89 66 78 -2 0 13 0.00 0.0 0 2.7 10 80 M M 4 18 15 100
30 90 70 80 0 0 15 0.31 0.0 0 5.0 10 140 M M 8 138 16 150
================================================================================
SM 2583 1905 0 300 3.12 0.0 172.5 M 170
================================================================================
AV 86.1 63.5 5.7 FASTST M M 6 MAX(MPH)
MISC ----> 32 220 42 210
================================================================================
NOTES:
# LAST OF SEVERAL OCCURRENCES
COLUMN 17 PEAK WIND IN M.P.H.
PRELIMINARY LOCAL CLIMATOLOGICAL DATA (WS FORM: F-6) , PAGE 2
STATION: RALEIGH NC
MONTH: JUNE
YEAR: 2023
LATITUDE: 35 52 N
LONGITUDE: 78 47 W
[TEMPERATURE DATA] [PRECIPITATION DATA] SYMBOLS USED IN COLUMN 16
AVERAGE MONTHLY: 74.8 TOTAL FOR MONTH: 3.12 1 = FOG OR MIST
DPTR FM NORMAL: -1.9 DPTR FM NORMAL: -0.77 2 = FOG REDUCING VISIBILITY
HIGHEST: 94 ON 26,18 GRTST 24HR 1.55 ON 22-23 TO 1/4 MILE OR LESS
LOWEST: 50 ON 9 3 = THUNDER
SNOW, ICE PELLETS, HAIL 4 = ICE PELLETS
TOTAL MONTH: 0.0 INCH 5 = HAIL
GRTST 24HR 0.0 6 = FREEZING RAIN OR DRIZZLE
GRTST DEPTH: 0 7 = DUSTSTORM OR SANDSTORM:
VSBY 1/2 MILE OR LESS
8 = SMOKE OR HAZE
[NO. OF DAYS WITH] [WEATHER - DAYS WITH] 9 = BLOWING SNOW
X = TORNADO
MAX 32 OR BELOW: 0 0.01 INCH OR MORE: 10
MAX 90 OR ABOVE: 10 0.10 INCH OR MORE: 5
MIN 32 OR BELOW: 0 0.50 INCH OR MORE: 3
MIN 0 OR BELOW: 0 1.00 INCH OR MORE: 1
[HDD (BASE 65) ]
TOTAL THIS MO. 0 CLEAR (SCALE 0-3) 7
DPTR FM NORMAL -3 PTCLDY (SCALE 4-7) 15
TOTAL FM JUL 1 2438 CLOUDY (SCALE 8-10) 8
DPTR FM NORMAL -713
[CDD (BASE 65) ]
TOTAL THIS MO. 300
DPTR FM NORMAL -54 [PRESSURE DATA]
TOTAL FM JAN 1 519 HIGHEST SLP 30.08 ON 30
DPTR FM NORMAL -69 LOWEST SLP 29.61 ON 16
[REMARKS]
#FINAL-06-23#