000
CXUS52 KRAH 170845
CF6RDU
PRELIMINARY LOCAL CLIMATOLOGICAL DATA (WS FORM: F-6)
STATION: RALEIGH NC
MONTH: APRIL
YEAR: 2024
LATITUDE: 35 52 N
LONGITUDE: 78 47 W
TEMPERATURE IN F: :PCPN: SNOW: WIND :SUNSHINE: SKY :PK WND
================================================================================
1 2 3 4 5 6A 6B 7 8 9 10 11 12 13 14 15 16 17 18
12Z AVG MX 2MIN
DY MAX MIN AVG DEP HDD CDD WTR SNW DPTH SPD SPD DIR MIN PSBL S-S WX SPD DR
================================================================================
1 83 60 72 16 0 7 0.00 0.0 0 9.4 17 230 M M 7 23 230
2 86 66 76 19 0 11 0.00 0.0 0 11.3 24 220 M M 9 34 230
3 77 56 67 10 0 2 0.36 0.0 0 14.2 28 210 M M 8 13 39 230
4 61 45 53 -4 12 0 0.00 0.0 0 8.7 22 250 M M 5 35 260
5 63 38 51 -7 14 0 0.00 0.0 0 5.4 17 270 M M 4 27 260
6 63 38 51 -7 14 0 0.00 0.0 0 5.6 12 10 M M 2 30 280
7 69 36 53 -5 12 0 0.00 0.0 0 1.9 10 30 M M 2 17 20
8 77 43 60 1 5 0 0.00 0.0 0 6.7 18 230 M M 4 25 240
9 68 57 63 4 2 0 0.03 0.0 0 8.8 20 240 M M 9 29 230
10 75 59 67 8 0 2 0.03 0.0 0 6.6 17 230 M M 10 1 24 230
11 77 65 71 11 0 6 0.23 0.0 0 15.4 28 210 M M 10 1 45 230
12 72 55 64 4 1 0 0.01 0.0 0 14.0 31 230 M M 5 1 42 230
13 74 50 62 2 3 0 0.00 0.0 0 8.8 23 270 M M 1 38 270
14 83 44 64 4 1 0 0.00 0.0 0 8.5 24 230 M M 1 33 250
15 89 58 74 13 0 9 0.00 0.0 0 8.1 21 230 M M 2 30 240
16 83 60 72 11 0 7 0.00 0.0 0 6.9 15 60 M M 7 24 130
================================================================================
SM 1200 830 64 44 0.66 0.0 140.3 M 86
================================================================================
AV 75.0 51.9 8.8 FASTST M M 5 MAX(MPH)
MISC ----> 31 230 45 230
================================================================================
NOTES:
# LAST OF SEVERAL OCCURRENCES
COLUMN 17 PEAK WIND IN M.P.H.
PRELIMINARY LOCAL CLIMATOLOGICAL DATA (WS FORM: F-6) , PAGE 2
STATION: RALEIGH NC
MONTH: APRIL
YEAR: 2024
LATITUDE: 35 52 N
LONGITUDE: 78 47 W
[TEMPERATURE DATA] [PRECIPITATION DATA] SYMBOLS USED IN COLUMN 16
AVERAGE MONTHLY: 63.4 TOTAL FOR MONTH: 0.66 1 = FOG OR MIST
DPTR FM NORMAL: 4.7 DPTR FM NORMAL: -1.21 2 = FOG REDUCING VISIBILITY
HIGHEST: 89 ON 15 GRTST 24HR 0.36 ON 3- 3 TO 1/4 MILE OR LESS
LOWEST: 36 ON 7 3 = THUNDER
SNOW, ICE PELLETS, HAIL 4 = ICE PELLETS
TOTAL MONTH: 0.0 INCH 5 = HAIL
GRTST 24HR 0.0 6 = FREEZING RAIN OR DRIZZLE
GRTST DEPTH: 0 7 = DUSTSTORM OR SANDSTORM:
VSBY 1/2 MILE OR LESS
8 = SMOKE OR HAZE
[NO. OF DAYS WITH] [WEATHER - DAYS WITH] 9 = BLOWING SNOW
X = TORNADO
MAX 32 OR BELOW: 0 0.01 INCH OR MORE: 5
MAX 90 OR ABOVE: 0 0.10 INCH OR MORE: 2
MIN 32 OR BELOW: 0 0.50 INCH OR MORE: 0
MIN 0 OR BELOW: 0 1.00 INCH OR MORE: 0
[HDD (BASE 65) ]
TOTAL THIS MO. 64 CLEAR (SCALE 0-3) 5
DPTR FM NORMAL -56 PTCLDY (SCALE 4-7) 7
TOTAL FM JUL 1 2355 CLOUDY (SCALE 8-10) 4
DPTR FM NORMAL -689
[CDD (BASE 65) ]
TOTAL THIS MO. 44
DPTR FM NORMAL 23 [PRESSURE DATA]
TOTAL FM JAN 1 54 HIGHEST SLP M ON M
DPTR FM NORMAL 19 LOWEST SLP 29.25 ON 3
[REMARKS]