000
CXUS53 KGRB 181210
CF6RHI
PRELIMINARY LOCAL CLIMATOLOGICAL DATA (WS FORM: F-6)
STATION: RHINELANDER WI
MONTH: JULY
YEAR: 2020
LATITUDE: 45 37 N
LONGITUDE: 89 27 W
TEMPERATURE IN F: :PCPN: SNOW: WIND :SUNSHINE: SKY :PK WND
================================================================================
1 2 3 4 5 6A 6B 7 8 9 10 11 12 13 14 15 16 17 18
12Z AVG MX 2MIN
DY MAX MIN AVG DEP HDD CDD WTR SNW DPTH SPD SPD DIR MIN PSBL S-S WX SPD DR
================================================================================
1 87 63 75 9 0 10 0.00 0.0 0 3.7 10 180 M M 2 1 18 190
2 91 59 75 9 0 10 T 0.0 0 3.3 17 120 M M 2 123 25 110
3 91 60 76 10 0 11 0.00 0.0 0 3.3 10 80 M M 3 12 18 100
4 92 61 77 11 0 12 0.00 0.0 0 4.2 13 210 M M 1 1 18 210
5 90 63 77 11 0 12 0.00 0.0 0 3.8 15 270 M M 1 1 20 270
6 86 64 75 8 0 10 0.51 0.0 0 4.9 20 280 M M 2 138 29 280
7 85 64 75 8 0 10 0.00 0.0 0 3.3 10 240 M M 2 12 14 270
8 87 58 73 6 0 8 0.41 0.0 0 5.2 25 330 M M 2 123 41 340
9 80 64 72 5 0 7 0.87 0.0 0 5.6 22 280 M M 6 13 32 290
10 82 59 71 4 0 6 0.02 0.0 0 5.5 15 280 M M 3 21 280
11 81 57 69 2 0 4 0.00 0.0 0 4.8 13 300 M M 1 22 310
12 77 51 64 -3 1 0 0.00 0.0 0 3.5 13 360 M M 3 1 21 60
13 80 47 64 -3 1 0 0.00 0.0 0 4.7 13 150 M M 1 1 19 160
14 73 59 66 -1 0 1 3.18 0.0 0 6.4 22 240 M M 9 13 46 240
15 75 49 62 -5 3 0 0.00 0.0 0 3.1 9 170 M M 1 12 12 150
16 81 52 67 0 0 2 0.00 0.0 0 6.6 15 200 M M 3 12 22 180
17 86 58 72 5 0 7 0.00 0.0 0 4.9 12 220 M M 1 1 19 220
18 87 66 77 10 0 12 1.22 0.0 0 9.5 24 280 M M 3 13 36 320
19 79 63 71 4 0 6 0.10 0.0 0 11.4 24 270 M M 4 13 30 260
20 73 52 63 -4 2 0 0.00 0.0 0 4.4 13 300 M M 3 19 330
21 66 49 58 -9 7 0 0.66 0.0 0 7.2 16 140 M M 9 1 23 150
22 71 60 66 -1 0 1 T 0.0 0 4.9 12 20 M M 10 1 19 30
23 75 54 65 -2 0 0 0.00 0.0 0 2.7 9 160 M M 6 1 14 120
24 81 52 67 0 0 2 0.00 0.0 0 5.8 15 200 M M 2 1 27 200
25 87 70 79 12 0 14 0.16 0.0 0 8.9 17 220 M M 5 13 26 220
26 82 68 75 8 0 10 2.04 0.0 0 7.7 17 310 M M 7 13 27 320
27 79 56 68 1 0 3 0.14 0.0 0 7.8 20 270 M M 2 12 28 270
28 81 55 68 1 0 3 0.00 0.0 0 7.5 13 260 M M 2 M M
29 79 52 66 -1 0 1 0.00 0.0 0 2.8 10 270 M M 3 12 18 290
30 77 51 64 -3 1 0 0.00 0.0 0 2.9 12 50 M M 2 17 40
31 79 51 65 -2 0 0 0.00 0.0 0 1.4 9 70 M M 2 1 13 60
================================================================================
SM 2520 1787 15 162 9.31 0.0 161.7 M 103
================================================================================
AV 81.3 57.7 5.2 FASTST M M 3 MAX(MPH)
MISC ----> # 25 330 # 46 240
================================================================================
NOTES:
# LAST OF SEVERAL OCCURRENCES
COLUMN 17 PEAK WIND IN M.P.H.
PRELIMINARY LOCAL CLIMATOLOGICAL DATA (WS FORM: F-6) , PAGE 2
STATION: RHINELANDER WI
MONTH: JULY
YEAR: 2020
LATITUDE: 45 37 N
LONGITUDE: 89 27 W
[TEMPERATURE DATA] [PRECIPITATION DATA] SYMBOLS USED IN COLUMN 16
AVERAGE MONTHLY: 69.5 TOTAL FOR MONTH: 9.31 1 = FOG OR MIST
DPTR FM NORMAL: 2.7 DPTR FM NORMAL: 5.29 2 = FOG REDUCING VISIBILITY
HIGHEST: 92 ON 4 GRTST 24HR 3.18 ON 14-14 TO 1/4 MILE OR LESS
LOWEST: 47 ON 13 3 = THUNDER
SNOW, ICE PELLETS, HAIL 4 = ICE PELLETS
TOTAL MONTH: 0.0 INCH 5 = HAIL
GRTST 24HR 0.0 6 = FREEZING RAIN OR DRIZZLE
GRTST DEPTH: 0 7 = DUSTSTORM OR SANDSTORM:
VSBY 1/2 MILE OR LESS
8 = SMOKE OR HAZE
[NO. OF DAYS WITH] [WEATHER - DAYS WITH] 9 = BLOWING SNOW
X = TORNADO
MAX 32 OR BELOW: 0 0.01 INCH OR MORE: 11
MAX 90 OR ABOVE: 4 0.10 INCH OR MORE: 10
MIN 32 OR BELOW: 0 0.50 INCH OR MORE: 6
MIN 0 OR BELOW: 0 1.00 INCH OR MORE: 3
[HDD (BASE 65) ]
TOTAL THIS MO. 15 CLEAR (SCALE 0-3) 21
DPTR FM NORMAL -36 PTCLDY (SCALE 4-7) 7
TOTAL FM JUL 1 15 CLOUDY (SCALE 8-10) 3
DPTR FM NORMAL -36
[CDD (BASE 65) ]
TOTAL THIS MO. 162
DPTR FM NORMAL 57 [PRESSURE DATA]
TOTAL FM JAN 1 260 HIGHEST SLP 30.20 ON 24
DPTR FM NORMAL 90 LOWEST SLP 29.64 ON 19
[REMARKS]
#FINAL-07-20#