000
CXUS54 KFWD 010730
CF6RPH
PRELIMINARY LOCAL CLIMATOLOGICAL DATA (WS FORM: F-6)
STATION: GRAHAM
MONTH: OCTOBER
YEAR: 2023
LATITUDE: 33 6 N
LONGITUDE: 98 30 W
TEMPERATURE IN F: :PCPN: SNOW: WIND :SUNSHINE: SKY :PK WND
================================================================================
1 2 3 4 5 6A 6B 7 8 9 10 11 12 13 14 15 16 17 18
12Z AVG MX 2MIN
DY MAX MIN AVG DEP HDD CDD WTR SNW DPTH SPD SPD DIR MIN PSBL S-S WX SPD DR
================================================================================
1 92 67 80 11 0 15 0.00 M M 5.5 10 130 M M 0 M M
2 92 66 79 10 0 14 0.00 M M 5.6 12 140 M M 2 17 120
3 92 71 82 14 0 17 T M M 8.2 13 140 M M 4 21 190
4 93 67 80 12 0 15 M M M 7.5 21 360 M M 5 1 50 M
5 82 65 74 6 0 9 0.01 M M 5.4 12 360 M M 6 1 17 350
6 85 58 72 5 0 7 0.00 M M 3.8 14 30 M M 0 1 22 30
7 71 50 61 -6 4 0 0.00 M M 5.1 10 10 M M 3 20 10
8 83 46 65 -2 0 0 0.00 M M 3.0 7 99 M M 0 M M
9 89 53 71 5 0 6 0.00 M M 3.9 9 210 M M 0 M M
10 85 61 73 7 0 8 0.00 M M 6.1 12 150 M M 1 20 130
11 82 64 73 7 0 8 0.00 M M 9.1 13 130 M M 3 23 160
12 92 68 80 14 0 15 0.00 M M 9.8 15 180 M M 1 23 200
13 76 56 66 1 0 1 0.00 M M 8.8 20 330 M M 0 30 M
14 69 47 58 -7 7 0 0.00 M M 6.3 13 360 M M 0 20 99
15 67 45 56 -8 9 0 0.00 M M 7.3 18 350 M M 0 23 350
16 68 39 54 -10 11 0 0.00 M M 5.0 15 360 M M 0 21 340
17 78 35 57 -7 8 0 0.00 M M 3.7 10 130 M M 0 17 140
18 85 53 69 5 0 4 0.00 M M 5.4 13 160 M M 0 21 140
19 86 51 69 6 0 4 0.00 M M 5.0 12 340 M M 0 17 340
20 92 51 72 9 0 7 0.00 M M 1.7 7 310 M M 0 M M
21 92 52 72 9 0 7 0.00 M M 3.0 7 210 M M 1 8 M M
22 86 61 74 12 0 9 T M M 4.6 10 150 M M 6 18 99
23 81 60 71 9 0 6 T M M 8.1 16 150 M M 7 1 24 150
24 75 61 68 6 0 3 T M M 8.2 12 140 M M 8 1 20 140
25 73 65 69 8 0 4 T M M 5.8 10 290 M M 9 1 17 140
26 85 64 75 14 0 10 0.00 M M 5.8 9 200 M M 3 M M
27 74 60 67 6 0 2 T M M 7.1 12 360 M M 8 8 20 330
28 60 49 55 -5 10 0 T M M 7.0 14 360 M M 10 18 18 360
29 47 37 42 -18 23 0 T M M 14.1 17 340 M M 10 1 26 340
30 48 32 40 -20 25 0 0.00 M M 11.0 17 30 M M 2 24 360
31 59 27 43 -16 22 0 0.00 M M 3.8 12 350 M M 0 17 350
================================================================================
SM 2439 1681 119 171 0.01 M 194.6 M 89
================================================================================
AV 78.7 54.2 6.3 FASTST M M 3 MAX(MPH)
MISC ----> 21 360 50 9999
================================================================================
NOTES:
# LAST OF SEVERAL OCCURRENCES
COLUMN 17 PEAK WIND IN M.P.H.
PRELIMINARY LOCAL CLIMATOLOGICAL DATA (WS FORM: F-6) , PAGE 2
STATION: GRAHAM
MONTH: OCTOBER
YEAR: 2023
LATITUDE: 33 6 N
LONGITUDE: 98 30 W
[TEMPERATURE DATA] [PRECIPITATION DATA] SYMBOLS USED IN COLUMN 16
AVERAGE MONTHLY: 66.5 TOTAL FOR MONTH: 0.01 1 = FOG OR MIST
DPTR FM NORMAL: 2.3 DPTR FM NORMAL: -3.75 2 = FOG REDUCING VISIBILITY
HIGHEST: 93 ON 4 GRTST 24HR 0.01 ON 5- 5 TO 1/4 MILE OR LESS
LOWEST: 27 ON 31 3 = THUNDER
SNOW, ICE PELLETS, HAIL 4 = ICE PELLETS
TOTAL MONTH: M 5 = HAIL
GRTST 24HR M ON M 6 = FREEZING RAIN OR DRIZZLE
GRTST DEPTH: M ON M 7 = DUSTSTORM OR SANDSTORM:
VSBY 1/2 MILE OR LESS
8 = SMOKE OR HAZE
[NO. OF DAYS WITH] [WEATHER - DAYS WITH] 9 = BLOWING SNOW
X = TORNADO
MAX 32 OR BELOW: 0 0.01 INCH OR MORE: 1
MAX 90 OR ABOVE: 7 0.10 INCH OR MORE: 0
MIN 32 OR BELOW: 2 0.50 INCH OR MORE: 0
MIN 0 OR BELOW: 0 1.00 INCH OR MORE: 0
[HDD (BASE 65) ]
TOTAL THIS MO. 119 CLEAR (SCALE 0-3) 20
DPTR FM NORMAL 0 PTCLDY (SCALE 4-7) 6
TOTAL FM JUL 1 119 CLOUDY (SCALE 8-10) 5
DPTR FM NORMAL -17
[CDD (BASE 65) ]
TOTAL THIS MO. 171
DPTR FM NORMAL 76 [PRESSURE DATA]
TOTAL FM JAN 1 3106 HIGHEST SLP M ON M
DPTR FM NORMAL 818 LOWEST SLP M ON M
[REMARKS]
#FINAL-10-23#