000
CXUS56 KFGZ 010910
CF6RQE
PRELIMINARY LOCAL CLIMATOLOGICAL DATA (WS FORM: F-6)
STATION: WINDOW ROCK AZ AIRPORT
MONTH: FEBRUARY
YEAR: 2021
LATITUDE: 35 39 N
LONGITUDE: 109 4 W
TEMPERATURE IN F: :PCPN: SNOW: WIND :SUNSHINE: SKY :PK WND
================================================================================
1 2 3 4 5 6A 6B 7 8 9 10 11 12 13 14 15 16 17 18
12Z AVG MX 2MIN
DY MAX MIN AVG DEP HDD CDD WTR SNW DPTH SPD SPD DIR MIN PSBL S-S WX SPD DR
================================================================================
1 54 17 36 5 29 0 0.00 M M 1.2 7 220 M M 5 9 190
2 56 33 45 14 20 0 T M M M 15 270 M M 7 20 240
3 56 33 45 14 20 0 0.00 M M 11.1 30 230 M M 5 35 220
4 44 25 35 4 30 0 0.00 M M 6.8 21 250 M M 0 28 250
5 47 17 32 1 33 0 0.00 M M 6.2 21 280 M M 0 27 280
6 50 19 35 4 30 0 0.00 M M 3.6 16 270 M M 0 20 260
7 57 22 40 8 25 0 0.00 M M 5.9 17 280 M M 0 25 190
8 58 17 38 6 27 0 0.00 M M 7.7 24 270 M M 0 30 270
9 54 27 41 9 24 0 0.00 M M 7.6 22 250 M M 1 29 260
10 53 29 41 9 24 0 0.00 M M 4.3 22 300 M M 7 35 300
11 57 18 38 6 27 0 0.00 M M 3.8 15 240 M M 0 20 230
12 54 26 40 8 25 0 0.00 M M 9.2 25 240 M M 5 33 230
13 50 18 34 1 31 0 0.09 M M 9.7 38 240 M M 5 1 50 250
14 35 23 29 -4 36 0 0.01 M M 5.7 14 310 M M 9 1 18 310
15 39 21 30 -3 35 0 T M M 5.8 24 260 M M 9 34 260
16 36 7 22 -11 43 0 0.36 M M 7.6 21 290 M M 8 12 26 280
17 34 0 17 -16 48 0 0.04 M M 2.6 14 280 M M 6 18 18 280
18 36 -1 18 -16 47 0 0.00 M M 3.3 13 10 M M 1 8 16 20
19 48 4 26 -8 39 0 0.00 M M 2.2 14 270 M M 0 17 270
20 55 18 37 3 28 0 0.00 M M 12.9 39 230 M M 2 54 250
21 42 22 32 -2 33 0 0.00 M M 8.6 20 360 M M 0 27 330
22 56 16 36 2 29 0 0.00 M M 2.4 13 10 M M 0 8 17 10
23 58 18 38 3 27 0 0.00 M M 5.3 21 250 M M 0 26 260
24 55 20 38 3 27 0 0.00 M M 8.6 26 240 M M 1 36 260
25 49 20 35 0 30 0 0.00 M M 4.3 16 230 M M 3 21 240
26 52 14 33 -2 32 0 0.00 M M 4.2 20 240 M M 0 26 230
27 49 24 37 1 28 0 0.00 M M 12.0 28 240 M M 1 38 230
28 36 20 28 -8 37 0 0.00 M M 7.8 17 360 M M 7 24 350
================================================================================
SM 1370 527 864 0 0.50 M 170.4 M 82
================================================================================
AV 48.9 18.8 6.3 FASTST M M 3 MAX(MPH)
MISC ----> 39 230 54 250
================================================================================
NOTES:
# LAST OF SEVERAL OCCURRENCES
COLUMN 17 PEAK WIND IN M.P.H.
PRELIMINARY LOCAL CLIMATOLOGICAL DATA (WS FORM: F-6) , PAGE 2
STATION: WINDOW ROCK AZ AIRPORT
MONTH: FEBRUARY
YEAR: 2021
LATITUDE: 35 39 N
LONGITUDE: 109 4 W
[TEMPERATURE DATA] [PRECIPITATION DATA] SYMBOLS USED IN COLUMN 16
AVERAGE MONTHLY: 33.9 TOTAL FOR MONTH: 0.50 1 = FOG OR MIST
DPTR FM NORMAL: 0.9 DPTR FM NORMAL: -0.23 2 = FOG REDUCING VISIBILITY
HIGHEST: 58 ON 23, 8 GRTST 24HR 0.36 ON 16-16 TO 1/4 MILE OR LESS
LOWEST: -1 ON 18 3 = THUNDER
SNOW, ICE PELLETS, HAIL 4 = ICE PELLETS
TOTAL MONTH: M 5 = HAIL
GRTST 24HR M ON M 6 = FREEZING RAIN OR DRIZZLE
GRTST DEPTH: M ON M 7 = DUSTSTORM OR SANDSTORM:
VSBY 1/2 MILE OR LESS
8 = SMOKE OR HAZE
[NO. OF DAYS WITH] [WEATHER - DAYS WITH] 9 = BLOWING SNOW
X = TORNADO
MAX 32 OR BELOW: 0 0.01 INCH OR MORE: 4
MAX 90 OR ABOVE: 0 0.10 INCH OR MORE: 1
MIN 32 OR BELOW: 26 0.50 INCH OR MORE: 0
MIN 0 OR BELOW: 2 1.00 INCH OR MORE: 0
[HDD (BASE 65) ]
TOTAL THIS MO. 864 CLEAR (SCALE 0-3) 17
DPTR FM NORMAL -32 PTCLDY (SCALE 4-7) 9
TOTAL FM JUL 1 4391 CLOUDY (SCALE 8-10) 2
DPTR FM NORMAL -241
[CDD (BASE 65) ]
TOTAL THIS MO. 0
DPTR FM NORMAL 0 [PRESSURE DATA]
TOTAL FM JAN 1 0 HIGHEST SLP M ON M
DPTR FM NORMAL 0 LOWEST SLP 29.34 ON 14
[REMARKS]
#FINAL-02-21#