000
CXUS53 KGRB 131431
CF6RRL
PRELIMINARY LOCAL CLIMATOLOGICAL DATA (WS FORM: F-6)
STATION: MERRILL MUNICIPAL AI
MONTH: JANUARY
YEAR: 2024
LATITUDE: 45 10 N
LONGITUDE: 89 42 W
TEMPERATURE IN F: :PCPN: SNOW: WIND :SUNSHINE: SKY :PK WND
================================================================================
1 2 3 4 5 6A 6B 7 8 9 10 11 12 13 14 15 16 17 18
12Z AVG MX 2MIN
DY MAX MIN AVG DEP HDD CDD WTR SNW DPTH SPD SPD DIR MIN PSBL S-S WX SPD DR
================================================================================
1 26 20 23 12 42 0 M M M 6.5 10 250 M M 10 20 260
2 30 21 26 15 39 0 M M M 7.8 12 310 M M 10 17 280
3 31 21 26 15 39 0 M M M 5.8 13 360 M M 10 1 23 350
4 22 17 20 9 45 0 M M M 4.7 12 270 M M 10 M M
5 30 22 26 15 39 0 M M M 4.3 13 260 M M 10 1 18 260
6 32 27 30 19 35 0 M M M 1.7 6 150 M M 10 1 M M
7 31 22 27 17 38 0 M M M 2.7 7 280 M M 10 1 M M
8 29 25 27 M 38 0 M M M 3.5 10 130 M M 10 1 M M
9 32 28 30 M 35 0 0.03 M M 10.1 16 10 M M 10 1 29 10
10 31 25 28 M 37 0 0.01 M M 4.3 18 360 M M 10 24 360
11 29 22 26 M 39 0 0.01 M M 2.8 7 260 M M 10 M M
12 27 22 25 M 40 0 M M M 8.3 18 10 M M 10 29 10
13 24 6 15 M 50 0 M M M 14.1 21 350 M M 10 25 360
14 6 -4 1 M 64 0 M M M 10.0 15 300 M M 7 21 300
15 4 -10 -3 M 68 0 M M M 8.5 14 260 M M 1 18 260
16 2 -10 -4 M 69 0 M M M 9.7 15 240 M M 4 8 22 230
17 11 -2 5 M 60 0 M M M 6.1 12 280 M M 7 16 280
18 9 -12 -1 M 66 0 M M M 3.8 12 340 M M 5 M M
19 14 -2 6 M 59 0 M M M 5.5 12 350 M M 5 21 320
20 19 -3 8 M 57 0 M M M 3.0 10 260 M M 0 M M
21 16 -6 5 M 60 0 M M M 7.0 16 220 M M 6 25 220
22 29 15 22 M 43 0 M M M 4.0 8 240 M M 7 17 200
23 30 26 28 M 37 0 M M M 3.3 7 90 M M 10 M M
24 32 28 30 M 35 0 M M M 1.2 5 200 M M 10 12 M M
25 36 32 34 M 31 0 0.10 M M 0.0 M M M M 10 12 M M
26 37 33 35 M 30 0 M M M 0.3 3 70 M M 10 12 M M
27 35 32 34 M 31 0 M M M 3.4 9 290 M M 10 12 M M
28 35 27 31 M 34 0 M M M 5.3 9 270 M M 8 1 M M
29 35 28 32 M 33 0 M M M 5.1 8 230 M M 10 1 17 290
30 36 32 34 M 31 0 M M M 6.5 13 330 M M 10 M M
31 47 26 37 M 28 0 M M M 6.3 15 240 M M 5 1 20 250
================================================================================
SM 807 508 1352 0 0.15 M 165.5 M 255
================================================================================
AV 26.0 16.4 5.3 FASTST M M 8 MAX(MPH)
MISC ----> 21 350 # 29 10
================================================================================
NOTES:
# LAST OF SEVERAL OCCURRENCES
COLUMN 17 PEAK WIND IN M.P.H.
PRELIMINARY LOCAL CLIMATOLOGICAL DATA (WS FORM: F-6) , PAGE 2
STATION: MERRILL MUNICIPAL AI
MONTH: JANUARY
YEAR: 2024
LATITUDE: 45 10 N
LONGITUDE: 89 42 W
[TEMPERATURE DATA] [PRECIPITATION DATA] SYMBOLS USED IN COLUMN 16
AVERAGE MONTHLY: 21.2 TOTAL FOR MONTH: 0.15 1 = FOG OR MIST
DPTR FM NORMAL: 0.0 DPTR FM NORMAL: M 2 = FOG REDUCING VISIBILITY
HIGHEST: 47 ON 31 GRTST 24HR 0.46 ON 9- 9 TO 1/4 MILE OR LESS
LOWEST: -12 ON 18 3 = THUNDER
SNOW, ICE PELLETS, HAIL 4 = ICE PELLETS
TOTAL MONTH: M 5 = HAIL
GRTST 24HR M ON M 6 = FREEZING RAIN OR DRIZZLE
GRTST DEPTH: M ON M 7 = DUSTSTORM OR SANDSTORM:
VSBY 1/2 MILE OR LESS
8 = SMOKE OR HAZE
[NO. OF DAYS WITH] [WEATHER - DAYS WITH] 9 = BLOWING SNOW
X = TORNADO
MAX 32 OR BELOW: 24 0.01 INCH OR MORE: 4
MAX 90 OR ABOVE: 0 0.10 INCH OR MORE: 1
MIN 32 OR BELOW: 30 0.50 INCH OR MORE: 0
MIN 0 OR BELOW: 8 1.00 INCH OR MORE: 0
[HDD (BASE 65) ]
TOTAL THIS MO. 1352 CLEAR (SCALE 0-3) 2
DPTR FM NORMAL 972 PTCLDY (SCALE 4-7) 9
TOTAL FM JUL 1 2415 CLOUDY (SCALE 8-10) 20
DPTR FM NORMAL 2035
[CDD (BASE 65) ]
TOTAL THIS MO. 0
DPTR FM NORMAL 0 [PRESSURE DATA]
TOTAL FM JAN 1 0 HIGHEST SLP M ON M
DPTR FM NORMAL 0 LOWEST SLP M ON M
[REMARKS]
#FINAL-01-24#