000
CXUS53 KARX 010900
CF6RST
PRELIMINARY LOCAL CLIMATOLOGICAL DATA (WS FORM: F-6)
STATION: ROCHESTER MN
MONTH: MARCH
YEAR: 2023
LATITUDE: 43 55 N
LONGITUDE: 92 30 W
TEMPERATURE IN F: :PCPN: SNOW: WIND :SUNSHINE: SKY :PK WND
================================================================================
1 2 3 4 5 6A 6B 7 8 9 10 11 12 13 14 15 16 17 18
12Z AVG MX 2MIN
DY MAX MIN AVG DEP HDD CDD WTR SNW DPTH SPD SPD DIR MIN PSBL S-S WX SPD DR
================================================================================
1 37 25 31 7 34 0 0.04 0.3 5 16.3 25 320 M M 10 1 32 240
2 29 21 25 0 40 0 0.00 0.0 5 7.6 17 340 M M 9 21 340
3 40 23 32 7 33 0 0.00 0.0 5 5.8 10 240 M M 0 1 13 160
4 37 24 31 5 34 0 0.00 0.0 3 9.3 18 280 M M 3 1 22 280
5 38 21 30 4 35 0 0.20 0.9 3 11.3 22 80 M M 4 30 100
6 35 32 34 7 31 0 0.01 T 4 12.7 22 360 M M 10 1 26 360
7 37 30 34 7 31 0 0.00 0.0 3 10.3 18 30 M M 8 24 30
8 36 29 33 5 32 0 T T 2 10.5 23 150 M M 9 28 150
9 34 27 31 3 34 0 0.23 3.2 2 13.2 22 60 M M 10 12 29 70
10 31 25 28 -1 37 0 0.03 0.4 5 8.5 16 20 M M 10 21 20
11 30 27 29 0 36 0 0.13 1.5 5 13.1 23 130 M M 10 28 110
12 31 23 27 -3 38 0 T 0.3 7 16.4 28 330 M M 10 16 35 330
13 28 12 20 -10 45 0 T T 7 13.2 26 330 M M 7 1 32 330
14 29 3 16 -15 49 0 0.00 0.0 7 11.4 21 170 M M 1 1 30 170
15 43 28 36 5 29 0 0.00 0.0 5 19.4 29 180 M M 2 38 190
16 41 21 31 -1 34 0 0.40 0.4 T 19.2 37 320 M M 8 12 46 320
17 21 4 13 -19 52 0 T T T 26.4 36 290 M M 4 8 44 290
18 22 4 13 -20 52 0 T T T 19.7 28 310 M M 6 1 36 310
19 37 8 23 -10 42 0 0.00 0.0 0 18.2 30 210 M M 0 40 210
20 43 28 36 2 29 0 0.00 0.0 0 9.4 29 210 M M 0 37 210
21 47 28 38 4 27 0 0.04 0.0 0 12.0 21 160 M M 5 1 29 150
22 38 29 34 -1 31 0 0.08 0.0 0 13.8 21 280 M M 9 1 28 170
23 37 25 31 -4 34 0 0.00 0.0 0 9.6 15 340 M M 4 20 340
24 46 22 34 -2 31 0 0.00 0.0 0 4.6 12 120 M M 0 15 30
25 44 28 36 0 29 0 0.00 0.0 0 9.9 20 310 M M 0 26 320
26 42 24 33 -3 32 0 0.00 0.0 0 9.8 18 350 M M 0 1 23 340
27 42 22 32 -5 33 0 0.00 0.0 0 9.6 18 310 M M 0 24 310
28 39 18 29 -8 36 0 0.02 T 0 12.6 23 310 M M 2 1 30 230
29 29 13 21 -17 44 0 0.00 0.0 0 10.5 25 330 M M 2 30 330
30 39 17 28 -10 37 0 0.05 T 0 13.5 24 120 M M 7 3 31 110
31 42 32 37 -2 28 0 2.15 2.2 0 13.7 39 30 M M 10 123 50 30
================================================================================
SM 1124 673 1109 0 3.38 9.2 391.5 M 160
================================================================================
AV 36.3 21.7 12.6 FASTST M M 5 MAX(MPH)
MISC ----> 39 30 50 30
================================================================================
NOTES:
# LAST OF SEVERAL OCCURRENCES
COLUMN 17 PEAK WIND IN M.P.H.
PRELIMINARY LOCAL CLIMATOLOGICAL DATA (WS FORM: F-6) , PAGE 2
STATION: ROCHESTER MN
MONTH: MARCH
YEAR: 2023
LATITUDE: 43 55 N
LONGITUDE: 92 30 W
[TEMPERATURE DATA] [PRECIPITATION DATA] SYMBOLS USED IN COLUMN 16
AVERAGE MONTHLY: 29.0 TOTAL FOR MONTH: 3.38 1 = FOG OR MIST
DPTR FM NORMAL: -2.7 DPTR FM NORMAL: 1.36 2 = FOG REDUCING VISIBILITY
HIGHEST: 47 ON 21 GRTST 24HR 2.15 ON 31-31 TO 1/4 MILE OR LESS
LOWEST: 3 ON 14 3 = THUNDER
SNOW, ICE PELLETS, HAIL 4 = ICE PELLETS
TOTAL MONTH: 10.3 INCHES 5 = HAIL
GRTST 24HR 3.2 ON 9- 9 6 = FREEZING RAIN OR DRIZZLE
GRTST DEPTH: 7 ON 14,13 7 = DUSTSTORM OR SANDSTORM:
VSBY 1/2 MILE OR LESS
8 = SMOKE OR HAZE
[NO. OF DAYS WITH] [WEATHER - DAYS WITH] 9 = BLOWING SNOW
X = TORNADO
MAX 32 OR BELOW: 9 0.01 INCH OR MORE: 12
MAX 90 OR ABOVE: 0 0.10 INCH OR MORE: 5
MIN 32 OR BELOW: 31 0.50 INCH OR MORE: 1
MIN 0 OR BELOW: 0 1.00 INCH OR MORE: 1
[HDD (BASE 65) ]
TOTAL THIS MO. 1109 CLEAR (SCALE 0-3) 12
DPTR FM NORMAL 75 PTCLDY (SCALE 4-7) 9
TOTAL FM JUL 1 6846 CLOUDY (SCALE 8-10) 10
DPTR FM NORMAL -101
[CDD (BASE 65) ]
TOTAL THIS MO. 0
DPTR FM NORMAL 0 [PRESSURE DATA]
TOTAL FM JAN 1 0 HIGHEST SLP 30.52 ON 7
DPTR FM NORMAL 0 LOWEST SLP 29.20 ON 31
[REMARKS]
#FINAL-03-23#