000
CXUS53 KARX 011920 CCA
CLARST
CLIMATE REPORT...CORRECTED
NATIONAL WEATHER SERVICE
120 PM CST FRI JAN 01 2021
...................................
...THE ROCHESTER MN CLIMATE SUMMARY FOR THE YEAR OF 2020...
CLIMATE NORMAL PERIOD 1981 TO 2010
CLIMATE RECORD PERIOD 1886 TO 2020
WEATHER OBSERVED NORMAL DEPART LAST YEAR`S
VALUE DATE(S) VALUE FROM VALUE DATE(S)
NORMAL
................................................................
TEMPERATURE (F)
RECORD
HIGH 108 07/14/1936
LOW -42 01/07/1887
HIGHEST 93 06/02 90 07/19
LOWEST -24 02/14 -30 01/31
AVG. MAXIMUM 54.9 54.7 0.2 51.6
AVG. MINIMUM 36.3 36.2 0.1 34.0
MEAN 45.6 45.4 0.2 42.8
DAYS MAX >= 90 6 5.0 1.0 1
DAYS MAX <= 32 72 79.0 -7.0 90
DAYS MIN <= 32 174 159.0 15.0 170
DAYS MIN <= 0 16 27.0 -11.0 39
PRECIPITATION (INCHES)
RECORD
MAXIMUM 55.16 2019
MINIMUM 11.86 1910
TOTALS 31.22 33.02 -1.80 55.16
DAYS >= .01 111 121.0 -10.0 150
DAYS >= .10 57 62.0 -5.0 89
DAYS >= .50 26 21.0 5.0 34
DAYS >= 1.00 7 7.0 0.0 16
GREATEST
24 HR. TOTAL 2.20 05/17 4.90 06/28
SNOWFALL (INCHES)
RECORDS
TOTAL 92.0 2019
24 HR TOTAL 19.8 MM
TOTALS 45.9 51.9 -6.0 92.0
DAYS >= TRACE 69 38.0 31.0 70
DAYS >= 1.0 12 15.0 -3.0 43
GREATEST
SNOW DEPTH 15 02/20 28 02/24
02/19
02/18
24 HR TOTAL 9.6 02/09 10.1 02/23
DEGREE DAYS
HEATING TOTAL 7653 7912 -259 8520
COOLING TOTAL 634 533 101 509
................................................................
WIND (MPH)
AVERAGE WIND SPEED 11.5
HIGHEST GUST SPEED/DIRECTION 56/290 DATE 04/20
WEATHER CONDITIONS. NUMBER OF DAYS WITH
THUNDERSTORM 36 MIXED PRECIP 0
HEAVY RAIN 26 RAIN 41
LIGHT RAIN 100 FREEZING RAIN 3
LT FREEZING RAIN 7 HAIL 0
HEAVY SNOW 6 SNOW 12
LIGHT SNOW 64 SLEET 0
FOG 142 FOG W/VIS <= 1/4 MILE 28
HAZE 46
- INDICATES NEGATIVE NUMBERS.
R INDICATES RECORD WAS SET OR TIED.
MM INDICATES DATA IS MISSING.
T INDICATES TRACE AMOUNT.
$$
BOYNE