000
CXUS55 KCYS 020222 CCA
CF6RWL
PRELIMINARY LOCAL CLIMATOLOGICAL DATA (WS FORM: F-6)...CORRECTED
STATION: RAWLINS WYOMING AIRPORT
MONTH: JANUARY
YEAR: 2023
LATITUDE: 41 47 N
LONGITUDE: 107 12 W
TEMPERATURE IN F: :PCPN: SNOW: WIND :SUNSHINE: SKY :PK WND
================================================================================
1 2 3 4 5 6A 6B 7 8 9 10 11 12 13 14 15 16 17 18
12Z AVG MX 2MIN
DY MAX MIN AVG DEP HDD CDD WTR SNW DPTH SPD SPD DIR MIN PSBL S-S WX SPD DR
================================================================================
1 29 26 28 6 37 0 1.49 M M 15.3 29 40 M M 10 12 37 40
2 26 21 24 2 41 0 0.69 M M 22.3 31 50 M M 10 128 40 50
3 24 15 20 -2 45 0 T M M 17.2 35 250 M M 9 18 44 250
4 22 15 19 -3 46 0 T M M 21.1 36 250 M M 4 8 45 250
5 33 19 26 4 39 0 T M M 17.1 29 240 M M 4 40 210
6 30 17 24 2 41 0 0.04 M M M M M M M M M M
7 29 21 25 3 40 0 0.00 M M M M M M M M M M
8 34 22 28 6 37 0 0.00 M M M M M M M M M M
9 35 25 30 8 35 0 0.00 M M M M M M M 2 M M
10 36 27 32 10 33 0 0.02 M M M M M M M 6 M M
11 29 26 28 6 37 0 T M M M M M M M M M M
12 36 18 27 5 38 0 0.00 M M M M M M M M M M
13 41 20 31 9 34 0 0.00 M M M M M M M 0 M M
14 37 26 32 10 33 0 0.00 M M M M M M M 6 M M
15 37 24 31 9 34 0 T M M M M M M M 10 M M
16 30 20 25 2 40 0 T M M M M M M M 0 M M
17 32 22 27 4 38 0 0.12 M M M M M M M M M M
18 25 20 23 0 42 0 0.20 M M M M M M M M M M
19 23 10 17 -6 48 0 0.00 M M M M M M M M M M
20 23 1 12 -11 53 0 0.00 M M 10.6 18 40 M M 0 35 30
21 20 1 11 -12 54 0 T M M 18.5 29 240 M M 8 18 43 220
22 23 8 16 -7 49 0 0.00 M M 11.0 24 250 M M 2 31 250
23 25 11 18 -5 47 0 T M M 10.7 18 40 M M 5 1 35 40
24 19 13 16 -7 49 0 T M M 15.4 24 250 M M 6 8 39 250
25 17 11 14 -8 51 0 T M M 16.8 25 250 M M 9 18 33 240
26 23 11 17 -5 48 0 T M M 27.0 40 250 M M 8 57 230
27 27 22 25 3 40 0 0.12 M M 25.1 38 240 M M 10 128 53 240
28 27 -3 12 -10 53 0 0.28 M M 14.4 28 250 M M 10 18 37 240
29 4 -8 -2 -24 67 0 0.16 M M 12.0 21 30 M M 10 8 35 40
30 -1 -20 -10 -32 75 0 T M M 4.6 16 250 M M 3 26 20
31 12 -19 -3 -25 68 0 0.00 M M 12.8 28 230 M M 0 37 230
================================================================================
SM 807 422 1392 0 3.12 M 271.9 M 132
================================================================================
AV 26.0 13.6 16.0 FASTST M M 6 MAX(MPH)
MISC ----> 40 250 57 230
================================================================================
NOTES:
# LAST OF SEVERAL OCCURRENCES
COLUMN 17 PEAK WIND IN M.P.H.
PRELIMINARY LOCAL CLIMATOLOGICAL DATA (WS FORM: F-6) , PAGE 2
STATION: RAWLINS WYOMING AIRPORT
MONTH: JANUARY
YEAR: 2023
LATITUDE: 41 47 N
LONGITUDE: 107 12 W
[TEMPERATURE DATA] [PRECIPITATION DATA] SYMBOLS USED IN COLUMN 16
AVERAGE MONTHLY: 19.8 TOTAL FOR MONTH: 3.12 1 = FOG OR MIST
DPTR FM NORMAL: -2.5 DPTR FM NORMAL: 2.70 2 = FOG REDUCING VISIBILITY
HIGHEST: 41 ON 13 GRTST 24HR 1.49 ON 1- 1 TO 1/4 MILE OR LESS
LOWEST: -20 ON 30 3 = THUNDER
SNOW, ICE PELLETS, HAIL 4 = ICE PELLETS
TOTAL MONTH: M 5 = HAIL
GRTST 24HR M ON M 6 = FREEZING RAIN OR DRIZZLE
GRTST DEPTH: M ON M 7 = DUSTSTORM OR SANDSTORM:
VSBY 1/2 MILE OR LESS
8 = SMOKE OR HAZE
[NO. OF DAYS WITH] [WEATHER - DAYS WITH] 9 = BLOWING SNOW
X = TORNADO
MAX 32 OR BELOW: 23 0.01 INCH OR MORE: 9
MAX 90 OR ABOVE: 0 0.10 INCH OR MORE: 7
MIN 32 OR BELOW: 31 0.50 INCH OR MORE: 2
MIN 0 OR BELOW: 4 1.00 INCH OR MORE: 1
[HDD (BASE 65) ]
TOTAL THIS MO. 1392 CLEAR (SCALE 0-3) 7
DPTR FM NORMAL 70 PTCLDY (SCALE 4-7) 8
TOTAL FM JUL 1 4698 CLOUDY (SCALE 8-10) 16
DPTR FM NORMAL 39
[CDD (BASE 65) ]
TOTAL THIS MO. 0
DPTR FM NORMAL 0 [PRESSURE DATA]
TOTAL FM JAN 1 0 HIGHEST SLP 30.58 ON 30
DPTR FM NORMAL 0 LOWEST SLP 29.40 ON 15
[REMARKS]
JANUARY 1...A RECORD PRECIPITATION OF 1.49 WAS SET AT
RAWLINS WYOMING AIRPORT ON JANUARY 1ST. THIS BREAKS THE OLD RECORD
OF 0.31 SET IN 2020. THIS ALSO BREAKS THE MONTHLY RECORD FOR MAXIMUM
DAILY PRECIPITATION IN JANUARY. THE OLD RECORD WAS 0.71 SET ON 29
JANUARY 1980.
JANUARY 2...A RECORD PRECIPITATION OF 0.69 WAS SET AT RAWLINS
WYOMING AIRPORT ON JANUARY 2ND. THIS BREAKS THE OLD RECORD OF 0.43
SET IN 1971.
JANUARY 30...RECORD LOW HIGH -1 DEGREE (PREVIOUS 4 DEGREES IN 1979)
MONTHLY PRECIPITATION 3.12" WAS WETTEST JANUARY ON RECORD
JANUARY 6-19...WIND AND SOME SKY CONDITION DATA MISSING.
#FINAL-01-23#