000
CXUS55 KPIH 011100
CF6RXE
PRELIMINARY LOCAL CLIMATOLOGICAL DATA (WS FORM: F-6)
STATION: REXBURG
MONTH: MAY
YEAR: 2023
LATITUDE: 43 49 N
LONGITUDE: 111 48 W
TEMPERATURE IN F: :PCPN: SNOW: WIND :SUNSHINE: SKY :PK WND
================================================================================
1 2 3 4 5 6A 6B 7 8 9 10 11 12 13 14 15 16 17 18
12Z AVG MX 2MIN
DY MAX MIN AVG DEP HDD CDD WTR SNW DPTH SPD SPD DIR MIN PSBL S-S WX SPD DR
================================================================================
1 81 42 62 14 3 0 0.00 M M 6.7 18 180 M M 0 29 200
2 78 50 64 16 1 0 0.00 M M 8.2 21 230 M M 1 33 230
3 79 40 60 11 5 0 0.00 M M 3.3 12 210 M M 0 17 200
4 66 45 56 7 9 0 T M M 8.7 26 230 M M 3 8 39 230
5 59 44 52 2 13 0 0.05 M M 8.9 22 240 M M 7 33 230
6 59 40 50 0 15 0 0.01 M M 11.3 26 220 M M 7 38 230
7 54 37 46 -4 19 0 0.16 M M 10.4 22 200 M M 8 1 32 200
8 58 34 46 -4 19 0 0.16 M M 5.0 24 230 M M 3 13 32 240
9 57 33 45 -6 20 0 0.01 M M 8.7 21 200 M M 2 30 210
10 62 32 47 -4 18 0 0.00 M M 5.4 17 280 M M 5 27 280
11 67 34 51 -1 14 0 0.00 M M 3.4 14 360 M M 2 19 10
12 70 37 54 2 11 0 0.00 M M 10.0 21 10 M M 1 31 10
13 70 44 57 5 8 0 0.00 M M 12.5 24 30 M M 2 37 50
14 74 46 60 8 5 0 0.14 M M 7.9 20 200 M M 3 3 28 180
15 72 48 60 7 5 0 0.16 M M 6.3 17 200 M M 4 3 27 200
16 73 44 59 6 6 0 0.01 M M 4.4 16 300 M M 2 3 28 310
17 71 44 58 5 7 0 0.00 M M 6.0 18 20 M M 3 29 20
18 75 42 59 5 6 0 0.00 M M 6.2 12 20 M M 3 8 17 50
19 77 40 59 5 6 0 0.00 M M 3.1 9 260 M M 0 8 14 30
20 81 42 62 8 3 0 0.00 M M 3.5 16 290 M M 0 26 290
21 82 46 64 10 1 0 0.00 M M 4.7 20 290 M M 0 3 30 270
22 78 49 64 9 1 0 0.00 M M 11.4 21 230 M M 1 30 250
23 78 51 65 10 0 0 1.71 M M 7.9 31 240 M M 6 13 45 220
24 68 51 60 5 5 0 0.01 M M 4.5 22 220 M M 7 30 220
25 71 46 59 3 6 0 T M M 4.6 20 190 M M 2 31 190
26 66 46 56 0 9 0 0.04 M M 5.3 14 110 M M 3 3 23 60
27 65 45 55 -1 10 0 0.08 M M 5.9 18 30 M M 6 3 26 150
28 70 46 58 2 7 0 0.01 M M 7.9 18 230 M M 5 28 230
29 74 47 61 5 4 0 0.20 M M 5.4 18 180 M M 5 3 25 170
30 75 45 60 3 5 0 0.02 M M 5.1 28 190 M M 2 3 43 180
31 77 50 64 7 1 0 0.00 M M 4.8 16 150 M M 2 26 170
================================================================================
SM 2187 1340 242 0 2.77 M 207.4 M 95
================================================================================
AV 70.5 43.2 6.7 FASTST M M 3 MAX(MPH)
MISC ----> 31 240 45 220
================================================================================
NOTES:
# LAST OF SEVERAL OCCURRENCES
COLUMN 17 PEAK WIND IN M.P.H.
PRELIMINARY LOCAL CLIMATOLOGICAL DATA (WS FORM: F-6) , PAGE 2
STATION: REXBURG
MONTH: MAY
YEAR: 2023
LATITUDE: 43 49 N
LONGITUDE: 111 48 W
[TEMPERATURE DATA] [PRECIPITATION DATA] SYMBOLS USED IN COLUMN 16
AVERAGE MONTHLY: 56.9 TOTAL FOR MONTH: 2.77 1 = FOG OR MIST
DPTR FM NORMAL: 4.0 DPTR FM NORMAL: 1.06 2 = FOG REDUCING VISIBILITY
HIGHEST: 82 ON 21 GRTST 24HR 1.71 ON 23-23 TO 1/4 MILE OR LESS
LOWEST: 32 ON 10 3 = THUNDER
SNOW, ICE PELLETS, HAIL 4 = ICE PELLETS
TOTAL MONTH: M 5 = HAIL
GRTST 24HR M ON M 6 = FREEZING RAIN OR DRIZZLE
GRTST DEPTH: M ON M 7 = DUSTSTORM OR SANDSTORM:
VSBY 1/2 MILE OR LESS
8 = SMOKE OR HAZE
[NO. OF DAYS WITH] [WEATHER - DAYS WITH] 9 = BLOWING SNOW
X = TORNADO
MAX 32 OR BELOW: 0 0.01 INCH OR MORE: 15
MAX 90 OR ABOVE: 0 0.10 INCH OR MORE: 6
MIN 32 OR BELOW: 1 0.50 INCH OR MORE: 1
MIN 0 OR BELOW: 0 1.00 INCH OR MORE: 1
[HDD (BASE 65) ]
TOTAL THIS MO. 242 CLEAR (SCALE 0-3) 19
DPTR FM NORMAL -138 PTCLDY (SCALE 4-7) 12
TOTAL FM JUL 1 8107 CLOUDY (SCALE 8-10) 0
DPTR FM NORMAL 379
[CDD (BASE 65) ]
TOTAL THIS MO. 0
DPTR FM NORMAL -3 [PRESSURE DATA]
TOTAL FM JAN 1 0 HIGHEST SLP 30.32 ON 15
DPTR FM NORMAL -3 LOWEST SLP 29.58 ON 1
[REMARKS]
#FINAL-05-23#