000
CXUS54 KEWX 011010
CF6RYW
PRELIMINARY LOCAL CLIMATOLOGICAL DATA (WS FORM: F-6)
STATION: LAGO VISTA
MONTH: OCTOBER
YEAR: 2022
LATITUDE: 30 30 N
LONGITUDE: 97 58 W
TEMPERATURE IN F: :PCPN: SNOW: WIND :SUNSHINE: SKY :PK WND
================================================================================
1 2 3 4 5 6A 6B 7 8 9 10 11 12 13 14 15 16 17 18
12Z AVG MX 2MIN
DY MAX MIN AVG DEP HDD CDD WTR SNW DPTH SPD SPD DIR MIN PSBL S-S WX SPD DR
================================================================================
1 90 55 73 M 0 8 0.00 M M 4.5 8 80 M M 0 M M
2 88 55 72 M 0 7 0.00 M M 4.1 10 40 M M 0 M M
3 89 55 72 M 0 7 0.00 M M 3.6 9 20 M M 0 M M
4 92 64 78 M 0 13 0.00 M M 3.5 8 150 M M 0 M M
5 92 63 78 M 0 13 0.00 M M 4.0 10 60 M M 0 M M
6 93 65 79 M 0 14 0.00 M M 5.4 9 80 M M 0 17 0
7 87 69 78 M 0 13 0.00 M M 4.3 7 250 M M 0 M M
8 91 62 77 M 0 12 0.00 M M 6.4 9 50 M M 0 16 20
9 90 63 77 M 0 12 0.00 M M 5.8 10 50 M M 0 16 130
10 90 66 78 M 0 13 0.00 M M 6.2 10 160 M M 0 18 110
11 90 61 76 M 0 11 0.00 M M 7.0 12 170 M M 0 26 170
12 97 69 83 M 0 18 0.00 M M 6.8 12 210 M M 0 18 210
13 M M M M M M 0.00 M M 9.7 14 40 M M 0 21 40
14 M M M M M M 0.00 M M M M M M M 0 M M
15 82 71 77 M 0 12 0.00 M M 8.4 14 210 M M 0 21 190
16 78 64 71 M 0 6 0.38 M M 7.0 15 40 M M 0 3 26 40
17 74 53 64 M 1 0 0.14 M M 9.8 16 30 M M 0 25 50
18 M M M M M M 0.00 M M 6.5 10 20 M M 0 17 20
19 72 57 65 M 0 0 0.00 M M 4.4 9 150 M M 0 M M
20 83 53 68 M 0 3 0.00 0.0 M 6.6 9 230 M M 0 17 230
21 85 60 73 M 0 8 0.00 0.0 M 8.8 13 180 M M 0 8 18 180
22 85 64 75 M 0 10 0.00 M M 11.4 16 180 M M 3 27 180
23 84 68 76 M 0 11 0.00 M M 11.9 17 190 M M 8 31 170
24 84 60 72 M 0 7 0.35 M M 9.5 13 170 M M 8 37 300
25 73 51 62 M 3 0 0.00 0.0 M 9.7 23 290 M M 1 40 300
26 74 51 63 M 2 0 0.00 M M 4.6 8 110 M M 0 M M
27 77 54 66 M 0 1 0.00 M M 5.9 12 150 M M 4 20 0
28 64 55 60 M 5 0 0.47 M M 8.5 15 30 M M 10 21 350
29 66 53 60 M 5 0 0.00 M M 7.3 12 320 M M 7 21 320
30 74 50 62 M 3 0 0.00 M M 3.8 8 280 M M 2 M M
31 77 58 68 M 0 3 0.01 M M 4.0 7 140 M M 1 M M
================================================================================
SM 2321 1669 19 202 1.35 0.0 199.5 M 44
================================================================================
AV 82.9 59.6 6.6 FASTST M M 1 MAX(MPH)
MISC ----> 23 290 40 300
================================================================================
NOTES:
# LAST OF SEVERAL OCCURRENCES
COLUMN 17 PEAK WIND IN M.P.H.
PRELIMINARY LOCAL CLIMATOLOGICAL DATA (WS FORM: F-6) , PAGE 2
STATION: LAGO VISTA
MONTH: OCTOBER
YEAR: 2022
LATITUDE: 30 30 N
LONGITUDE: 97 58 W
[TEMPERATURE DATA] [PRECIPITATION DATA] SYMBOLS USED IN COLUMN 16
AVERAGE MONTHLY: 71.3 TOTAL FOR MONTH: 1.35 1 = FOG OR MIST
DPTR FM NORMAL: 0.0 DPTR FM NORMAL: M 2 = FOG REDUCING VISIBILITY
HIGHEST: 97 ON 12 GRTST 24HR 0.47 ON 28-28 TO 1/4 MILE OR LESS
LOWEST: 50 ON 30 3 = THUNDER
SNOW, ICE PELLETS, HAIL 4 = ICE PELLETS
TOTAL MONTH: 0.0 INCH 5 = HAIL
GRTST 24HR 0.0 6 = FREEZING RAIN OR DRIZZLE
GRTST DEPTH: M ON M 7 = DUSTSTORM OR SANDSTORM:
VSBY 1/2 MILE OR LESS
8 = SMOKE OR HAZE
[NO. OF DAYS WITH] [WEATHER - DAYS WITH] 9 = BLOWING SNOW
X = TORNADO
MAX 32 OR BELOW: 0 0.01 INCH OR MORE: 5
MAX 90 OR ABOVE: 9 0.10 INCH OR MORE: 4
MIN 32 OR BELOW: 0 0.50 INCH OR MORE: 0
MIN 0 OR BELOW: 0 1.00 INCH OR MORE: 0
[HDD (BASE 65) ]
TOTAL THIS MO. 19 CLEAR (SCALE 0-3) 25
DPTR FM NORMAL M PTCLDY (SCALE 4-7) 4
TOTAL FM JUL 1 19 CLOUDY (SCALE 8-10) 2
DPTR FM NORMAL M
[CDD (BASE 65) ]
TOTAL THIS MO. 202
DPTR FM NORMAL M [PRESSURE DATA]
TOTAL FM JAN 1 3635 HIGHEST SLP M ON M
DPTR FM NORMAL M LOWEST SLP M ON M
[REMARKS]
#FINAL-10-22#