000
CXUS54 KEWX 011010
CF6RYW
PRELIMINARY LOCAL CLIMATOLOGICAL DATA (WS FORM: F-6)
STATION: LAGO VISTA
MONTH: SEPTEMBER
YEAR: 2023
LATITUDE: 30 30 N
LONGITUDE: 97 58 W
TEMPERATURE IN F: :PCPN: SNOW: WIND :SUNSHINE: SKY :PK WND
================================================================================
1 2 3 4 5 6A 6B 7 8 9 10 11 12 13 14 15 16 17 18
12Z AVG MX 2MIN
DY MAX MIN AVG DEP HDD CDD WTR SNW DPTH SPD SPD DIR MIN PSBL S-S WX SPD DR
================================================================================
1 98 77 88 M 0 23 0.00 M M 5.3 8 100 M M 0 M M
2 99 80 90 M 0 25 0.00 M M 5.3 8 110 M M 4 M M
3 100 77 89 M 0 24 0.00 M M 6.6 10 140 M M 0 18 140
4 100 76 88 M 0 23 0.00 M M 7.8 10 150 M M 2 18 200
5 101 78 90 M 0 25 0.00 M M 9.0 17 190 M M 4 24 170
6 101 78 90 M 0 25 0.00 M M 5.9 12 200 M M 1 18 200
7 104 79 92 M 0 27 0.00 M M 4.9 7 160 M M 0 M M
8 105 79 92 M 0 27 0.00 M M 7.0 13 160 M M 0 20 160
9 101 75 88 M 0 23 0.00 M M 5.4 12 210 M M 0 24 320
10 97 76 87 M 0 22 0.00 M M 8.4 14 80 M M 0 18 60
11 96 74 85 M 0 20 0.00 M M 5.9 10 170 M M 2 17 110
12 88 74 81 M 0 16 0.00 M M 6.9 12 290 M M 2 21 350
13 86 68 77 M 0 12 0.34 M M 6.4 10 50 M M 6 1 M M
14 91 69 80 M 0 15 0.53 M M 5.2 13 60 M M 7 13 18 60
15 85 71 78 M 0 13 0.01 M M 4.7 8 60 M M 5 1 M M
16 81 67 74 M 0 9 0.52 M M 4.6 10 20 M M 4 1 21 320
17 91 68 80 M 0 15 0.00 M M 5.4 9 10 M M 1 M M
18 93 69 81 M 0 16 0.00 M M 3.6 8 110 M M 2 M M
19 93 73 83 M 0 18 0.00 M M 7.7 10 180 M M 1 24 160
20 94 71 83 M 0 18 0.00 M M 7.7 13 190 M M 1 21 140
21 94 75 85 M 0 20 0.00 M M 6.0 9 150 M M 4 16 150
22 96 73 85 M 0 20 0.00 M M 7.1 12 140 M M 3 21 140
23 97 76 87 M 0 22 0.00 M M 8.1 14 180 M M 2 21 170
24 100 76 88 M 0 23 0.00 M M 8.5 14 120 M M 1 21 130
25 91 74 83 M 0 18 0.00 M M 4.3 12 260 M M 3 22 260
26 93 72 83 M 0 18 0.00 M M 4.4 8 70 M M 1 M M
27 92 72 82 M 0 17 0.00 M M 3.3 7 80 M M 2 M M
28 93 73 83 M 0 18 0.00 M M 4.3 7 160 M M 0 M M
29 92 73 83 M 0 18 0.00 M M 5.2 8 130 M M 1 16 130
30 93 71 82 M 0 17 0.00 M M 5.8 12 100 M M 2 17 80
================================================================================
SM 2845 2214 0 587 1.40 M 180.5 M 61
================================================================================
AV 94.8 73.8 6.0 FASTST M M 2 MAX(MPH)
MISC ----> 17 190 # 24 170
================================================================================
NOTES:
# LAST OF SEVERAL OCCURRENCES
COLUMN 17 PEAK WIND IN M.P.H.
PRELIMINARY LOCAL CLIMATOLOGICAL DATA (WS FORM: F-6) , PAGE 2
STATION: LAGO VISTA
MONTH: SEPTEMBER
YEAR: 2023
LATITUDE: 30 30 N
LONGITUDE: 97 58 W
[TEMPERATURE DATA] [PRECIPITATION DATA] SYMBOLS USED IN COLUMN 16
AVERAGE MONTHLY: 84.3 TOTAL FOR MONTH: 1.40 1 = FOG OR MIST
DPTR FM NORMAL: 0.0 DPTR FM NORMAL: M 2 = FOG REDUCING VISIBILITY
HIGHEST: 105 ON 8 GRTST 24HR 0.53 ON 14-14 TO 1/4 MILE OR LESS
LOWEST: 67 ON 16 3 = THUNDER
SNOW, ICE PELLETS, HAIL 4 = ICE PELLETS
TOTAL MONTH: M 5 = HAIL
GRTST 24HR M ON M 6 = FREEZING RAIN OR DRIZZLE
GRTST DEPTH: M ON M 7 = DUSTSTORM OR SANDSTORM:
VSBY 1/2 MILE OR LESS
8 = SMOKE OR HAZE
[NO. OF DAYS WITH] [WEATHER - DAYS WITH] 9 = BLOWING SNOW
X = TORNADO
MAX 32 OR BELOW: 0 0.01 INCH OR MORE: 4
MAX 90 OR ABOVE: 26 0.10 INCH OR MORE: 3
MIN 32 OR BELOW: 0 0.50 INCH OR MORE: 2
MIN 0 OR BELOW: 0 1.00 INCH OR MORE: 0
[HDD (BASE 65) ]
TOTAL THIS MO. 0 CLEAR (SCALE 0-3) 21
DPTR FM NORMAL M PTCLDY (SCALE 4-7) 9
TOTAL FM JUL 1 0 CLOUDY (SCALE 8-10) 0
DPTR FM NORMAL M
[CDD (BASE 65) ]
TOTAL THIS MO. 587
DPTR FM NORMAL M [PRESSURE DATA]
TOTAL FM JAN 1 3181 HIGHEST SLP M ON M
DPTR FM NORMAL M LOWEST SLP M ON M
[REMARKS]
#FINAL-09-23#