715
CXUS56 KSTO 131751
CF6SAC
PRELIMINARY LOCAL CLIMATOLOGICAL DATA (WS FORM: F-6)
STATION: SACRAMENTO EXEC. AIRPORT CA
MONTH: NOVEMBER
YEAR: 2020
LATITUDE: 38 31 N
LONGITUDE: 121 30 W
TEMPERATURE IN F: :PCPN: SNOW: WIND :SUNSHINE: SKY :PK WND
================================================================================
1 2 3 4 5 6A 6B 7 8 9 10 11 12 13 14 15 16 17 18
12Z AVG MX 2MIN
DY MAX MIN AVG DEP HDD CDD WTR SNW DPTH SPD SPD DIR MIN PSBL S-S WX SPD DR
================================================================================
1 81 44 63 5 2 0 0.00 0.0 0 1.3 7 350 M M 0 8 10 340
2 83 44 64 6 1 0 0.00 0.0 0 0.7 7 110 M M 0 18 9 310
3 78 45 62 4 3 0 0.00 0.0 0 3.1 8 240 M M 0 8 11 210
4 80 43 62 5 3 0 0.00 0.0 0 1.6 9 310 M M 0 11 330
5 81 46 64 7 1 0 0.00 0.0 0 1.6 9 140 M M 0 12 140
6 66 45 56 -1 9 0 0.00 0.0 0 7.8 21 230 M M 1 8 27 220
7 63 45 54 -2 11 0 T 0.0 0 5.0 13 210 M M 3 17 210
8 59 40 50 -6 15 0 0.00 0.0 0 9.0 21 350 M M 2 26 330
9 58 32 45 -11 20 0 0.00 0.0 0 4.1 12 330 M M 0 17 330
10 62 31 47 -8 18 0 0.00 0.0 0 2.4 7 130 M M 0 14 210
11 59 38 49 -6 16 0 0.00 0.0 0 2.5 9 320 M M 5 18 14 330
12 64 32 48 -6 17 0 0.00 0.0 0 1.2 8 120 M M 0 18 12 300
13 59 47 53 -1 12 0 0.04 0.0 0 7.1 14 160 M M 7 18 21 130
14 62 41 52 -2 13 0 0.00 0.0 0 3.8 12 350 M M 5 128 16 320
15 70 37 54 1 11 0 0.00 0.0 0 1.4 8 320 M M 0 128 10 310
16 69 40 55 2 10 0 0.00 0.0 0 1.6 7 110 M M 0 18 9 130
17 64 46 55 2 10 0 0.29 0.0 0 6.0 18 220 M M 5 18 24 220
18 65 48 57 5 8 0 0.21 0.0 0 8.0 17 210 M M 6 1 24 210
19 63 42 53 1 12 0 0.00 0.0 0 4.8 16 330 M M 3 12 23 300
20 65 37 51 -1 14 0 0.00 0.0 0 3.2 12 350 M M 0 17 300
21 62 33 48 -3 17 0 0.00 0.0 0 1.6 9 340 M M 0 18 12 340
22 63 34 49 -2 16 0 0.00 0.0 0 0.8 7 280 M M 1 18 10 290
23 66 37 52 1 13 0 0.00 0.0 0 2.5 12 310 M M 0 1 18 280
24 64 36 50 0 15 0 0.00 0.0 0 1.9 7 180 M M 0 1 11 90
25 63 40 52 2 13 0 0.00 0.0 0 8.1 18 340 M M 0 1 24 310
26 64 43 54 4 11 0 0.00 0.0 0 13.8 25 340 M M 0 33 360
27 61 32 47 -3 18 0 0.00 0.0 0 1.8 9 150 M M 0 8 12 130
28 64 32 48 -1 17 0 0.00 0.0 0 2.6 12 10 M M 0 18 15 10
29 64 32 48 -1 17 0 0.00 0.0 0 0.3 6 320 M M 0 18 8 50
30 65 33 49 0 16 0 0.00 0.0 0 1.8 8 280 M M 0 18 11 280
================================================================================
SM 1987 1175 359 0 0.54 0.0 111.4 M 38
================================================================================
AV 66.2 39.2 3.7 FASTST M M 1 MAX(MPH)
MISC ----> # 25 340 # 33 360
================================================================================
NOTES:
# LAST OF SEVERAL OCCURRENCES
COLUMN 17 PEAK WIND IN M.P.H.
PRELIMINARY LOCAL CLIMATOLOGICAL DATA (WS FORM: F-6) , PAGE 2
STATION: SACRAMENTO EXEC. AIRPORT CA
MONTH: NOVEMBER
YEAR: 2020
LATITUDE: 38 31 N
LONGITUDE: 121 30 W
[TEMPERATURE DATA] [PRECIPITATION DATA] SYMBOLS USED IN COLUMN 16
AVERAGE MONTHLY: 52.7 TOTAL FOR MONTH: 0.54 1 = FOG OR MIST
DPTR FM NORMAL: -0.6 DPTR FM NORMAL: -1.54 2 = FOG REDUCING VISIBILITY
HIGHEST: 83 ON 2 GRTST 24HR 0.29 ON 17-17 TO 1/4 MILE OR LESS
LOWEST: 31 ON 10 3 = THUNDER
SNOW, ICE PELLETS, HAIL 4 = ICE PELLETS
TOTAL MONTH: 0.0 INCH 5 = HAIL
GRTST 24HR 0.0 6 = FREEZING RAIN OR DRIZZLE
GRTST DEPTH: 0 7 = DUSTSTORM OR SANDSTORM:
VSBY 1/2 MILE OR LESS
8 = SMOKE OR HAZE
[NO. OF DAYS WITH] [WEATHER - DAYS WITH] 9 = BLOWING SNOW
X = TORNADO
MAX 32 OR BELOW: 0 0.01 INCH OR MORE: 3
MAX 90 OR ABOVE: 0 0.10 INCH OR MORE: 2
MIN 32 OR BELOW: 6 0.50 INCH OR MORE: 0
MIN 0 OR BELOW: 0 1.00 INCH OR MORE: 0
[HDD (BASE 65) ]
TOTAL THIS MO. 359 CLEAR (SCALE 0-3) 24
DPTR FM NORMAL 7 PTCLDY (SCALE 4-7) 6
TOTAL FM JUL 1 395 CLOUDY (SCALE 8-10) 0
DPTR FM NORMAL -55
[CDD (BASE 65) ]
TOTAL THIS MO. 0
DPTR FM NORMAL -1 [PRESSURE DATA]
TOTAL FM JAN 1 1820 HIGHEST SLP 30.32 ON 30
DPTR FM NORMAL 642 LOWEST SLP 29.65 ON 6
[REMARKS]
#FINAL-11-20#