000
CXUS55 KTWC 010855
CF6SAD
PRELIMINARY LOCAL CLIMATOLOGICAL DATA (WS FORM: F-6)
STATION: SAFFORD AZ AIRPORT
MONTH: MAY
YEAR: 2023
LATITUDE: 32 50 N
LONGITUDE: 109 38 W
TEMPERATURE IN F: :PCPN: SNOW: WIND :SUNSHINE: SKY :PK WND
================================================================================
1 2 3 4 5 6A 6B 7 8 9 10 11 12 13 14 15 16 17 18
12Z AVG MX 2MIN
DY MAX MIN AVG DEP HDD CDD WTR SNW DPTH SPD SPD DIR MIN PSBL S-S WX SPD DR
================================================================================
1 91 59 75 6 0 10 0.00 M M 10.7 24 170 M M 0 33 170
2 88 56 72 3 0 7 0.00 M M 6.0 23 170 M M 0 30 180
3 86 55 71 2 0 6 0.00 M M 12.7 29 170 M M 0 39 180
4 86 55 71 1 0 6 0.00 M M 9.3 24 180 M M 0 35 180
5 83 48 66 -4 0 1 0.00 M M 8.0 26 300 M M 0 39 290
6 87 47 67 -3 0 2 0.00 M M 6.6 18 300 M M 0 26 300
7 89 47 68 -2 0 3 0.00 M M 6.9 22 310 M M 0 28 310
8 92 49 71 0 0 6 0.00 M M 6.4 18 300 M M M 25 300
9 92 50 71 0 0 6 0.00 M M 6.9 21 300 M M M 26 280
10 82 55 69 -3 0 4 0.00 M M 13.6 36 300 M M M 49 310
11 85 42 64 -8 1 0 0.00 M M 7.2 17 310 M M 0 22 310
12 91 49 70 -2 0 5 0.00 M M 6.0 17 300 M M 0 22 300
13 94 54 74 2 0 9 T M M 8.4 30 110 M M 0 43 120
14 91 61 76 3 0 11 0.00 M M 12.2 23 60 M M 1 3 35 60
15 91 65 78 5 0 13 0.01 M M 11.4 29 60 M M 1 3 43 90
16 93 63 78 4 0 13 0.66 M M 9.4 35 50 M M 2 13 49 50
17 85 58 72 -2 0 7 0.86 M M 6.1 46 290 M M 1 13 60 300
18 86 62 74 0 0 9 T M M 8.8 22 320 M M 1 30 320
19 88 60 74 0 0 9 T M M 6.2 31 160 M M 1 39 160
20 91 59 75 0 0 10 0.00 M M 7.1 25 130 M M 0 33 130
21 93 64 79 4 0 14 0.00 M M 8.1 15 150 M M 0 23 140
22 95 58 77 1 0 12 0.00 M M 6.3 18 260 M M 0 30 270
23 96 60 78 2 0 13 0.00 M M 6.8 23 190 M M 0 33 200
24 94 57 76 0 0 11 0.00 M M 6.8 20 290 M M 0 26 190
25 96 58 77 0 0 12 0.00 M M 8.2 21 170 M M 0 8 29 160
26 95 59 77 0 0 12 0.00 M M 8.7 22 270 M M 0 30 260
27 96 57 77 -1 0 12 0.00 M M 8.3 26 280 M M 0 38 290
28 95 55 75 -3 0 10 0.00 M M 5.8 18 300 M M 0 27 320
29 95 58 77 -1 0 12 0.00 M M 7.2 16 300 M M 0 23 330
30 95 65 80 2 0 15 0.00 M M 9.2 21 180 M M 0 30 160
31 93 63 78 -1 0 13 0.00 M M 12.1 25 270 M M 0 36 280
================================================================================
SM 2814 1748 1 273 1.53 M 257.4 M 7
================================================================================
AV 90.8 56.4 8.3 FASTST M M 0 MAX(MPH)
MISC ----> 46 290 60 300
================================================================================
NOTES:
# LAST OF SEVERAL OCCURRENCES
COLUMN 17 PEAK WIND IN M.P.H.
PRELIMINARY LOCAL CLIMATOLOGICAL DATA (WS FORM: F-6) , PAGE 2
STATION: SAFFORD AZ AIRPORT
MONTH: MAY
YEAR: 2023
LATITUDE: 32 50 N
LONGITUDE: 109 38 W
[TEMPERATURE DATA] [PRECIPITATION DATA] SYMBOLS USED IN COLUMN 16
AVERAGE MONTHLY: 73.6 TOTAL FOR MONTH: 1.53 1 = FOG OR MIST
DPTR FM NORMAL: 0.0 DPTR FM NORMAL: 1.36 2 = FOG REDUCING VISIBILITY
HIGHEST: 96 ON 27,25 GRTST 24HR 1.08 ON 16-17 TO 1/4 MILE OR LESS
LOWEST: 42 ON 11 3 = THUNDER
SNOW, ICE PELLETS, HAIL 4 = ICE PELLETS
TOTAL MONTH: M 5 = HAIL
GRTST 24HR M ON M 6 = FREEZING RAIN OR DRIZZLE
GRTST DEPTH: M ON M 7 = DUSTSTORM OR SANDSTORM:
VSBY 1/2 MILE OR LESS
8 = SMOKE OR HAZE
[NO. OF DAYS WITH] [WEATHER - DAYS WITH] 9 = BLOWING SNOW
X = TORNADO
MAX 32 OR BELOW: 0 0.01 INCH OR MORE: 3
MAX 90 OR ABOVE: 20 0.10 INCH OR MORE: 2
MIN 32 OR BELOW: 0 0.50 INCH OR MORE: 2
MIN 0 OR BELOW: 0 1.00 INCH OR MORE: 0
[HDD (BASE 65) ]
TOTAL THIS MO. 1 CLEAR (SCALE 0-3) 28
DPTR FM NORMAL -9 PTCLDY (SCALE 4-7) 0
TOTAL FM JUL 1 2453 CLOUDY (SCALE 8-10) 3
DPTR FM NORMAL 282
[CDD (BASE 65) ]
TOTAL THIS MO. 273
DPTR FM NORMAL -3 [PRESSURE DATA]
TOTAL FM JAN 1 359 HIGHEST SLP M ON M
DPTR FM NORMAL 3 LOWEST SLP 29.53 ON 31
[REMARKS]
#FINAL-05-23#