000
CXUS55 KTWC 010855
CF6SAD
PRELIMINARY LOCAL CLIMATOLOGICAL DATA (WS FORM: F-6)
STATION: SAFFORD AZ AIRPORT
MONTH: FEBRUARY
YEAR: 2021
LATITUDE: 32 50 N
LONGITUDE: 109 38 W
TEMPERATURE IN F: :PCPN: SNOW: WIND :SUNSHINE: SKY :PK WND
================================================================================
1 2 3 4 5 6A 6B 7 8 9 10 11 12 13 14 15 16 17 18
12Z AVG MX 2MIN
DY MAX MIN AVG DEP HDD CDD WTR SNW DPTH SPD SPD DIR MIN PSBL S-S WX SPD DR
================================================================================
1 63 43 53 4 12 0 0.00 M M 8.2 15 130 M M 0 20 120
2 71 45 58 9 7 0 0.00 M M 5.0 13 150 M M 0 16 150
3 76 48 62 13 3 0 0.00 M M 6.5 22 290 M M 2 30 290
4 71 48 60 11 5 0 0.00 M M 14.8 28 300 M M 0 38 290
5 67 35 51 2 14 0 0.00 M M 11.1 24 310 M M 0 33 310
6 67 33 50 1 15 0 0.00 M M 4.9 13 300 M M 0 15 300
7 70 30 50 0 15 0 0.00 M M 5.4 16 300 M M 0 22 300
8 71 33 52 2 13 0 0.00 M M 4.5 13 280 M M 0 17 270
9 72 32 52 2 13 0 0.00 M M 5.1 13 300 M M 0 17 300
10 70 39 55 5 10 0 0.00 M M 4.3 12 280 M M 0 15 290
11 71 36 54 4 11 0 0.00 M M 4.9 12 320 M M 0 15 320
12 72 39 56 6 9 0 T M M 7.2 22 310 M M 4 32 320
13 69 35 52 1 13 0 0.00 M M 9.4 33 300 M M 2 43 310
14 57 31 44 -7 21 0 0.25 M M 13.7 39 310 M M 6 1 52 300
15 50 27 39 -12 26 0 0.00 M M 7.4 16 120 M M 0 21 120
16 59 32 46 -5 19 0 0.05 M M 9.6 30 290 M M 5 1 42 300
17 60 32 46 -5 19 0 0.00 M M 10.1 31 290 M M 2 38 290
18 57 28 43 -9 22 0 0.00 M M 5.2 14 310 M M 0 17 290
19 64 30 47 -5 18 0 0.00 M M 6.4 15 120 M M M 19 110
20 75 36 56 4 9 0 0.00 M M 12.9 38 290 M M M 50 290
21 63 37 50 -2 15 0 0.00 M M 10.4 26 280 M M M 38 270
22 70 29 50 -2 15 0 0.00 M M 3.7 10 150 M M M 14 170
23 74 31 53 0 12 0 0.00 M M 6.1 17 310 M M M 24 310
24 75 34 55 2 10 0 0.00 M M 7.0 21 320 M M M 27 310
25 71 34 53 0 12 0 0.00 M M 8.7 33 300 M M M 51 290
26 68 28 48 -5 17 0 0.00 M M 2.4 9 290 M M M 17 270
27 71 29 50 -3 15 0 0.00 M M 7.2 25 310 M M M 35 310
28 57 39 48 -6 17 0 0.00 0.0 0 15.4 33 300 M M M 49 330
================================================================================
SM 1881 973 387 0 0.30 0.0 217.5 M 21
================================================================================
AV 67.2 34.8 7.8 FASTST M M 1 MAX(MPH)
MISC ----> 39 310 52 300
================================================================================
NOTES:
# LAST OF SEVERAL OCCURRENCES
COLUMN 17 PEAK WIND IN M.P.H.
PRELIMINARY LOCAL CLIMATOLOGICAL DATA (WS FORM: F-6) , PAGE 2
STATION: SAFFORD AZ AIRPORT
MONTH: FEBRUARY
YEAR: 2021
LATITUDE: 32 50 N
LONGITUDE: 109 38 W
[TEMPERATURE DATA] [PRECIPITATION DATA] SYMBOLS USED IN COLUMN 16
AVERAGE MONTHLY: 51.0 TOTAL FOR MONTH: 0.30 1 = FOG OR MIST
DPTR FM NORMAL: 0.1 DPTR FM NORMAL: -0.56 2 = FOG REDUCING VISIBILITY
HIGHEST: 76 ON 3 GRTST 24HR 0.25 ON 14-14 TO 1/4 MILE OR LESS
LOWEST: 27 ON 15 3 = THUNDER
SNOW, ICE PELLETS, HAIL 4 = ICE PELLETS
TOTAL MONTH: 0.0 INCH 5 = HAIL
GRTST 24HR 0.0 6 = FREEZING RAIN OR DRIZZLE
GRTST DEPTH: 0 7 = DUSTSTORM OR SANDSTORM:
VSBY 1/2 MILE OR LESS
8 = SMOKE OR HAZE
[NO. OF DAYS WITH] [WEATHER - DAYS WITH] 9 = BLOWING SNOW
X = TORNADO
MAX 32 OR BELOW: 0 0.01 INCH OR MORE: 2
MAX 90 OR ABOVE: 0 0.10 INCH OR MORE: 1
MIN 32 OR BELOW: 12 0.50 INCH OR MORE: 0
MIN 0 OR BELOW: 0 1.00 INCH OR MORE: 0
[HDD (BASE 65) ]
TOTAL THIS MO. 387 CLEAR (SCALE 0-3) 15
DPTR FM NORMAL -7 PTCLDY (SCALE 4-7) 3
TOTAL FM JUL 1 1787 CLOUDY (SCALE 8-10) 10
DPTR FM NORMAL -113
[CDD (BASE 65) ]
TOTAL THIS MO. 0
DPTR FM NORMAL 0 [PRESSURE DATA]
TOTAL FM JAN 1 0 HIGHEST SLP M ON M
DPTR FM NORMAL 0 LOWEST SLP 29.46 ON 13
[REMARKS]
#FINAL-02-21#