000
CXUS56 KSGX 011045
CF6SAN
PRELIMINARY LOCAL CLIMATOLOGICAL DATA (WS FORM: F-6)
STATION: SAN DIEGO INTL AIRPORT CA
MONTH: JULY
YEAR: 2021
LATITUDE: 32 43 N
LONGITUDE: 117 10 W
TEMPERATURE IN F: :PCPN: SNOW: WIND :SUNSHINE: SKY :PK WND
================================================================================
1 2 3 4 5 6A 6B 7 8 9 10 11 12 13 14 15 16 17 18
12Z AVG MX 2MIN
DY MAX MIN AVG DEP HDD CDD WTR SNW DPTH SPD SPD DIR MIN PSBL S-S WX SPD DR
================================================================================
1 75 66 71 2 0 6 0.00 M M 6.7 16 280 M M 6 21 290
2 75 67 71 2 0 6 0.00 M M 5.4 12 250 M M 8 26 230
3 74 67 71 1 0 6 0.00 M M 5.4 14 270 M M 8 8 20 270
4 74 67 71 1 0 6 0.00 M M 7.0 15 290 M M 7 8 22 280
5 75 67 71 1 0 6 0.00 M M 7.3 16 280 M M 6 20 280
6 74 66 70 0 0 5 0.00 M M 5.7 14 270 M M 6 20 280
7 74 66 70 0 0 5 0.00 M M 5.0 12 210 M M 7 23 210
8 76 67 72 2 0 7 0.00 M M 4.7 10 200 M M 5 21 210
9 78 68 73 3 0 8 0.00 M M 4.4 9 280 M M 2 19 220
10 81 69 75 5 0 10 0.00 M M 5.8 12 210 M M 3 22 210
11 75 69 72 2 0 7 0.00 M M 5.7 13 210 M M 7 24 220
12 76 69 73 3 0 8 0.00 M M 5.1 12 230 M M 8 24 220
13 78 69 74 3 0 9 0.00 M M 5.1 12 250 M M 4 23 200
14 77 70 74 3 0 9 0.00 M M 5.3 12 200 M M 4 23 210
15 78 70 74 3 0 9 0.00 M M 5.8 12 270 M M 6 19 250
16 79 70 75 4 0 10 0.00 M M 5.6 15 280 M M 5 19 270
17 79 70 75 4 0 10 0.00 M M 5.9 14 270 M M 7 22 230
18 82 72 77 6 0 12 T M M 5.3 14 280 M M 5 21 220
19 82 71 77 6 0 12 0.00 M M 5.7 14 280 M M 2 18 290
20 84 71 78 7 0 13 0.00 M M 6.5 15 280 M M 5 19 290
21 81 70 76 5 0 11 0.00 M M 5.4 13 270 M M 5 20 240
22 78 70 74 3 0 9 0.00 M M 6.9 13 230 M M 7 25 190
23 79 69 74 3 0 9 0.00 M M 5.7 12 270 M M 8 18 21 210
24 77 70 74 3 0 9 T M M 5.5 13 270 M M 9 20 220
25 77 70 74 3 0 9 T M M 5.2 12 190 M M 9 22 200
26 75 70 73 1 0 8 T M M 6.0 12 290 M M 10 18 18 210
27 77 70 74 2 0 9 T M M 7.3 16 290 M M 7 18 22 290
28 79 69 74 2 0 9 0.00 M M 7.0 16 290 M M 4 21 290
29 78 68 73 1 0 8 0.00 M M 7.0 15 280 M M 5 19 280
30 77 67 72 0 0 7 0.00 M M 7.2 17 290 M M 7 21 300
31 77 65 71 -1 0 6 0.00 M M 8.0 16 280 M M 5 18 22 290
================================================================================
SM 2401 2129 0 258 T M 184.6 M 187
================================================================================
AV 77.5 68.7 6.0 FASTST M M 6 MAX(MPH)
MISC ----> 17 290 26 230
================================================================================
NOTES:
# LAST OF SEVERAL OCCURRENCES
COLUMN 17 PEAK WIND IN M.P.H.
PRELIMINARY LOCAL CLIMATOLOGICAL DATA (WS FORM: F-6) , PAGE 2
STATION: SAN DIEGO INTL AIRPORT CA
MONTH: JULY
YEAR: 2021
LATITUDE: 32 43 N
LONGITUDE: 117 10 W
[TEMPERATURE DATA] [PRECIPITATION DATA] SYMBOLS USED IN COLUMN 16
AVERAGE MONTHLY: 73.1 TOTAL FOR MONTH: T 1 = FOG OR MIST
DPTR FM NORMAL: 2.4 DPTR FM NORMAL: -0.08 2 = FOG REDUCING VISIBILITY
HIGHEST: 84 ON 20 GRTST 24HR T ON 18-18 TO 1/4 MILE OR LESS
LOWEST: 65 ON 31 3 = THUNDER
SNOW, ICE PELLETS, HAIL 4 = ICE PELLETS
TOTAL MONTH: M 5 = HAIL
GRTST 24HR M ON M 6 = FREEZING RAIN OR DRIZZLE
GRTST DEPTH: M ON M 7 = DUSTSTORM OR SANDSTORM:
VSBY 1/2 MILE OR LESS
8 = SMOKE OR HAZE
[NO. OF DAYS WITH] [WEATHER - DAYS WITH] 9 = BLOWING SNOW
X = TORNADO
MAX 32 OR BELOW: 0 0.01 INCH OR MORE: 0
MAX 90 OR ABOVE: 0 0.10 INCH OR MORE: 0
MIN 32 OR BELOW: 0 0.50 INCH OR MORE: 0
MIN 0 OR BELOW: 0 1.00 INCH OR MORE: 0
[HDD (BASE 65) ]
TOTAL THIS MO. 0 CLEAR (SCALE 0-3) 3
DPTR FM NORMAL -1 PTCLDY (SCALE 4-7) 24
TOTAL FM JUL 1 0 CLOUDY (SCALE 8-10) 4
DPTR FM NORMAL 0
[CDD (BASE 65) ]
TOTAL THIS MO. 258
DPTR FM NORMAL 81 [PRESSURE DATA]
TOTAL FM JAN 1 425 HIGHEST SLP 30.04 ON 31
DPTR FM NORMAL 95 LOWEST SLP 29.88 ON 29
[REMARKS]
#FINAL-07-21#