000
CXUS52 KCHS 020212
CF6SAV
PRELIMINARY LOCAL CLIMATOLOGICAL DATA (WS FORM: F-6)
STATION: SAVANNAH GA
MONTH: MARCH
YEAR: 2022
LATITUDE: 32 7 N
LONGITUDE: 81 12 W
TEMPERATURE IN F: :PCPN: SNOW: WIND :SUNSHINE: SKY :PK WND
================================================================================
1 2 3 4 5 6A 6B 7 8 9 10 11 12 13 14 15 16 17 18
12Z AVG MX 2MIN
DY MAX MIN AVG DEP HDD CDD WTR SNW DPTH SPD SPD DIR MIN PSBL S-S WX SPD DR
================================================================================
1 72 43 58 1 7 0 0.00 0.0 0 5.5 15 20 M M 4 19 20
2 79 41 60 3 5 0 0.00 0.0 0 3.2 10 290 M M 1 14 280
3 83 48 66 9 0 1 0.00 0.0 0 4.6 16 260 M M 1 20 260
4 71 46 59 1 6 0 0.00 0.0 0 9.0 17 80 M M 4 21 80
5 79 57 68 10 0 3 0.00 0.0 0 7.1 18 160 M M 7 18 23 160
6 82 55 69 11 0 4 0.00 0.0 0 9.9 23 160 M M 2 1 29 160
7 86 63 75 17 0 10 0.00 0.0 0 10.8 22 180 M M 4 26 180
8 80 63 72 14 0 7 0.16 0.0 0 6.8 17 160 M M 6 12 21 160
9 79 65 72 13 0 7 0.03 0.0 0 9.4 22 250 M M 10 13 32 240
10 72 60 66 7 0 1 0.16 0.0 0 6.1 16 150 M M 9 1 19 160
11 65 54 60 1 5 0 T 0.0 0 7.2 15 110 M M 10 1 17 110
12 70 32 51 -8 14 0 0.03 0.0 0 19.1 40 280 M M 6 1 52 290
13 55 28 42 -17 23 0 0.00 0.0 0 6.0 15 110 M M 0 18 120
14 67 32 50 -10 15 0 0.00 0.0 0 6.5 15 120 M M 3 20 90
15 74 47 61 1 4 0 0.01 0.0 0 9.7 22 100 M M 6 26 100
16 77 58 68 8 0 3 0.06 0.0 0 7.5 24 130 M M 8 123 33 130
17 77 54 66 6 0 1 0.00 0.0 0 6.6 16 310 M M 5 12 20 280
18 81 53 67 7 0 2 0.36 0.0 0 8.3 29 300 M M 6 12 39 300
19 84 59 72 11 0 7 0.21 0.0 0 11.2 31 170 M M 7 13 38 160
20 72 48 60 -1 5 0 0.00 0.0 0 9.8 21 300 M M 1 28 280
21 72 41 57 -4 8 0 0.00 0.0 0 6.9 15 120 M M 1 19 110
22 76 50 63 2 2 0 0.00 0.0 0 8.2 21 130 M M 5 1 26 150
23 76 65 71 10 0 6 0.16 0.0 0 14.8 30 180 M M 8 1 39 160
24 69 56 63 1 2 0 0.51 0.0 0 7.3 17 200 M M 10 13 23 250
25 75 50 63 1 2 0 T 0.0 0 11.2 25 260 M M 3 34 220
26 71 45 58 -4 7 0 0.00 0.0 0 12.4 33 260 M M 0 40 270
27 73 41 57 -5 8 0 0.00 0.0 0 11.5 28 300 M M 0 39 270
28 76 45 61 -1 4 0 0.00 0.0 0 8.3 21 280 M M 2 26 250
29 69 47 58 -5 7 0 0.00 0.0 0 8.5 17 110 M M 2 23 110
30 81 58 70 7 0 5 0.00 0.0 0 16.2 31 160 M M 5 1 39 160
31 79 68 74 11 0 9 0.43 0.0 0 15.7 33 180 M M 6 1 45 180
================================================================================
SM 2322 1572 124 66 2.12 0.0 285.3 M 142
================================================================================
AV 74.9 50.7 9.2 FASTST M M 5 MAX(MPH)
MISC ----> 40 280 52 290
================================================================================
NOTES:
# LAST OF SEVERAL OCCURRENCES
COLUMN 17 PEAK WIND IN M.P.H.
PRELIMINARY LOCAL CLIMATOLOGICAL DATA (WS FORM: F-6) , PAGE 2
STATION: SAVANNAH GA
MONTH: MARCH
YEAR: 2022
LATITUDE: 32 7 N
LONGITUDE: 81 12 W
[TEMPERATURE DATA] [PRECIPITATION DATA] SYMBOLS USED IN COLUMN 16
AVERAGE MONTHLY: 62.8 TOTAL FOR MONTH: 2.12 1 = FOG OR MIST
DPTR FM NORMAL: 2.8 DPTR FM NORMAL: -1.38 2 = FOG REDUCING VISIBILITY
HIGHEST: 86 ON 7 GRTST 24HR 0.51 ON 24-24 TO 1/4 MILE OR LESS
LOWEST: 28 ON 13 3 = THUNDER
SNOW, ICE PELLETS, HAIL 4 = ICE PELLETS
TOTAL MONTH: 0.0 INCH 5 = HAIL
GRTST 24HR 0.0 6 = FREEZING RAIN OR DRIZZLE
GRTST DEPTH: 0 7 = DUSTSTORM OR SANDSTORM:
VSBY 1/2 MILE OR LESS
8 = SMOKE OR HAZE
[NO. OF DAYS WITH] [WEATHER - DAYS WITH] 9 = BLOWING SNOW
X = TORNADO
MAX 32 OR BELOW: 0 0.01 INCH OR MORE: 11
MAX 90 OR ABOVE: 0 0.10 INCH OR MORE: 7
MIN 32 OR BELOW: 3 0.50 INCH OR MORE: 1
MIN 0 OR BELOW: 0 1.00 INCH OR MORE: 0
[HDD (BASE 65) ]
TOTAL THIS MO. 124 CLEAR (SCALE 0-3) 12
DPTR FM NORMAL -72 PTCLDY (SCALE 4-7) 14
TOTAL FM JUL 1 1385 CLOUDY (SCALE 8-10) 5
DPTR FM NORMAL -221
[CDD (BASE 65) ]
TOTAL THIS MO. 66
DPTR FM NORMAL 25 [PRESSURE DATA]
TOTAL FM JAN 1 119 HIGHEST SLP 30.49 ON 14
DPTR FM NORMAL 59 LOWEST SLP 29.49 ON 12
[REMARKS]
#FINAL-03-22#