000
CXUS52 KCHS 010949
CLMSAV
CLIMATE REPORT
NATIONAL WEATHER SERVICE CHARLESTON SC
435 AM EST FRI DEC 01 2023
...................................
...THE SAVANNAH GA CLIMATE SUMMARY FOR THE MONTH OF NOVEMBER 2023...
CLIMATE NORMAL PERIOD 1991 TO 2020
CLIMATE RECORD PERIOD 1871 TO 2023
WEATHER OBSERVED NORMAL DEPART LAST YEAR`S
VALUE DATE(S) VALUE FROM VALUE DATE(S)
NORMAL
................................................................
TEMPERATURE (F)
RECORD
HIGH 89 11/01/1961
LOW 15 11/25/1970
HIGHEST 84 11/10 MM MM 84 11/07
LOWEST 29 11/29 MM MM 32 11/18
AVG. MAXIMUM 69.9 70.2 -0.3 71.5
AVG. MINIMUM 48.5 48.0 0.5 52.2
MEAN 59.2 59.1 0.1 61.8
DAYS MAX >= 90 0 0.0 0.0 0
DAYS MAX <= 32 0 0.0 0.0 0
DAYS MIN <= 32 2 1.4 0.6 1
DAYS MIN <= 0 0 0.0 0.0 0
PRECIPITATION (INCHES)
RECORD
MAXIMUM 6.28 1898
MINIMUM 0.01 1922
TOTALS 1.05 2.39 -1.34 1.93
DAYS >= .01 9 6.8 2.2 11
DAYS >= .10 4 4.1 -0.1 4
DAYS >= .50 0 1.7 -1.7 1
DAYS >= 1.00 0 0.7 -0.7 1
GREATEST
24 HR. TOTAL 0.49 11/20 TO 11/21
SNOWFALL (INCHES)
TOTALS 0.0 0.0 0.0
SINCE 7/1 0.0 0.0 0.0
DEGREE DAYS
HEATING TOTAL 193 213 -20 147
SINCE 7/1 217 261 -44
COOLING TOTAL 27 36 -9 61
SINCE 1/1 2719 2584 135
................................................................
WIND (MPH)
AVERAGE WIND SPEED 7.0
HIGHEST WIND SPEED/DIRECTION 25/290
HIGHEST GUST SPEED/DIRECTION 35/290
WEATHER CONDITIONS. NUMBER OF DAYS WITH
THUNDERSTORM 0 MIXED PRECIP 0
HEAVY RAIN 1 RAIN 2
LIGHT RAIN 9 FREEZING RAIN 0
LT FREEZING RAIN 0 HAIL 0
HEAVY SNOW 0 SNOW 0
LIGHT SNOW 0 SLEET 0
FOG 11 FOG W/VIS <= 1/4 MILE 0
HAZE 0
- INDICATES NEGATIVE NUMBERS.
R INDICATES RECORD WAS SET OR TIED.
MM INDICATES DATA IS MISSING.
T INDICATES TRACE AMOUNT.
&&
RECORDS ESTABLISHED AT THE SAVANNAH INTERNATIONAL AIRPORT DURING THE
MONTH:
*NOV 10 - RECORD HIGH TEMPERATURE OF 84 DEGREES
$$