000
CXUS56 KLOX 020714
CF6SBA
PRELIMINARY LOCAL CLIMATOLOGICAL DATA (WS FORM: F-6)
STATION: SANTA BARBARA AIRPORT CA
MONTH: FEBRUARY
YEAR: 2020
LATITUDE: 34 25 N
LONGITUDE: 119 50 W
TEMPERATURE IN F: :PCPN: SNOW: WIND :SUNSHINE: SKY :PK WND
================================================================================
1 2 3 4 5 6A 6B 7 8 9 10 11 12 13 14 15 16 17 18
12Z AVG MX 2MIN
DY MAX MIN AVG DEP HDD CDD WTR SNW DPTH SPD SPD DIR MIN PSBL S-S WX SPD DR
================================================================================
1 76 43 60 7 5 0 0.00 0.0 0 2.8 12 250 M M 0 1 14 250
2 70 47 59 6 6 0 0.00 0.0 0 7.4 24 280 M M 5 12 37 280
3 62 41 52 -1 13 0 0.00 M 0 11.5 23 350 M M 0 30 350
4 58 32 45 -8 20 0 0.00 0.0 0 4.0 17 30 M M 0 20 30
5 60 33 47 -6 18 0 0.00 0.0 0 2.9 10 240 M M 0 13 250
6 61 38 50 -3 15 0 0.00 0.0 0 3.1 10 250 M M 0 13 160
7 62 38 50 -3 15 0 0.00 0.0 0 2.6 10 190 M M 0 13 190
8 60 42 51 -2 14 0 0.00 0.0 0 2.9 9 160 M M 7 128 11 160
9 63 45 54 1 11 0 T M 0 6.5 17 10 M M 4 1 21 10
10 75 42 59 6 6 0 0.00 M 0 10.1 23 20 M M 0 27 20
11 66 40 53 0 12 0 0.00 0.0 0 4.8 14 250 M M 0 8 17 250
12 62 38 50 -4 15 0 0.00 0.0 0 4.6 15 130 M M 0 18 130
13 62 43 53 -1 12 0 0.00 0.0 0 3.5 12 250 M M 2 1 14 240
14 63 41 52 -2 13 0 0.00 0.0 0 2.7 10 230 M M 1 14 250
15 63 42 53 -1 12 0 0.00 0.0 0 3.4 9 230 M M 0 1 13 230
16 65 43 54 0 11 0 0.00 0.0 0 3.8 13 210 M M 0 1 15 210
17 68 41 55 1 10 0 0.00 0.0 0 2.5 10 260 M M 1 18 15 250
18 64 47 56 2 9 0 0.00 0.0 0 4.9 15 260 M M 5 128 18 250
19 64 43 54 0 11 0 0.00 0.0 0 4.2 10 150 M M 4 128 14 150
20 71 42 57 3 8 0 0.00 0.0 0 3.5 16 220 M M 0 1 21 220
21 70 46 58 4 7 0 T M 0 5.1 14 100 M M 4 17 120
22 64 48 56 2 9 0 0.03 M 0 6.4 17 250 M M 7 21 260
23 64 43 54 0 11 0 0.00 0.0 0 4.1 12 200 M M 0 17 200
24 72 42 57 3 8 0 0.00 0.0 0 3.9 21 10 M M 0 23 10
25 80 43 62 8 3 0 0.00 0.0 0 3.5 13 260 M M 0 15 270
26 74 42 58 4 7 0 0.00 0.0 0 3.2 14 250 M M 0 16 250
27 76 43 60 5 5 0 0.00 0.0 0 3.0 12 260 M M 2 15 240
28 81 47 64 9 1 0 0.00 0.0 0 3.5 13 260 M M 0 8 16 260
29 67 48 58 3 7 0 0.00 0.0 0 4.6 14 220 M M 1 16 250
================================================================================
SM 1943 1223 294 0 0.03 0.0 129.0 M 43
================================================================================
AV 67.0 42.2 4.4 FASTST M M 1 MAX(MPH)
MISC ----> # 24 280 # 37 280
================================================================================
NOTES:
# LAST OF SEVERAL OCCURRENCES
COLUMN 17 PEAK WIND IN M.P.H.
PRELIMINARY LOCAL CLIMATOLOGICAL DATA (WS FORM: F-6) , PAGE 2
STATION: SANTA BARBARA AIRPORT CA
MONTH: FEBRUARY
YEAR: 2020
LATITUDE: 34 25 N
LONGITUDE: 119 50 W
[TEMPERATURE DATA] [PRECIPITATION DATA] SYMBOLS USED IN COLUMN 16
AVERAGE MONTHLY: 54.6 TOTAL FOR MONTH: 0.03 1 = FOG OR MIST
DPTR FM NORMAL: 0.9 DPTR FM NORMAL: -3.93 2 = FOG REDUCING VISIBILITY
HIGHEST: 81 ON 28 GRTST 24HR 0.03 ON 22-22 TO 1/4 MILE OR LESS
LOWEST: 32 ON 4 3 = THUNDER
SNOW, ICE PELLETS, HAIL 4 = ICE PELLETS
TOTAL MONTH: 0.0 INCH 5 = HAIL
GRTST 24HR 0.0 6 = FREEZING RAIN OR DRIZZLE
GRTST DEPTH: 0 7 = DUSTSTORM OR SANDSTORM:
VSBY 1/2 MILE OR LESS
8 = SMOKE OR HAZE
[NO. OF DAYS WITH] [WEATHER - DAYS WITH] 9 = BLOWING SNOW
X = TORNADO
MAX 32 OR BELOW: 0 0.01 INCH OR MORE: 1
MAX 90 OR ABOVE: 0 0.10 INCH OR MORE: 0
MIN 32 OR BELOW: 1 0.50 INCH OR MORE: 0
MIN 0 OR BELOW: 0 1.00 INCH OR MORE: 0
[HDD (BASE 65) ]
TOTAL THIS MO. 294 CLEAR (SCALE 0-3) 22
DPTR FM NORMAL -23 PTCLDY (SCALE 4-7) 7
TOTAL FM JUL 1 1368 CLOUDY (SCALE 8-10) 0
DPTR FM NORMAL -243
[CDD (BASE 65) ]
TOTAL THIS MO. 0
DPTR FM NORMAL 0 [PRESSURE DATA]
TOTAL FM JAN 1 0 HIGHEST SLP 30.31 ON 26
DPTR FM NORMAL 0 LOWEST SLP 29.75 ON 9
[REMARKS]
#FINAL-02-20#