000
CXUS51 KAKQ 170710
CF6SBY
PRELIMINARY LOCAL CLIMATOLOGICAL DATA (WS FORM: F-6)
STATION: SALISBURY MD
MONTH: APRIL
YEAR: 2024
LATITUDE: 38 20 N
LONGITUDE: 75 30 W
TEMPERATURE IN F: :PCPN: SNOW: WIND :SUNSHINE: SKY :PK WND
================================================================================
1 2 3 4 5 6A 6B 7 8 9 10 11 12 13 14 15 16 17 18
12Z AVG MX 2MIN
DY MAX MIN AVG DEP HDD CDD WTR SNW DPTH SPD SPD DIR MIN PSBL S-S WX SPD DR
================================================================================
1 55 47 51 1 14 0 0.07 0.0 0 7.9 16 10 M M 9 1 20 20
2 53 47 50 0 15 0 0.14 0.0 0 8.6 20 100 M M 10 1 28 110
3 65 46 56 5 9 0 0.32 0.0 0 8.6 28 300 M M 10 123 43 320
4 57 38 48 -3 17 0 T 0.0 0 8.1 28 260 M M 5 39 280
5 56 38 47 -5 18 0 T 0.0 0 10.4 22 250 M M 4 31 250
6 55 38 47 -5 18 0 0.00 0.0 0 11.6 25 320 M M 6 37 340
7 61 38 50 -2 15 0 0.00 0.0 0 7.2 20 330 M M 5 28 320
8 68 34 51 -2 14 0 0.00 0.0 0 5.1 14 200 M M 1 18 220
9 76 45 61 8 4 0 0.00 0.0 0 4.1 14 100 M M 1 18 90
10 75 56 66 13 0 1 0.00 0.0 0 8.8 20 250 M M 4 8 28 230
11 71 58 65 11 0 0 0.26 0.0 0 13.0 32 170 M M 6 13 53 170
12 69 55 62 8 3 0 0.16 0.0 0 15.2 32 170 M M 7 138 53 160
13 66 47 57 3 8 0 0.00 0.0 0 14.3 29 260 M M 1 42 270
14 73 37 55 0 10 0 0.00 0.0 0 12.5 28 190 M M 0 39 200
15 86 54 70 15 0 5 0.09 0.0 0 7.1 26 140 M M 1 44 150
16 74 49 62 7 3 0 T 0.0 0 7.3 21 20 M M 2 8 31 10
================================================================================
SM 1060 727 148 6 1.04 0.0 149.8 M 72
================================================================================
AV 66.3 45.4 9.4 FASTST M M 5 MAX(MPH)
MISC ----> # 32 170 # 53 170
================================================================================
NOTES:
# LAST OF SEVERAL OCCURRENCES
COLUMN 17 PEAK WIND IN M.P.H.
PRELIMINARY LOCAL CLIMATOLOGICAL DATA (WS FORM: F-6) , PAGE 2
STATION: SALISBURY MD
MONTH: APRIL
YEAR: 2024
LATITUDE: 38 20 N
LONGITUDE: 75 30 W
[TEMPERATURE DATA] [PRECIPITATION DATA] SYMBOLS USED IN COLUMN 16
AVERAGE MONTHLY: 55.8 TOTAL FOR MONTH: 1.04 1 = FOG OR MIST
DPTR FM NORMAL: 3.1 DPTR FM NORMAL: -0.82 2 = FOG REDUCING VISIBILITY
HIGHEST: 86 ON 15 GRTST 24HR 0.41 ON 11-12 TO 1/4 MILE OR LESS
LOWEST: 34 ON 8 3 = THUNDER
SNOW, ICE PELLETS, HAIL 4 = ICE PELLETS
TOTAL MONTH: 0.0 INCH 5 = HAIL
GRTST 24HR 0.0 6 = FREEZING RAIN OR DRIZZLE
GRTST DEPTH: 0 7 = DUSTSTORM OR SANDSTORM:
VSBY 1/2 MILE OR LESS
8 = SMOKE OR HAZE
[NO. OF DAYS WITH] [WEATHER - DAYS WITH] 9 = BLOWING SNOW
X = TORNADO
MAX 32 OR BELOW: 0 0.01 INCH OR MORE: 6
MAX 90 OR ABOVE: 0 0.10 INCH OR MORE: 4
MIN 32 OR BELOW: 0 0.50 INCH OR MORE: 0
MIN 0 OR BELOW: 0 1.00 INCH OR MORE: 0
[HDD (BASE 65) ]
TOTAL THIS MO. 148 CLEAR (SCALE 0-3) 6
DPTR FM NORMAL -54 PTCLDY (SCALE 4-7) 7
TOTAL FM JUL 1 3355 CLOUDY (SCALE 8-10) 3
DPTR FM NORMAL -600
[CDD (BASE 65) ]
TOTAL THIS MO. 6
DPTR FM NORMAL 0 [PRESSURE DATA]
TOTAL FM JAN 1 6 HIGHEST SLP M ON M
DPTR FM NORMAL -2 LOWEST SLP 29.24 ON 3
[REMARKS]