000
CXUS56 KSTO 250210
CF6SCK
PRELIMINARY LOCAL CLIMATOLOGICAL DATA (WS FORM: F-6)
STATION: STOCKTON AIRPORT CA
MONTH: DECEMBER
YEAR: 2022
LATITUDE: 37 54 N
LONGITUDE: 121 15 W
TEMPERATURE IN F: :PCPN: SNOW: WIND :SUNSHINE: SKY :PK WND
================================================================================
1 2 3 4 5 6A 6B 7 8 9 10 11 12 13 14 15 16 17 18
12Z AVG MX 2MIN
DY MAX MIN AVG DEP HDD CDD WTR SNW DPTH SPD SPD DIR MIN PSBL S-S WX SPD DR
================================================================================
1 52 37 45 -5 20 0 0.68 M M 9.5 21 150 M M 7 1 26 150
2 52 30 41 -9 24 0 0.00 M M 2.6 9 270 M M 2 12 12 260
3 56 41 49 0 16 0 0.72 M M 7.3 15 170 M M 10 1 20 170
4 62 43 53 4 12 0 0.01 M M 4.6 12 150 M M 4 128 14 140
5 62 45 54 5 11 0 0.00 M M 3.7 13 230 M M 3 17 190
6 57 40 49 0 16 0 0.01 M M 4.5 12 260 M M 5 1 13 260
7 60 34 47 -2 18 0 0.00 M M 1.4 7 100 M M 0 1 9 100
8 56 36 46 -2 19 0 0.03 M M 8.7 17 140 M M 5 128 21 140
9 58 47 53 5 12 0 T M M 4.9 14 140 M M 7 18 16 140
10 55 50 53 5 12 0 1.54 M M 15.4 31 150 M M 10 1 39 150
11 55 46 51 3 14 0 0.23 M M 11.2 23 240 M M 8 1 29 240
12 56 38 47 -1 18 0 0.01 M M 7.7 15 290 M M 4 1 19 350
13 53 32 43 -5 22 0 0.00 M M 2.9 13 300 M M 0 12 16 300
14 54 31 43 -5 22 0 0.00 M M 1.8 8 280 M M 0 1 10 280
15 56 32 44 -4 21 0 0.00 M M 4.4 8 90 M M 1 12 10 290
16 52 30 41 -6 24 0 0.00 M M 2.3 7 240 M M 4 128 13 260
17 53 31 42 -5 23 0 0.00 M M 0.8 7 270 M M 6 128 13 250
18 44 31 38 -9 27 0 0.00 M M 4.1 10 140 M M 10 128 13 180
19 43 37 40 -7 25 0 0.00 M M 5.2 13 170 M M 10 18 14 160
20 52 38 45 -2 20 0 0.00 M M 3.0 9 300 M M 3 18 11 300
21 45 37 41 -6 24 0 0.00 M M 5.0 10 200 M M 8 128 21 200
22 46 41 44 -3 21 0 T M M 4.4 9 70 M M 7 18 12 100
23 53 36 45 -2 20 0 0.00 M M 1.8 9 300 M M 4 128 12 300
24 56 34 45 -2 20 0 0.00 M M 3.0 9 150 M M 6 128 11 150
25 45 42 44 -3 21 0 0.00 M M 5.8 12 120 M M 10 12 13 120
26 50 42 46 -1 19 0 0.20 M M 7.1 26 170 M M 10 128 33 170
27 53 43 48 1 17 0 1.13 M M 15.5 30 150 M M 7 1 41 140
28 57 35 46 -1 19 0 0.00 M M 2.4 9 150 M M 1 12 11 150
29 52 48 50 3 15 0 0.57 M M 13.0 22 140 M M 10 1 27 140
30 60 51 56 9 9 0 0.52 M M 16.5 25 150 M M 10 1 30 150
31 60 49 55 8 10 0 2.85 M M 15.2 39 350 M M 10 1 54 360
================================================================================
SM 1665 1207 571 0 8.50 M 195.7 M 182
================================================================================
AV 53.7 38.9 6.3 FASTST M M 6 MAX(MPH)
MISC ----> 39 350 54 360
================================================================================
NOTES:
# LAST OF SEVERAL OCCURRENCES
COLUMN 17 PEAK WIND IN M.P.H.
PRELIMINARY LOCAL CLIMATOLOGICAL DATA (WS FORM: F-6) , PAGE 2
STATION: STOCKTON AIRPORT CA
MONTH: DECEMBER
YEAR: 2022
LATITUDE: 37 54 N
LONGITUDE: 121 15 W
[TEMPERATURE DATA] [PRECIPITATION DATA] SYMBOLS USED IN COLUMN 16
AVERAGE MONTHLY: 46.3 TOTAL FOR MONTH: 8.50 1 = FOG OR MIST
DPTR FM NORMAL: -1.4 DPTR FM NORMAL: 6.09 2 = FOG REDUCING VISIBILITY
HIGHEST: 62 ON 5, 4 GRTST 24HR 3.01 ON 30-31 TO 1/4 MILE OR LESS
LOWEST: 30 ON 16, 2 3 = THUNDER
SNOW, ICE PELLETS, HAIL 4 = ICE PELLETS
TOTAL MONTH: M 5 = HAIL
GRTST 24HR M ON M 6 = FREEZING RAIN OR DRIZZLE
GRTST DEPTH: M ON M 7 = DUSTSTORM OR SANDSTORM:
VSBY 1/2 MILE OR LESS
8 = SMOKE OR HAZE
[NO. OF DAYS WITH] [WEATHER - DAYS WITH] 9 = BLOWING SNOW
X = TORNADO
MAX 32 OR BELOW: 0 0.01 INCH OR MORE: 13
MAX 90 OR ABOVE: 0 0.10 INCH OR MORE: 9
MIN 32 OR BELOW: 7 0.50 INCH OR MORE: 7
MIN 0 OR BELOW: 0 1.00 INCH OR MORE: 3
[HDD (BASE 65) ]
TOTAL THIS MO. 571 CLEAR (SCALE 0-3) 7
DPTR FM NORMAL 36 PTCLDY (SCALE 4-7) 14
TOTAL FM JUL 1 1049 CLOUDY (SCALE 8-10) 10
DPTR FM NORMAL 136
[CDD (BASE 65) ]
TOTAL THIS MO. 0
DPTR FM NORMAL 0 [PRESSURE DATA]
TOTAL FM JAN 1 1935 HIGHEST SLP 30.47 ON 24
DPTR FM NORMAL 369 LOWEST SLP 29.55 ON 31
[REMARKS]
#FINAL-12-22#