000
CXUS56 KLOX 021853
CF6SDB
PRELIMINARY LOCAL CLIMATOLOGICAL DATA (WS FORM: F-6)
STATION: SANDBERG CA
MONTH: SEPTEMBER
YEAR: 2023
LATITUDE: 34 45 N
LONGITUDE: 118 44 W
TEMPERATURE IN F: :PCPN: SNOW: WIND :SUNSHINE: SKY :PK WND
================================================================================
1 2 3 4 5 6A 6B 7 8 9 10 11 12 13 14 15 16 17 18
12Z AVG MX 2MIN
DY MAX MIN AVG DEP HDD CDD WTR SNW DPTH SPD SPD DIR MIN PSBL S-S WX SPD DR
================================================================================
1 74 57 66 -10 0 1 0.01 M M 21.2 31 200 M M 4 12 46 190
2 63 59 61 -15 4 0 0.30 M M 15.8 25 170 M M 10 2 39 190
3 65 55 60 -15 5 0 0.03 M M 13.4 24 320 M M 9 12 35 330
4 74 51 63 -12 2 0 0.00 M M 12.7 31 320 M M 3 1 43 320
5 76 56 66 -9 0 1 0.00 M M 9.0 17 180 M M 0 12 25 140
6 75 56 66 -9 0 1 0.00 M M 8.9 16 180 M M 0 26 150
7 80 61 71 -3 0 6 0.00 M M 11.0 22 160 M M 0 33 190
8 83 67 75 1 0 10 T M M 13.2 23 170 M M 0 33 170
9 87 69 78 4 0 13 0.00 M M 9.4 22 310 M M 0 29 330
10 84 68 76 2 0 11 T M M 8.0 22 320 M M 4 27 310
11 83 66 75 1 0 10 0.00 M M 8.9 22 330 M M 0 27 330
12 78 63 71 -2 0 6 0.00 M M 10.8 21 320 M M 0 29 320
13 78 62 70 -3 0 5 0.00 M M 13.2 22 310 M M 0 30 310
14 82 63 73 0 0 8 0.00 M M 9.7 20 100 M M 0 28 60
15 84 67 76 4 0 11 0.00 M M 9.6 18 100 M M 0 27 60
16 85 63 74 2 0 9 0.00 M M 9.4 14 80 M M 0 23 60
17 75 59 67 -5 0 2 0.00 M M 8.9 15 170 M M 0 23 180
18 69 51 60 -12 5 0 0.00 M M 11.5 17 170 M M 0 128 29 170
19 74 54 64 -7 1 0 0.00 M M 11.2 23 320 M M 0 1 30 320
20 68 53 61 -10 4 0 0.00 M M 11.5 20 320 M M 2 12 29 210
21 62 50 56 -14 9 0 0.00 M M 16.7 28 170 M M 8 12 43 170
22 70 48 59 -11 6 0 0.00 M M 9.7 21 170 M M 1 128 27 170
23 72 56 64 -6 1 0 0.00 M M 10.4 18 170 M M 2 26 170
24 76 56 66 -3 0 1 0.00 M M 11.1 17 170 M M 0 27 170
25 78 58 68 -1 0 3 0.00 M M 9.7 26 330 M M 0 33 330
26 70 54 62 -7 3 0 0.00 M M 19.8 30 330 M M 0 37 320
27 73 55 64 -4 1 0 0.00 M M 23.3 35 320 M M 0 45 320
28 76 55 66 -2 0 1 0.00 M M 11.1 22 330 M M 0 29 340
29 66 49 58 -10 7 0 0.00 M M 11.4 21 310 M M 2 12 28 310
30 57 45 51 -16 14 0 0.00 M M 12.8 22 170 M M 10 12 32 170
================================================================================
SM 2237 1726 62 99 0.34 M 363.3 M 55
================================================================================
AV 74.6 57.5 12.1 FASTST M M 2 MAX(MPH)
MISC ----> 35 320 46 190
================================================================================
NOTES:
# LAST OF SEVERAL OCCURRENCES
COLUMN 17 PEAK WIND IN M.P.H.
PRELIMINARY LOCAL CLIMATOLOGICAL DATA (WS FORM: F-6) , PAGE 2
STATION: SANDBERG CA
MONTH: SEPTEMBER
YEAR: 2023
LATITUDE: 34 45 N
LONGITUDE: 118 44 W
[TEMPERATURE DATA] [PRECIPITATION DATA] SYMBOLS USED IN COLUMN 16
AVERAGE MONTHLY: 66.1 TOTAL FOR MONTH: 0.34 1 = FOG OR MIST
DPTR FM NORMAL: -5.9 DPTR FM NORMAL: 0.21 2 = FOG REDUCING VISIBILITY
HIGHEST: 87 ON 9 GRTST 24HR 0.30 ON 2- 2 TO 1/4 MILE OR LESS
LOWEST: 45 ON 30 3 = THUNDER
SNOW, ICE PELLETS, HAIL 4 = ICE PELLETS
TOTAL MONTH: M 5 = HAIL
GRTST 24HR M ON M 6 = FREEZING RAIN OR DRIZZLE
GRTST DEPTH: M ON M 7 = DUSTSTORM OR SANDSTORM:
VSBY 1/2 MILE OR LESS
8 = SMOKE OR HAZE
[NO. OF DAYS WITH] [WEATHER - DAYS WITH] 9 = BLOWING SNOW
X = TORNADO
MAX 32 OR BELOW: 0 0.01 INCH OR MORE: 3
MAX 90 OR ABOVE: 0 0.10 INCH OR MORE: 1
MIN 32 OR BELOW: 0 0.50 INCH OR MORE: 0
MIN 0 OR BELOW: 0 1.00 INCH OR MORE: 0
[HDD (BASE 65) ]
TOTAL THIS MO. 62 CLEAR (SCALE 0-3) 24
DPTR FM NORMAL 26 PTCLDY (SCALE 4-7) 3
TOTAL FM JUL 1 70 CLOUDY (SCALE 8-10) 3
DPTR FM NORMAL 29
[CDD (BASE 65) ]
TOTAL THIS MO. 99
DPTR FM NORMAL -146 [PRESSURE DATA]
TOTAL FM JAN 1 1047 HIGHEST SLP M ON M
DPTR FM NORMAL -163 LOWEST SLP 29.80 ON 20
[REMARKS]
#FINAL-09-23#